000
CXUS55 KPUB 020250
CLMALS

CLIMATE REPORT
NATIONAL WEATHER SERVICE
750 PM MST MON FEB 01 2021

...................................

...THE ALAMOSA CO CLIMATE SUMMARY FOR THE MONTH OF JANUARY 2021...

CLIMATE NORMAL PERIOD 1981 TO 2010
CLIMATE RECORD PERIOD 1932 TO 2021

WEATHER         OBSERVED          NORMAL  DEPART   LAST YEAR`S
                VALUE   DATE(S)   VALUE   FROM     VALUE DATE(S)
                                          NORMAL
................................................................
TEMPERATURE (F)
RECORD
 HIGH             63   01/31/2018
 LOW             -50   01/28/1948
HIGHEST           48   01/15         36      12       45  01/26
LOWEST           -14   01/27         -5      -9      -22  01/01
AVG. MAXIMUM    36.6               34.3     2.3     33.3
AVG. MINIMUM     0.9               -1.7     2.6     -2.8
MEAN            18.8               16.3     2.5     15.2
DAYS MAX >= 90     0                0.0     0.0
DAYS MAX <= 32     8               12.4    -4.4
DAYS MIN <= 32    31               31.0     0.0
DAYS MIN <= 0     16               16.8    -0.8

PRECIPITATION (INCHES)
RECORD
 MAXIMUM        1.36   2017
 MINIMUM           T   1981
TOTALS          0.23               0.26   -0.03     0.14
DAILY AVG.      0.01               0.01    0.00
DAYS >= .01        5                3.5     1.5
DAYS >= .10        0                0.9    -0.9
DAYS >= .50        0                0.0     0.0
DAYS >= 1.00       0                0.0     0.0
GREATEST
 24 HR. TOTAL   0.08   01/24 TO 01/24
                       01/26 TO 01/26

SNOWFALL (INCHES)
RECORDS
 TOTAL          21.9   2017
TOTALS           3.8                4.0    -0.2      2.3
SINCE 7/1       35.3               14.3    21.0       MM
SNOWDEPTH AVG.     0
DAYS >= 1.0        1                1.4    -0.4
GREATEST
 SNOW DEPTH        2   01/26                           3
 24 HR TOTAL     2.0   01/26 TO 01/26                1.2

DEGREE DAYS
HEATING TOTAL   1423               1510     -87     1535
 SINCE 7/1      4769               5143    -374       MM
COOLING TOTAL      0                  0       0        0
 SINCE 1/1         0                  0       0       MM
................................................................

WIND (MPH)
AVERAGE WIND SPEED              4.8
HIGHEST WIND SPEED/DIRECTION    33/330    DATE  01/14
HIGHEST GUST SPEED/DIRECTION    46/340    DATE  01/14

SKY COVER
POSSIBLE SUNSHINE (PERCENT)   MM
AVERAGE SKY COVER           0.21
NUMBER OF DAYS FAIR           23
NUMBER OF DAYS PC              6
NUMBER OF DAYS CLOUDY          2

AVERAGE RH (PERCENT)     64

WEATHER CONDITIONS. NUMBER OF DAYS WITH
THUNDERSTORM              0     MIXED PRECIP               0
HEAVY RAIN                0     RAIN                       0
LIGHT RAIN                0     FREEZING RAIN              0
LT FREEZING RAIN          0     HAIL                       0
HEAVY SNOW                0     SNOW                       2
LIGHT SNOW                7     SLEET                      0
FOG                      10     FOG W/VIS <= 1/4 MILE      5
HAZE                      2

-  INDICATES NEGATIVE NUMBERS.
R  INDICATES RECORD WAS SET OR TIED.
MM INDICATES DATA IS MISSING.
T  INDICATES TRACE AMOUNT.

$$
