000
CXUS55 KPUB 012310
CLMALS

CLIMATE REPORT
NATIONAL WEATHER SERVICE
510 PM MDT TUE JUN 01 2021

...................................

...THE ALAMOSA CO CLIMATE SUMMARY FOR THE MONTH OF MAY 2021...

CLIMATE NORMAL PERIOD 1991 TO 2020
CLIMATE RECORD PERIOD 1932 TO 2021

WEATHER         OBSERVED          NORMAL  DEPART   LAST YEAR`S
                VALUE   DATE(S)   VALUE   FROM     VALUE DATE(S)
                                          NORMAL
................................................................
TEMPERATURE (F)
RECORD
 HIGH             90   05/31/2002
 LOW              11   05/03/2011
                       05/01/1967
                       01/01/2000
HIGHEST           79   05/29         74       5       84  05/29
                       05/30
LOWEST            21   05/06         27      -6       27  05/21
AVG. MAXIMUM    71.2               69.8     1.4     75.7
AVG. MINIMUM    33.1               33.6    -0.5     36.3
MEAN            52.1               51.7     0.4     56.0
DAYS MAX >= 90     0                0.0     0.0
DAYS MAX <= 32     0                0.0     0.0
DAYS MIN <= 32    17               13.1     3.9
DAYS MIN <= 0      0                0.0     0.0

PRECIPITATION (INCHES)
RECORD
 MAXIMUM        2.97   1935
 MINIMUM        0.00   1942
TOTALS          1.79               0.60    1.19     0.23
DAILY AVG.      0.06               0.02    0.04
DAYS >= .01        7                5.6     1.4
DAYS >= .10        3                1.9     1.1
DAYS >= .50        2                0.3     1.7
DAYS >= 1.00       0                0.0     0.0
GREATEST
 24 HR. TOTAL   1.03   05/17 TO 05/18

SNOWFALL (INCHES)
RECORDS
 TOTAL          13.5   1978
TOTALS           1.0                 MM      MM      0.0
SINCE 7/1       48.5                 MM      MM       MM
SNOWDEPTH AVG.     T
DAYS >= 1.0        1                 MM      MM
GREATEST
 SNOW DEPTH        1   05/18                           0
 24 HR TOTAL     1.0   05/18 TO 05/18                0.0

DEGREE DAYS
HEATING TOTAL    392                412     -20      219
 SINCE 7/1      7877               8180    -303       MM
COOLING TOTAL      0                  0       0        1
 SINCE 1/1         0                  0       0       MM
................................................................

WIND (MPH)
AVERAGE WIND SPEED              9.5
HIGHEST WIND SPEED/DIRECTION    40/220    DATE  05/07
                                40/100          05/30
HIGHEST GUST SPEED/DIRECTION    56/090    DATE  05/30

SKY COVER
POSSIBLE SUNSHINE (PERCENT)   MM
AVERAGE SKY COVER           0.21
NUMBER OF DAYS FAIR           25
NUMBER OF DAYS PC              5
NUMBER OF DAYS CLOUDY          1

AVERAGE RH (PERCENT)     49

WEATHER CONDITIONS. NUMBER OF DAYS WITH
THUNDERSTORM              6     MIXED PRECIP               0
HEAVY RAIN                2     RAIN                       3
LIGHT RAIN               11     FREEZING RAIN              0
LT FREEZING RAIN          0     HAIL                       0
HEAVY SNOW                0     SNOW                       1
LIGHT SNOW                2     SLEET                      0
FOG                       7     FOG W/VIS <= 1/4 MILE      1
HAZE                      7

-  INDICATES NEGATIVE NUMBERS.
R  INDICATES RECORD WAS SET OR TIED.
MM INDICATES DATA IS MISSING.
T  INDICATES TRACE AMOUNT.

$$
