000
CXUS55 KPUB 011928
CLMALS

CLIMATE REPORT
NATIONAL WEATHER SERVICE
128 PM MDT SAT AUG 01 2020

...................................

...THE ALAMOSA CO CLIMATE SUMMARY FOR THE MONTH OF JULY 2020...

CLIMATE NORMAL PERIOD: 1981 TO 2010
CLIMATE RECORD PERIOD: 1932 TO 2020

WEATHER         OBSERVED          NORMAL  DEPART   LAST YEAR`S
                VALUE   DATE(S)   VALUE   FROM     VALUE DATE(S)
                                          NORMAL
................................................................
TEMPERATURE (F)
RECORD
 HIGH             96   07/05/1989
 LOW              28   07/01/2020
HIGHEST           93   07/11         82      11       88  07/21
                                                          07/20
                                                          07/19
LOWEST            28R  07/01         44     -16       37  07/09
AVG. MAXIMUM    84.7               82.3     2.4     83.9
AVG. MINIMUM    46.5               46.9    -0.4     46.5
MEAN            65.6               64.6     1.0     65.2
DAYS MAX >= 90     4                1.2     2.8
DAYS MAX <= 32     0                0.0     0.0
DAYS MIN <= 32     1                0.0     1.0
DAYS MIN <= 0      0                0.0     0.0

PRECIPITATION (INCHES)
RECORD
 MAXIMUM        3.52   2017
 MINIMUM        0.02   1994
TOTALS          1.58               0.97    0.61     0.08
DAILY AVG.      0.05               0.03    0.02
DAYS >= .01       12                8.1     3.9
DAYS >= .10        6                2.8     3.2
DAYS >= .50        0                0.3    -0.3
DAYS >= 1.00       0                0.0     0.0
GREATEST
 24 HR. TOTAL   0.42   07/26 TO 07/27

SNOWFALL (INCHES)
RECORDS
 TOTAL           0.2   1952
TOTALS           0.0                0.0     0.0      0.0
SINCE 7/1        0.0                0.0     0.0       MM
SNOWDEPTH AVG.     0
DAYS >= 1.0        0                0.0     0.0
GREATEST
 SNOW DEPTH        0                                   0
 24 HR TOTAL      MM                                 0.0

DEGREE DAYS
HEATING TOTAL     19                 45     -26       27
 SINCE 7/1        19                 40     -21       27
COOLING TOTAL     47                 32      15       41
 SINCE 1/1        52                 38      14       50
................................................................

WIND (MPH)
AVERAGE WIND SPEED              6.8
HIGHEST WIND SPEED/DIRECTION    38/330    DATE  07/13
HIGHEST GUST SPEED/DIRECTION    54/330    DATE  07/13

SKY COVER
POSSIBLE SUNSHINE (PERCENT)   MM
AVERAGE SKY COVER           0.25
NUMBER OF DAYS FAIR           24
NUMBER OF DAYS PC              4
NUMBER OF DAYS CLOUDY          3

AVERAGE RH (PERCENT)     50

WEATHER CONDITIONS. NUMBER OF DAYS WITH
THUNDERSTORM             13     MIXED PRECIP               0
HEAVY RAIN                7     RAIN                       7
LIGHT RAIN               17     FREEZING RAIN              0
LT FREEZING RAIN          0     HAIL                       0
HEAVY SNOW                0     SNOW                       0
LIGHT SNOW                0     SLEET                      0
FOG                       8     FOG W/VIS <= 1/4 MILE      2
HAZE                      4

-  INDICATES NEGATIVE NUMBERS.
R  INDICATES RECORD WAS SET OR TIED.
MM INDICATES DATA IS MISSING.
T  INDICATES TRACE AMOUNT.

$$
