000
CXUS55 KPUB 071321
CLSALS

CLIMATE REPORT
NATIONAL WEATHER SERVICE PUEBLO
721 AM MDT THU JUN 7 2018

...................................

...THE ALAMOSA CO CLIMATE SUMMARY FOR THE SEASON, FROM
3/1/2018 TO 5/31/2018...

CLIMATE NORMAL PERIOD 1981 TO 2010
CLIMATE RECORD PERIOD 1932 TO 2018

WEATHER         OBSERVED          NORMAL  DEPART  LAST YEAR`S
                 VALUE   DATE(S)  VALUE   FROM    VALUE  DATE(S)
                                          NORMAL
................................................................
TEMPERATURE (F)
RECORD
 HIGH              90   05/31/2002
 LOW              -20   03/04/1964

HIGHEST            83   05/31                         76  05/24
                        05/25                             05/05
LOWEST             -1   03/06                          8  03/07

AVG. MAXIMUM     64.3              59.5     4.8     62.8
AVG. MINIMUM     24.8              24.9    -0.1     27.0
MEAN             44.5              42.2     2.3     44.9

DAYS MAX >= 90      0               0.0     0.0
DAYS MAX <= 32      0               0.7    -0.7
DAYS MIN <= 32     66              68.5    -2.5
DAYS MIN <= 0       1               0.9     0.1

PRECIPITATION (INCHES)
RECORD
 MAXIMUM         3.74   1942
 MINIMUM         0.19   1972

TOTALS           0.49              1.70   -1.21     2.60

DAILY AVG.       0.00              0.02   -0.02

DAYS >= .01         6              16.2   -10.2
DAYS >= .10         3               5.4    -2.4
DAYS >= .50         0               0.6    -0.6
DAYS >= 1.00        0               0.0     0.0

GREATEST
 24 HR. TOTAL    0.15   03/27 TO 03/27

SNOWFALL (INCHES)
RECORDS
 MAXIMUM         48.3   1973
 MINIMUM            T   1934

TOTALS            2.1               9.5    -7.4      6.6

SINCE 7/1         9.1              27.6   -18.5     42.1

SNOWDEPTH AVG.      0
DAYS >= 1.0         1               3.2    -2.2

GREATEST
 SNOW DEPTH         2   03/27                          3
 24 HR TOTAL      1.8   03/27 TO 03/27               2.9

DEGREE_DAYS
HEATING TOTAL    1859              2097    -238     1820
 SINCE 7/1       7134              8426   -1292     7609
COOLING TOTAL       0                 0       0        0
 SINCE 1/1          0                 0       0        0
.................................................................

WIND (MPH)
AVERAGE WIND SPEED              10.1
HIGHEST WIND SPEED/DIRECTION    53/230    DATE  04/17
HIGHEST GUST SPEED/DIRECTION    68/230    DATE  04/17

SKY COVER

AVERAGE SKY COVER           0.10
NUMBER OF DAYS FAIR           80
NUMBER OF DAYS PC             12
NUMBER OF DAYS CLOUDY          0

AVERAGE RH (PERCENT)     42

WEATHER CONDITIONS. NUMBER OF DAYS WITH

THUNDERSTORM          3   MIXED PRECIP           0
HEAVY RAIN            1   RAIN                   3
LIGHT RAIN           14   FREEZING RAIN          0
LT FREEZING RAIN      0   HAIL                   1
HEAVY SNOW            1   SNOW                   3
LIGHT SNOW            5   SLEET                  0
FOG                   8   FOG W/VIS <= 1/4 MILE  4
HAZE                  9

-  INDICATES NEGATIVE NUMBERS.
R  INDICATES RECORD WAS SET OR TIED.
MM INDICATES DATA IS MISSING.
T  INDICATES TRACE AMOUNT.

$$
