000
CXUS55 KPUB 030516
CLSALS

CLIMATE REPORT
NATIONAL WEATHER SERVICE
1016 PM MST MON MAR 02 2020

...................................

...THE ALAMOSA CO CLIMATE SUMMARY FOR THE SEASON, FROM
12/1/2019 TO 2/29/2020...

CLIMATE NORMAL PERIOD: 1981 TO 2010
CLIMATE RECORD PERIOD: 1932 TO 2020

WEATHER         OBSERVED          NORMAL  DEPART   LAST YEAR`S
                VALUE   DATE(S)   VALUE   FROM     VALUE DATE(S)
                                          NORMAL
................................................................
TEMPERATURE (F)
RECORD
 HIGH             66   02/25/1986
 LOW             -50   01/28/1948

HIGHEST           58   02/29                          49  02/28
                                                          12/18
                                                          12/12
LOWEST           -26   12/30                         -26  01/30
                       12/31
AVG. MAXIMUM    37.7               36.5     1.2     32.9
AVG. MINIMUM     3.3                3.5    -0.2     -0.1
MEAN            20.5               19.0     1.5     16.4

DAYS MAX >= 90     0                0.0     0.0
DAYS MAX <= 32    31               29.4     1.6
DAYS MIN <= 32    91               89.8     1.2
DAYS MIN <= 0     33               39.7    -6.7

PRECIPITATION (INCHES)
RECORD
 MAXIMUM        2.73   2017
 MINIMUM        0.08   1999

TOTALS          0.77               0.87   -0.10     1.86

DAILY AVG.      0.01               0.01    0.00
DAYS >= .01       11               11.9    -0.9
DAYS >= .10        2                3.0    -1.0
DAYS >= .50        0                0.0     0.0
DAYS >= 1.00       0                0.0     0.0

GREATEST
 24 HR. TOTAL   0.25   12/27 TO 12/28

SNOWFALL (INCHES)
RECORDS
 MAXIMUM        38.1   1965
 MINIMUM         1.6   1935

TOTALS          12.0               12.3    -0.3     28.8
SINCE 7/1       16.5               18.1    -1.6     37.0
SNOWDEPTH AVG.     0
DAYS >= 1.0        5                4.3     0.7

GREATEST
 SNOW DEPTH        4   12/15                           8
                       12/27
                       12/28
 24 HR TOTAL     3.9   12/15 TO 12/15                7.6

DEGREE DAYS
HEATING TOTAL   4046               4154    -108     4363
 SINCE 7/1      6156               6402    -246     6396
COOLING TOTAL      0                  0       0        0
 SINCE 1/1         0                  0       0        0
................................................................

WIND (MPH)
AVERAGE WIND SPEED              5.2
HIGHEST WIND SPEED/DIRECTION    39/340    DATE  02/24
HIGHEST GUST SPEED/DIRECTION    52/340    DATE  02/24

SKY COVER
POSSIBLE SUNSHINE (PERCENT)   MM
AVERAGE SKY COVER           0.22
NUMBER OF DAYS FAIR           63
NUMBER OF DAYS PC             22
NUMBER OF DAYS CLOUDY          6

AVERAGE RH (PERCENT)     59

WEATHER CONDITIONS. NUMBER OF DAYS WITH
THUNDERSTORM              0     MIXED PRECIP               0
HEAVY RAIN                0     RAIN                       1
LIGHT RAIN                3     FREEZING RAIN              0
LT FREEZING RAIN          1     HAIL                       0
HEAVY SNOW                1     SNOW                       4
LIGHT SNOW               16     SLEET                      0
FOG                      24     FOG W/VIS <= 1/4 MILE     11
HAZE                     26

-  INDICATES NEGATIVE NUMBERS.
R  INDICATES RECORD WAS SET OR TIED.
MM INDICATES DATA IS MISSING.
T  INDICATES TRACE AMOUNT.

$$
