000
CXUS55 KPUB 040420
CLSALS

CLIMATE REPORT
NATIONAL WEATHER SERVICE
920 PM MST THU DEC 03 2020

...................................

...THE ALAMOSA CO CLIMATE SUMMARY FOR THE SEASON, FROM
9/1/2020 TO 11/30/2020...

CLIMATE NORMAL PERIOD 1981 TO 2010
CLIMATE RECORD PERIOD 1932 TO 2020

WEATHER         OBSERVED          NORMAL  DEPART   LAST YEAR`S
                VALUE   DATE(S)   VALUE   FROM     VALUE DATE(S)
                                          NORMAL
................................................................
TEMPERATURE (F)
RECORD
 HIGH             89   09/05/2020
                       09/06/2020
 LOW             -30   11/27/1952

HIGHEST           89R  09/05                          88  09/03
                       09/06
LOWEST             1   10/27                          -4  10/31

AVG. MAXIMUM    64.8               60.6     4.2     62.7
AVG. MINIMUM    24.3               24.5    -0.2     22.0

MEAN            44.6               42.5     2.1     42.4

DAYS MAX >= 90     0                0.0     0.0
DAYS MAX <= 32     2                3.0    -1.0
DAYS MIN <= 32    70               63.0     7.0
DAYS MIN <= 0      0                3.3    -3.3

PRECIPITATION (INCHES)
RECORD
 MAXIMUM        5.14   2013
 MINIMUM        0.23   1955

TOTALS          2.89               2.01    0.88     1.25
DAILY AVG.      0.03               0.02    0.01

DAYS >= .01       11               15.4    -4.4
DAYS >= .10        5                6.3    -1.3
DAYS >= .50        3                0.7     2.3
DAYS >= 1.00       0                0.0     0.0

GREATEST
 24 HR. TOTAL   1.23   09/08 TO 09/09

SNOWFALL (INCHES)
RECORDS
 MAXIMUM        34.1   1972
 MINIMUM         T     2012

TOTALS          26.6                5.8    20.8      4.5
SINCE 7/1       26.6                5.8    20.8      4.5

SNOWDEPTH AVG.     1
DAYS >= 1.0        5                1.8     3.2

GREATEST
 SNOW DEPTH       14R  09/09                           2
 24 HR TOTAL    13.8R  09/08 TO 09/09                2.1

DEGREE DAYS
HEATING TOTAL   1837               2046    -209     2047
 SINCE 7/1      1874               2175    -301     2110
COOLING TOTAL      2                  0       2        6
 SINCE 1/1        93                 51      42       72
................................................................

WIND (MPH)
AVERAGE WIND SPEED              5.9
HIGHEST WIND SPEED/DIRECTION    47/230    DATE  11/08
HIGHEST GUST SPEED/DIRECTION    66/230    DATE  11/08

SKY COVER
POSSIBLE SUNSHINE (PERCENT)   MM
AVERAGE SKY COVER           0.09
NUMBER OF DAYS FAIR           77 *
NUMBER OF DAYS PC              7 *
NUMBER OF DAYS CLOUDY          1 *

AVERAGE RH (PERCENT)     52

WEATHER CONDITIONS. NUMBER OF DAYS WITH
THUNDERSTORM              2     MIXED PRECIP               0
HEAVY RAIN                1     RAIN                       4
LIGHT RAIN               11     FREEZING RAIN              1
LT FREEZING RAIN          1     HAIL                       0
HEAVY SNOW                2     SNOW                       5
LIGHT SNOW                9     SLEET                      0
FOG                      14     FOG W/VIS <= 1/4 MILE      6
HAZE                     20

-  INDICATES NEGATIVE NUMBERS.
R  INDICATES RECORD WAS SET OR TIED.
MM INDICATES DATA IS MISSING.
T  INDICATES TRACE AMOUNT.
*  DATA MISSING 9/5 THROUGH 9/10 DUE TO ASOS COMMS FAILURE

$$
