000
CDUS43 KLOT 060657
CLIARR

CLIMATE REPORT
NATIONAL WEATHER SERVICE CHICAGO IL
157 AM CDT THU MAY 06 2021

...................................

...THE AURORA MUNICIPAL AIRPORT CLIMATE SUMMARY FOR MAY 5 2021...

CLIMATE NORMAL PERIOD: 1991 TO 2020
CLIMATE RECORD PERIOD: 1998 TO 2021


WEATHER ITEM   OBSERVED TIME   RECORD YEAR NORMAL DEPARTURE LAST
                VALUE   (LST)  VALUE       VALUE  FROM      YEAR
                                                  NORMAL
...................................................................
TEMPERATURE (F)
 YESTERDAY
  MAXIMUM         63   3:45 PM  85    2000  68     -5       49
  MINIMUM         33   5:07 AM  32    2005  45    -12       39
  AVERAGE         48                        56     -8       44

PRECIPITATION (IN)
  YESTERDAY        0.00          0.68 2015   0.13  -0.13     0.42
  MONTH TO DATE    0.15                      0.67  -0.52     0.43
  SINCE MAR 1      2.15                      6.48  -4.33     7.12
  SINCE JAN 1      3.05                      9.19  -6.14     9.95

DEGREE DAYS
 HEATING
  YESTERDAY       17                        10      7       21
  MONTH TO DATE   39                        51    -12       62
  SINCE MAR 1   1198                      1386   -188     1375
  SINCE JUL 1   6208                      6258    -50     6120

 COOLING
  YESTERDAY        0                         1     -1        0
  MONTH TO DATE    6                         2      4        0
  SINCE MAR 1     15                         8      7        1
  SINCE JAN 1     15                         8      7        1
...................................................................


WIND (MPH)
  RESULTANT WIND SPEED   5   RESULTANT WIND DIRECTION   N (360)
  HIGHEST WIND SPEED    20   HIGHEST WIND DIRECTION     N (350)
  HIGHEST GUST SPEED    28   HIGHEST GUST DIRECTION    NW (330)
  AVERAGE WIND SPEED     8.6


SKY COVER
  POSSIBLE SUNSHINE  MM
  AVERAGE SKY COVER 0.3


WEATHER CONDITIONS
THE FOLLOWING WEATHER WAS RECORDED YESTERDAY.
  NO SIGNIFICANT WEATHER WAS OBSERVED.


RELATIVE HUMIDITY (PERCENT)
 HIGHEST    96           5:00 AM
 LOWEST     35           3:00 PM
 AVERAGE    66

..........................................................


THE AURORA MUNICIPAL AIRPORT CLIMATE NORMALS FOR TODAY
                         NORMAL    RECORD    YEAR
 MAXIMUM TEMPERATURE (F)   68        86      2000
                                             2004
 MINIMUM TEMPERATURE (F)   45        33      2006


SUNRISE AND SUNSET
MAY  6 2021...........SUNRISE   5:44 AM CDT   SUNSET   7:58 PM CDT
MAY  7 2021...........SUNRISE   5:42 AM CDT   SUNSET   7:59 PM CDT


-  INDICATES NEGATIVE NUMBERS.
R  INDICATES RECORD WAS SET OR TIED.
MM INDICATES DATA IS MISSING.
T  INDICATES TRACE AMOUNT.




$$
