000
CXUS53 KBIS 190830
CF6BIS
PRELIMINARY LOCAL CLIMATOLOGICAL DATA (WS FORM: F-6)

                                          STATION:   BISMARCK ND
                                          MONTH:     OCTOBER
                                          YEAR:      2020
                                          LATITUDE:   46 46 N
                                          LONGITUDE: 100 45 W

  TEMPERATURE IN F:       :PCPN:    SNOW:  WIND      :SUNSHINE: SKY     :PK WND
================================================================================
1   2   3   4   5  6A  6B    7    8   9   10  11  12  13   14  15   16   17  18
                                     12Z  AVG MX 2MIN
DY MAX MIN AVG DEP HDD CDD  WTR  SNW DPTH SPD SPD DIR MIN PSBL S-S WX    SPD DR
================================================================================

 1  54  36  45  -7  20   0 0.00  0.0    0  8.4 16 320   M    M   4        20 330
 2  56  36  46  -5  19   0    T  0.0    0  6.4 16 140   M    M   7        19 130
 3  60  39  50  -1  15   0 0.00  0.0    0  4.3 10  60   M    M   6        13  60
 4  73  32  53   3  12   0 0.00  0.0    0  9.5 23 190   M    M   0        32 220
 5  73  44  59   9   6   0 0.00  0.0    0 12.9 31 310   M    M   1 8      46 310
 6  78  43  61  12   4   0 0.00  0.0    0  7.6 21 330   M    M   3        29 340
 7  67  42  55   6  10   0 0.00  0.0    0  6.7 17 330   M    M   8        22 310
 8  76  37  57   8   8   0 0.00  0.0    0 12.4 31 160   M    M   0        41 160
 9  73  40  57   9   8   0 0.00  0.0    0  6.2 17 320   M    M   0        24 350
10  73  34  54   6  11   0 0.00  0.0    0 15.0 31 160   M    M   0        46 150
11  68  47  58  11   7   0    T  0.0    0 14.9 35 290   M    M   2        46 280
12  63  35  49   2  16   0 0.04  0.0    0  9.1 36 270   M    M   4        50 280
13  61  40  51   5  14   0    T  0.0    0 11.3 23 260   M    M   3        32 270
14  55  32  44  -2  21   0 0.08  0.0    0 15.5 33 330   M    M   5        49 330
15  49  31  40  -5  25   0    T    T    0 12.5 30 320   M    M   3        43 290
16  46  30  38  -7  27   0 0.01    T    0 11.1 24 290   M    M   5        36 310
17  38  27  33 -11  32   0 0.14    T    0 14.7 25 330   M    M   6 18     34 340
18  34  22  28 -16  37   0    T    T    0 10.1 20 280   M    M  10        27 280
================================================================================
SM 1097  647       292   0  0.27    T    188.6          M       67
================================================================================
AV 60.9 35.9                              10.5 FASTST   M    M   4    MAX(MPH)
                                 MISC ---->  # 36 270               # 50  280
================================================================================
NOTES:
# LAST OF SEVERAL OCCURRENCES

COLUMN 17 PEAK WIND IN M.P.H.

PRELIMINARY LOCAL CLIMATOLOGICAL DATA (WS FORM: F-6) , PAGE 2

                                          STATION:  BISMARCK ND
                                          MONTH:    OCTOBER
                                          YEAR:     2020
                                          LATITUDE:   46 46 N
                                          LONGITUDE: 100 45 W

[TEMPERATURE DATA]      [PRECIPITATION DATA]       SYMBOLS USED IN COLUMN 16

AVERAGE MONTHLY: 48.4   TOTAL FOR MONTH:   0.27    1 = FOG OR MIST
DPTR FM NORMAL:   0.6   DPTR FM NORMAL:   -0.50    2 = FOG REDUCING VISIBILITY
HIGHEST:    78 ON  6    GRTST 24HR  0.14 ON 17-17      TO 1/4 MILE OR LESS
LOWEST:     22 ON 18                               3 = THUNDER
                        SNOW, ICE PELLETS, HAIL    4 = ICE PELLETS
                        TOTAL MONTH:    T          5 = HAIL
                        GRTST 24HR    T  ON 18-18  6 = FREEZING RAIN OR DRIZZLE
                        GRTST DEPTH:   0           7 = DUSTSTORM OR SANDSTORM:
                                                       VSBY 1/2 MILE OR LESS
                                                   8 = SMOKE OR HAZE
[NO. OF DAYS WITH]      [WEATHER - DAYS WITH]      9 = BLOWING SNOW
                                                   X = TORNADO
MAX 32 OR BELOW:   0    0.01 INCH OR MORE:   4
MAX 90 OR ABOVE:   0    0.10 INCH OR MORE:   1
MIN 32 OR BELOW:   6    0.50 INCH OR MORE:   0
MIN  0 OR BELOW:   0    1.00 INCH OR MORE:   0

[HDD (BASE 65) ]
TOTAL THIS MO.   292    CLEAR  (SCALE 0-3)   8
DPTR FM NORMAL   -18    PTCLDY (SCALE 4-7)   9
TOTAL FM JUL 1   463    CLOUDY (SCALE 8-10)  1
DPTR FM NORMAL  -133

[CDD (BASE 65) ]
TOTAL THIS MO.     0
DPTR FM NORMAL     0    [PRESSURE DATA]
TOTAL FM JAN 1   793    HIGHEST SLP M ON M
DPTR FM NORMAL   274    LOWEST  SLP 29.29 ON 11

[REMARKS]
