000
CXUS53 KBIS 180803
CF6BIS
PRELIMINARY LOCAL CLIMATOLOGICAL DATA (WS FORM: F-6)

                                          STATION:   BISMARCK ND
                                          MONTH:     JUNE
                                          YEAR:      2018
                                          LATITUDE:   46 46 N
                                          LONGITUDE: 100 45 W

  TEMPERATURE IN F:       :PCPN:    SNOW:  WIND      :SUNSHINE: SKY     :PK WND
================================================================================
1   2   3   4   5  6A  6B    7    8   9   10  11  12  13   14  15   16   17  18
                                     12Z  AVG MX 2MIN
DY MAX MIN AVG DEP HDD CDD  WTR  SNW DPTH SPD SPD DIR MIN PSBL S-S WX    SPD DR
================================================================================

 1  83  60  72  12   0   7 0.38  0.0    0 17.6 41 110   M    M   3 13     56 120
 2  72  52  62   1   3   0 0.08  0.0    0 18.4 37 300   M    M   5        52 290
 3  80  48  64   3   1   0 0.00  0.0    0  7.8 20 280   M    M   1        25 270
 4  87  53  70   9   0   5 0.00  0.0    0  6.5 16  90   M    M   0        20  90
 5  89  60  75  13   0  10 0.14  0.0    0  9.8 28 360   M    M   1 13     40 350
 6  78  59  69   7   0   4 0.04  0.0    0  7.9 15  60   M    M   2 13     19  20
 7  79  54  67   5   0   2 0.02  0.0    0  9.4 21 130   M    M   3 8      28 100
 8  89  63  76  13   0  11 0.01  0.0    0  8.2 16 240   M    M   1        22 240
 9  93  62  78  15   0  13 0.00  0.0    0  7.9 23 160   M    M   1 8      28 160
10  93  62  78  15   0  13 0.53  0.0    0 19.0 36 280   M    M   1 138    48 270
11  77  56  67   4   0   2 0.60  0.0    0  6.9 23 290   M    M   5 13     32 220
12  74  52  63  -1   2   0 0.24  0.0    0 11.0 24 270   M    M   3 18     32 280
13  81  44  63  -1   2   0 0.00  0.0    0 10.3 25 160   M    M   1        29 160
14  90  53  72   8   0   7    T  0.0    0 14.8 39 210   M    M   0 8      53 210
15  81  64  73   8   0   8 0.03  0.0    0 12.0 26 320   M    M   3        35 290
16  68  59  64  -1   1   0 0.11  0.0    0 12.5 25 330   M    M   6 13     34 340
17  72  53  63  -2   2   0    T  0.0    0  9.4 17  30   M    M   7        21  20
================================================================================
SM 1386  954        11  82  2.18     0.0 189.4          M       43
================================================================================
AV 81.5 56.1                              11.1 FASTST   M    M   3    MAX(MPH)
                                 MISC ---->  # 41 110               # 56  120
================================================================================
NOTES:
# LAST OF SEVERAL OCCURRENCES

COLUMN 17 PEAK WIND IN M.P.H.

PRELIMINARY LOCAL CLIMATOLOGICAL DATA (WS FORM: F-6) , PAGE 2

                                          STATION:  BISMARCK ND
                                          MONTH:    JUNE
                                          YEAR:     2018
                                          LATITUDE:   46 46 N
                                          LONGITUDE: 100 45 W

[TEMPERATURE DATA]      [PRECIPITATION DATA]       SYMBOLS USED IN COLUMN 16

AVERAGE MONTHLY: 68.8   TOTAL FOR MONTH:   2.18    1 = FOG OR MIST
DPTR FM NORMAL:   6.0   DPTR FM NORMAL:    0.40    2 = FOG REDUCING VISIBILITY
HIGHEST:    93 ON 10, 9 GRTST 24HR  0.60 ON 11-11      TO 1/4 MILE OR LESS
LOWEST:     44 ON 13                               3 = THUNDER
                        SNOW, ICE PELLETS, HAIL    4 = ICE PELLETS
                        TOTAL MONTH:   0.0 INCH    5 = HAIL
                        GRTST 24HR     0.0         6 = FREEZING RAIN OR DRIZZLE
                        GRTST DEPTH:   0           7 = DUSTSTORM OR SANDSTORM:
                                                       VSBY 1/2 MILE OR LESS
                                                   8 = SMOKE OR HAZE
[NO. OF DAYS WITH]      [WEATHER - DAYS WITH]      9 = BLOWING SNOW
                                                   X = TORNADO
MAX 32 OR BELOW:   0    0.01 INCH OR MORE:  11
MAX 90 OR ABOVE:   3    0.10 INCH OR MORE:   6
MIN 32 OR BELOW:   0    0.50 INCH OR MORE:   2
MIN  0 OR BELOW:   0    1.00 INCH OR MORE:   0

[HDD (BASE 65) ]
TOTAL THIS MO.    11    CLEAR  (SCALE 0-3)  11
DPTR FM NORMAL   -59    PTCLDY (SCALE 4-7)   6
TOTAL FM JUL 1  8546    CLOUDY (SCALE 8-10)  0
DPTR FM NORMAL    11

[CDD (BASE 65) ]
TOTAL THIS MO.    82
DPTR FM NORMAL    49    [PRESSURE DATA]
TOTAL FM JAN 1   154    HIGHEST SLP M ON M
DPTR FM NORMAL   104    LOWEST  SLP 29.44 ON 14

[REMARKS]
