000
CDUS43 KBIS 200039
CLIBIS


CLIMATE REPORT
NATIONAL WEATHER SERVICE BISMARCK ND
738 PM CDT MON OCT 19 2020


...................................

...THE BISMARCK ND CLIMATE SUMMARY FOR OCTOBER 19 2020...
VALID TODAY AS OF 0500 PM LOCAL TIME.

CLIMATE NORMAL PERIOD 1981 TO 2010
CLIMATE RECORD PERIOD 1875 TO 2020


WEATHER ITEM   OBSERVED TIME   RECORD YEAR NORMAL DEPARTURE LAST
                VALUE   (LST)  VALUE       VALUE  FROM      YEAR
                                                  NORMAL
..................................................................
TEMPERATURE (F)
 TODAY
  MAXIMUM         35    149 PM  89    2003  56    -21       59
  MINIMUM         24    820 AM   5    1960  31     -7       33
  AVERAGE         30                        44    -14       46

PRECIPITATION (IN)
  TODAY            0.04          1.15 1908   0.04   0.00     0.00
  MONTH TO DATE    0.31                      0.81  -0.50     1.88
  SINCE SEP 1      0.81                      2.40  -1.59     7.62
  SINCE JAN 1      7.49                     16.21  -8.72    26.46

SNOWFALL (IN)
  TODAY            0.4           3.0  1932
  MONTH TO DATE    0.4
  SINCE SEP 1      0.4
  SINCE JUL 1      0.4

DEGREE DAYS
 HEATING
  TODAY           35                        21     14       19
  MONTH TO DATE  327                       331     -4      427
  SINCE SEP 1    496                       562    -66      597
  SINCE JUL 1    498                       617   -119      628

 COOLING
  TODAY            0                         0      0        0
  MONTH TO DATE    0                         0      0        0
  SINCE SEP 1     23                        38    -15       41
  SINCE JAN 1    793                       519    274      530
..................................................................


WIND (MPH)
  RESULTANT WIND SPEED   3   RESULTANT WIND DIRECTION   E (80)
  HIGHEST WIND SPEED     9   HIGHEST WIND DIRECTION    SE (140)
  HIGHEST GUST SPEED    14   HIGHEST GUST DIRECTION    SE (140)
  AVERAGE WIND SPEED     4.4


SKY COVER
  POSSIBLE SUNSHINE  MM
  AVERAGE SKY COVER 0.9


WEATHER CONDITIONS
 THE FOLLOWING WEATHER WAS RECORDED TODAY.
  LIGHT SNOW
  FOG


RELATIVE HUMIDITY (PERCENT)
 HIGHEST    88           600 AM
 LOWEST     61           100 PM
 AVERAGE    75

..........................................................


THE BISMARCK ND CLIMATE NORMALS FOR TOMORROW
                         NORMAL    RECORD    YEAR
 MAXIMUM TEMPERATURE (F)   56        82      1901
                                             1875
 MINIMUM TEMPERATURE (F)   31        13      1916
                                             1896


SUNRISE AND SUNSET
OCTOBER 19 2020.......SUNRISE   807 AM CDT   SUNSET   648 PM CDT
OCTOBER 20 2020.......SUNRISE   809 AM CDT   SUNSET   646 PM CDT


-  INDICATES NEGATIVE NUMBERS.
R  INDICATES RECORD WAS SET OR TIED.
MM INDICATES DATA IS MISSING.
T  INDICATES TRACE AMOUNT.




$$
