382
CDUS41 KRLX 182114
CLIBKW

CLIMATE REPORT
NATIONAL WEATHER SERVICE CHARLESTON WV
514 PM EDT TUE MAY 18 2021

...................................

...THE BECKLEY WV CLIMATE SUMMARY FOR MAY 18 2021...
VALID TODAY AS OF 0500 PM LOCAL TIME.

CLIMATE NORMAL PERIOD: 1991 TO 2020
CLIMATE RECORD PERIOD: 1893 TO 2021


WEATHER ITEM   OBSERVED TIME   RECORD YEAR NORMAL DEPARTURE LAST
                VALUE   (LST)  VALUE       VALUE  FROM      YEAR
                                                  NORMAL
...................................................................
TEMPERATURE (F)
 TODAY
  MAXIMUM         75   2:09 PM  87    1962  72      3       78
                                      1996
  MINIMUM         54   5:31 AM  28    1955  52      2       59
  AVERAGE         65                        62      3       69

PRECIPITATION (IN)
  TODAY            T             1.08 1981   0.15  -0.15      T
  MONTH TO DATE    1.44                      2.73  -1.29     2.00
  SINCE MAR 1      8.33                     10.34  -2.01    12.76
  SINCE JAN 1     16.93                     16.59   0.34    21.70

DEGREE DAYS
 HEATING
  TODAY            0                         5     -5        0
  MONTH TO DATE  186                       113     73      218
  SINCE MAR 1   1159                      1161     -2     1212
  SINCE JUL 1   4873                      4980   -107     4620

 COOLING
  TODAY            0                         2     -2        4
  MONTH TO DATE    2                        24    -22       25
  SINCE MAR 1     13                        39    -26       39
  SINCE JAN 1     13                        39    -26       39
...................................................................


WIND (MPH)
  HIGHEST WIND SPEED    13   HIGHEST WIND DIRECTION    SE (140)
  HIGHEST GUST SPEED    17   HIGHEST GUST DIRECTION    SE (140)
  AVERAGE WIND SPEED     5.6


SKY COVER
  AVERAGE SKY COVER 0.6


WEATHER CONDITIONS
THE FOLLOWING WEATHER WAS RECORDED TODAY.
  LIGHT RAIN


RELATIVE HUMIDITY (PERCENT)
 HIGHEST    97
 LOWEST     53
 AVERAGE    75

..........................................................


THE BECKLEY WV CLIMATE NORMALS FOR TOMORROW
                         NORMAL    RECORD    YEAR
 MAXIMUM TEMPERATURE (F)   72        89      1996
 MINIMUM TEMPERATURE (F)   52        29      1916


SUNRISE AND SUNSET
MAY 18 2021...........SUNRISE   6:12 AM EDT   SUNSET   8:30 PM EDT
MAY 19 2021...........SUNRISE   6:11 AM EDT   SUNSET   8:31 PM EDT


-  INDICATES NEGATIVE NUMBERS.
R  INDICATES RECORD WAS SET OR TIED.
MM INDICATES DATA IS MISSING.
T  INDICATES TRACE AMOUNT.




$$
