000
CXUS51 KRLX 020826
CLACKB

CLIMATE REPORT
NATIONAL WEATHER SERVICE CHARLESTON WV
326 AM EST SAT JAN 02 2021

...................................

...THE CLARKSBURG WV CLIMATE SUMMARY FOR THE YEAR OF 2020...

CLIMATE NORMAL PERIOD: 1981 TO 2010
CLIMATE RECORD PERIOD: 1922 TO 2021

WEATHER         OBSERVED          NORMAL  DEPART   LAST YEAR`S
                VALUE   DATE(S)   VALUE   FROM     VALUE
                                          NORMAL
..............................................................
TEMPERATURE (F)
RECORD
 HIGH            102   09/04/1953
                       09/03/1953
                       07/27/1934
 LOW             -24   01/19/1994
HIGHEST           96   07/06                          95
LOWEST            11   12/27                          -6
AVG. MAXIMUM    66.4               63.0     3.4     67.6
AVG. MINIMUM    45.8               42.3     3.5     45.7
MEAN            56.1               52.7     3.4     56.6
DAYS MAX >= 90    26                6.5    19.5       33
DAYS MAX <= 32     7               23.6   -16.6       16
DAYS MAX >= 80   103                                  MM
DAYS MIN <= 32    81              110.3   -29.3      100
DAYS MIN <= 0      0                1.3    -1.3        2
DAYS MIN <= 10     0                                  MM
DAYS MIN <= -5     0                                  MM

PRECIPITATION (INCHES)
RECORD
 MAXIMUM       63.87   1996
 MINIMUM       21.65   1930
TOTALS         47.95              45.83    2.12    41.60
DAILY AVG.      0.13               0.13    0.00     0.12
DAYS >= .01      173                 MM      MM      152
DAYS >= .10      105                 MM      MM       97
DAYS >= .50       33                 MM      MM       31
DAYS >= 1.00       5                 MM      MM        5
GREATEST
 24 HR. TOTAL   2.67                                1.49


DEGREE DAYS
HEATING TOTAL   4356               5242    -886     4235
 SINCE 7/1      1803               2038    -235     1616
COOLING TOTAL   1205                744     461     1331
 SINCE 1/1      1205                745     460     1331
..............................................................

WIND (MPH)
AVERAGE WIND SPEED              5.4
HIGHEST WIND SPEED/DIRECTION    43/320    DATE  08/25
HIGHEST GUST SPEED/DIRECTION    56/300    DATE  11/15

SKY COVER
POSSIBLE SUNSHINE (PERCENT)   MM
AVERAGE SKY COVER           0.50
NUMBER OF DAYS FAIR          132
NUMBER OF DAYS PC            123
NUMBER OF DAYS CLOUDY        109

AVERAGE RH (PERCENT)     66

WEATHER CONDITIONS. NUMBER OF DAYS WITH
THUNDERSTORM             31     MIXED PRECIP               0
HEAVY RAIN               55     RAIN                      91
LIGHT RAIN              177     FREEZING RAIN              0
LT FREEZING RAIN          3     HAIL                       0
HEAVY SNOW                1     SNOW                      12
LIGHT SNOW               44     SLEET                      0
FOG                     202     FOG W/VIS <= 1/4 MILE     52
HAZE                     96

-  INDICATES NEGATIVE NUMBERS.
R  INDICATES RECORD WAS SET OR TIED.
MM INDICATES DATA IS MISSING.
T  INDICATES TRACE AMOUNT.

$$
