000
CDUS41 KRLX 090732
CLICKB

CLIMATE REPORT
NATIONAL WEATHER SERVICE CHARLESTON WV
332 AM EDT SUN MAY 09 2021

...................................

...THE CLARKSBURG WV CLIMATE SUMMARY FOR MAY 8 2021...

CLIMATE NORMAL PERIOD: 1991 TO 2020
CLIMATE RECORD PERIOD: 1922 TO 2021


WEATHER ITEM   OBSERVED TIME   RECORD YEAR NORMAL DEPARTURE LAST
                VALUE   (LST)  VALUE       VALUE  FROM      YEAR
                                                  NORMAL
...................................................................
TEMPERATURE (F)
 YESTERDAY
  MAXIMUM         55   5:40 PM  93    1930  74    -19       58
  MINIMUM         41  11:59 PM  26    1970  50     -9       35
  AVERAGE         48                        62    -14       47

PRECIPITATION (IN)
  YESTERDAY        0.01          1.64 1994   0.14  -0.13     0.61
  MONTH TO DATE    2.03                      1.05   0.98     1.82
  SINCE MAR 1      7.07                      8.56  -1.49    11.15
  SINCE JAN 1     11.60                     15.00  -3.40    19.30

DEGREE DAYS
 HEATING
  YESTERDAY       17                         5     12       18
  MONTH TO DATE   77                        43     34       94
  SINCE MAR 1    993                      1004    -11      947
  SINCE JUL 1   4707                      4573    134     4050

 COOLING
  YESTERDAY        0                         2     -2        0
  MONTH TO DATE   10                        11     -1        3
  SINCE MAR 1     17                        33    -16       19
  SINCE JAN 1     17                        33    -16       22
...................................................................


WIND (MPH)
  HIGHEST WIND SPEED    18   HIGHEST WIND DIRECTION     W (250)
  HIGHEST GUST SPEED    25   HIGHEST GUST DIRECTION     W (250)
  AVERAGE WIND SPEED     6.8


SKY COVER
  AVERAGE SKY COVER 0.6


WEATHER CONDITIONS
THE FOLLOWING WEATHER WAS RECORDED YESTERDAY.
  RAIN
  LIGHT RAIN
  FOG


RELATIVE HUMIDITY (PERCENT)
 HIGHEST    93
 LOWEST     40
 AVERAGE    67

..........................................................


THE CLARKSBURG WV CLIMATE NORMALS FOR TODAY
                         NORMAL    RECORD    YEAR
 MAXIMUM TEMPERATURE (F)   74        92      1936
 MINIMUM TEMPERATURE (F)   50        27      1947


SUNRISE AND SUNSET
MAY  9 2021...........SUNRISE   6:13 AM EDT   SUNSET   8:22 PM EDT
MAY 10 2021...........SUNRISE   6:12 AM EDT   SUNSET   8:23 PM EDT


-  INDICATES NEGATIVE NUMBERS.
R  INDICATES RECORD WAS SET OR TIED.
MM INDICATES DATA IS MISSING.
T  INDICATES TRACE AMOUNT.




$$
