698
CXUS51 KRLX 041903
CLMCKB

CLIMATE REPORT
NATIONAL WEATHER SERVICE CHARLESTON WV
303 PM EDT TUE MAY 04 2021

...................................

...THE CLARKSBURG WV CLIMATE SUMMARY FOR THE MONTH OF APRIL 2021...

CLIMATE NORMAL PERIOD: 1991 TO 2020
CLIMATE RECORD PERIOD: 1922 TO 2021

WEATHER         OBSERVED          NORMAL  DEPART   LAST YEAR`S
                VALUE   DATE(S)   VALUE   FROM     VALUE
                                          NORMAL
..............................................................
TEMPERATURE (F)
RECORD
 HIGH             95   MM
 LOW              21   04/03/2021
HIGHEST           84   04/08                          84
LOWEST            21R  04/03                          30
AVG. MAXIMUM    64.1               67.6    -3.5     62.8
AVG. MINIMUM    41.5               43.1    -1.6     40.5
MEAN            52.8               55.3    -2.5     51.7
DAYS MAX >= 90     0                0.0     0.0        0
DAYS MAX <= 32     0                0.0     0.0        0
DAYS MAX >= 80     5                                  MM
DAYS MIN <= 32     6                4.5     1.5        5
DAYS MIN <= 0      0                0.0     0.0        0
DAYS MIN <= 10     0                                  MM
DAYS MIN <= -5     0                                  MM

PRECIPITATION (INCHES)
RECORD
 MAXIMUM        7.13   1948
 MINIMUM        1.19   1971
TOTALS          2.23               3.89   -1.66     5.90
DAILY AVG.      0.07               0.13   -0.06     0.20
DAYS >= .01       14               14.6    -0.6       19
DAYS >= .10        8                9.2    -1.2       14
DAYS >= .50        0                3.1    -3.1        5
DAYS >= 1.00       0                0.5    -0.5        0
GREATEST
 24 HR. TOTAL   0.54   04/28 TO 04/29               0.72


DEGREE DAYS
HEATING TOTAL    349                309      40      397
 SINCE 7/1      4630               4530     100     3956
COOLING TOTAL      7                 20     -13        4
 SINCE 1/1         7                 22     -15       19

FREEZE DATES
RECORD
 EARLIEST     MM
 LATEST       MM
EARLIEST                        10/03
LATEST                          05/10
..............................................................

WIND (MPH)
AVERAGE WIND SPEED              6.1
HIGHEST WIND SPEED/DIRECTION    33/300    DATE  04/30
HIGHEST GUST SPEED/DIRECTION    50/280    DATE  04/30

SKY COVER
POSSIBLE SUNSHINE (PERCENT)   MM
AVERAGE SKY COVER           0.51
NUMBER OF DAYS FAIR           12
NUMBER OF DAYS PC              8
NUMBER OF DAYS CLOUDY         10

AVERAGE RH (PERCENT)     62

WEATHER CONDITIONS. NUMBER OF DAYS WITH
THUNDERSTORM              0     MIXED PRECIP               0
HEAVY RAIN                2     RAIN                       7
LIGHT RAIN               14     FREEZING RAIN              0
LT FREEZING RAIN          0     HAIL                       0
HEAVY SNOW                1     SNOW                       1
LIGHT SNOW                3     SLEET                      0
FOG                      15     FOG W/VIS <= 1/4 MILE      2
HAZE                      2

-  INDICATES NEGATIVE NUMBERS.
R  INDICATES RECORD WAS SET OR TIED.
MM INDICATES DATA IS MISSING.
T  INDICATES TRACE AMOUNT.

$$
