218
CXUS51 KRLX 021517
CLSCKB

CLIMATE REPORT
NATIONAL WEATHER SERVICE CHARLESTON WV
1017 AM EST TUE MAR 02 2021

...................................

...THE CLARKSBURG WV CLIMATE SUMMARY FOR THE SEASON, FROM
12/1/2020 TO 2/28/2021...

CLIMATE NORMAL PERIOD: 1981 TO 2010
CLIMATE RECORD PERIOD: 1922 TO 2021

WEATHER         OBSERVED          NORMAL  DEPART   LAST YEAR`S
                VALUE   DATE(S)   VALUE   FROM     VALUE
                                          NORMAL
..............................................................
TEMPERATURE (F)
RECORD
 HIGH             79   02/20/2018
 LOW             -24   01/19/1994
HIGHEST           67   02/24                          76
LOWEST             3   02/21                          13
AVG. MAXIMUM    40.5               41.9    -1.4     49.6
AVG. MINIMUM    26.2               24.4     1.8     31.0
MEAN            33.4               33.1     0.3     40.3
DAYS MAX >= 90     0                0.0     0.0        0
DAYS MAX <= 32    18               20.3    -2.3        3
DAYS MAX >= 80     0                                  MM
DAYS MIN <= 32    73               70.6     2.4       52
DAYS MIN <= 0      0                1.3    -1.3        0
DAYS MIN <= 10     0                                  MM
DAYS MIN <= -5     0                                  MM

PRECIPITATION (INCHES)
RECORD
 MAXIMUM       18.75   1979
 MINIMUM        4.81   1977
TOTALS          8.27               9.70   -1.43    12.91
DAILY AVG.      0.09               0.11   -0.02     0.14
DAYS >= .01       45                 MM      MM       48
DAYS >= .10       20                 MM      MM       28
DAYS >= .50        4                 MM      MM       13
DAYS >= 1.00       1                 MM      MM        1
GREATEST
 24 HR. TOTAL   1.08                                1.11


DEGREE DAYS
HEATING TOTAL   2825               2869     -44     2224
 SINCE 7/1      3714               3962    -248     3103
COOLING TOTAL      0                  1      -1        3
 SINCE 1/1         0                  0       0        3
..............................................................

WIND (MPH)
AVERAGE WIND SPEED              6.4
HIGHEST WIND SPEED/DIRECTION    29/240    DATE  12/24
HIGHEST GUST SPEED/DIRECTION    40/290    DATE  12/22

SKY COVER
POSSIBLE SUNSHINE (PERCENT)   MM
AVERAGE SKY COVER           0.70
NUMBER OF DAYS FAIR           14
NUMBER OF DAYS PC             26
NUMBER OF DAYS CLOUDY         50

AVERAGE RH (PERCENT)     75

WEATHER CONDITIONS. NUMBER OF DAYS WITH
THUNDERSTORM              0     MIXED PRECIP               0
HEAVY RAIN                3     RAIN                      13
LIGHT RAIN               30     FREEZING RAIN              2
LT FREEZING RAIN          5     HAIL                       0
HEAVY SNOW                1     SNOW                       7
LIGHT SNOW               39     SLEET                      0
FOG                      55     FOG W/VIS <= 1/4 MILE      5
HAZE                      8

-  INDICATES NEGATIVE NUMBERS.
R  INDICATES RECORD WAS SET OR TIED.
MM INDICATES DATA IS MISSING.
T  INDICATES TRACE AMOUNT.

$$
