000
CXUS55 KPUB 201610
CF6COS
PRELIMINARY LOCAL CLIMATOLOGICAL DATA (WS FORM: F-6)

                                          STATION:   COLORADO SPRINGS CO
                                          MONTH:     NOVEMBER
                                          YEAR:      2019
                                          LATITUDE:   38 49 N
                                          LONGITUDE: 104 43 W

  TEMPERATURE IN F:       :PCPN:    SNOW:  WIND      :SUNSHINE: SKY     :PK WND
================================================================================
1   2   3   4   5  6A  6B    7    8   9   10  11  12  13   14  15   16   17  18
                                     12Z  AVG MX 2MIN
DY MAX MIN AVG DEP HDD CDD  WTR  SNW DPTH SPD SPD DIR MIN PSBL S-S WX    SPD DR
================================================================================

 1  41  26  34 -10  31   0 0.00  0.0    1  8.7 28 360   M    M   4        35  10
 2  46  17  32 -12  33   0 0.00  0.0    0  4.2 12  20   M    M   3        13  20
 3  61  25  43   0  22   0 0.00  0.0    0  6.5 20  80   M    M   2        25  60
 4  50  29  40  -3  25   0 0.00  0.0    0  4.5 12 110   M    M   3        14 120
 5  60  24  42  -1  23   0 0.00  0.0    0  5.9 14  20   M    M   1        18 160
 6  63  28  46   4  19   0    T  0.0    0  9.3 25  30   M    M   4 168    30  50
 7  34  24  29 -13  36   0    T  0.0    0  6.1 17 160   M    M   8 1268   20 170
 8  62  24  43   2  22   0 0.00  0.0    0  6.2 14  30   M    M   1 18     16 160
 9  71  32  52  11  13   0 0.00  0.0    0  6.4 13  10   M    M   1        15 150
10  66  31  49   9  16   0 0.00  0.0    0  7.3 25 360   M    M   5        33 360
11  34  13  24 -16  41   0    T    T    0 10.8 32 350   M    M   6        42 350
12  55  12  34  -6  31   0 0.00  0.0    0  5.4 12 160   M    M   2        13  10
13  61  31  46   7  19   0 0.00  0.0    0 10.6 24  70   M    M   5        29  20
14  48  26  37  -2  28   0 0.00  0.0    0  7.2 16 170   M    M   3        21 170
15  64  28  46   8  19   0 0.00  0.0    0  5.9 13  10   M    M   7        16 350
16  67  34  51  13  14   0 0.04  0.0    0 11.7 30  30   M    M   7        48  20
17  50  26  38   1  27   0 0.00  0.0    0  5.8 21  10   M    M   6        26 360
18  66  36  51  14  14   0 0.00  0.0    0  7.8 16 360   M    M   3        23 330
19  66  29  48  12  17   0 0.00  0.0    0  6.8 14 160   M    M   6        17 160
================================================================================
SM 1065  495       450   0  0.04    T    137.1          M       77
================================================================================
AV 56.1 26.1                               7.2 FASTST   M    M   4    MAX(MPH)
                                 MISC ---->    32 350                 48  20
================================================================================
NOTES:
# LAST OF SEVERAL OCCURRENCES

COLUMN 17 PEAK WIND IN M.P.H.

PRELIMINARY LOCAL CLIMATOLOGICAL DATA (WS FORM: F-6) , PAGE 2

                                          STATION:   COLORADO SPRINGS CO
                                          MONTH:     NOVEMBER
                                          YEAR:      2019
                                          LATITUDE:   38 49 N
                                          LONGITUDE: 104 43 W

[TEMPERATURE DATA]      [PRECIPITATION DATA]       SYMBOLS USED IN COLUMN 16

AVERAGE MONTHLY: 41.1   TOTAL FOR MONTH:   0.04    1 = FOG OR MIST
DPTR FM NORMAL:   0.7   DPTR FM NORMAL:   -0.23    2 = FOG REDUCING VISIBILITY
HIGHEST:    71 ON  9    GRTST 24HR  0.04 ON 15-16      TO 1/4 MILE OR LESS
LOWEST:     12 ON 12                               3 = THUNDER
                        SNOW, ICE PELLETS, HAIL    4 = ICE PELLETS
                        TOTAL MONTH:  T            5 = HAIL
                        GRTST 24HR   T   ON 11-11  6 = FREEZING RAIN OR DRIZZLE
                        GRTST DEPTH:   3 ON M      7 = DUSTSTORM OR SANDSTORM:
                                                       VSBY 1/2 MILE OR LESS
                                                   8 = SMOKE OR HAZE
[NO. OF DAYS WITH]      [WEATHER - DAYS WITH]      9 = BLOWING SNOW
                                                   X = TORNADO
MAX 32 OR BELOW:   0    0.01 INCH OR MORE:   1
MAX 90 OR ABOVE:   0    0.10 INCH OR MORE:   0
MIN 32 OR BELOW:  17    0.50 INCH OR MORE:   0
MIN  0 OR BELOW:   0    1.00 INCH OR MORE:   0

[HDD (BASE 65) ]
TOTAL THIS MO.   450    CLEAR  (SCALE 0-3)   9
DPTR FM NORMAL   -16    PTCLDY (SCALE 4-7)  10
TOTAL FM JUL 1  1144    CLOUDY (SCALE 8-10)  0
DPTR FM NORMAL     4

[CDD (BASE 65) ]
TOTAL THIS MO.     0
DPTR FM NORMAL     0    [PRESSURE DATA]
TOTAL FM JAN 1   721    HIGHEST SLP M ON M
DPTR FM NORMAL   266    LOWEST  SLP 29.61 ON 19

[REMARKS]
