000
CXUS55 KPUB 191210
CF6COS
PRELIMINARY LOCAL CLIMATOLOGICAL DATA (WS FORM: F-6)

                                          STATION:   COLORADO SPRINGS CO
                                          MONTH:     JUNE
                                          YEAR:      2021
                                          LATITUDE:   38 49 N
                                          LONGITUDE: 104 43 W

  TEMPERATURE IN F:       :PCPN:    SNOW:  WIND      :SUNSHINE: SKY     :PK WND
================================================================================
1   2   3   4   5  6A  6B    7    8   9   10  11  12  13   14  15   16   17  18
                                     12Z  AVG MX 2MIN
DY MAX MIN AVG DEP HDD CDD  WTR  SNW DPTH SPD SPD DIR MIN PSBL S-S WX    SPD DR
================================================================================

 1  69  40  55  -8  10   0    T  0.0    0  6.9 26 300   M    M   6 12     35 290
 2  73  47  60  -3   5   0    T  0.0    0  6.4 16 120   M    M   5        21 110
 3  78  49  64   0   1   0 0.00  0.0    0  6.6 15 170   M    M   4        22 140
 4  83  51  67   3   0   2 0.00  0.0    0  6.3 17 160   M    M   1        22 170
 5  87  54  71   7   0   6 0.00  0.0    0  8.9 36 290   M    M   3        49 290
 6  86  60  73   8   0   8 0.11  0.0    0  8.1 26  20   M    M   7 3      39  30
 7  89  53  71   6   0   6    T  0.0    0  9.7 29  30   M    M   5 3      36  40
 8  89  55  72   7   0   7 0.00  0.0    0 10.9 26 130   M    M   1        35 150
 9  88  60  74   8   0   9 0.00  0.0    0 10.3 21 140   M    M   2        29 200
10  93  60  77  11   0  12 0.00  0.0    0 11.6 28 210   M    M   5 18     40 150
11  82  57  70   4   0   5 0.00  0.0    0 12.4 33  40   M    M   0        39  40
12  85  53  69   3   0   4    T  0.0    0 11.4 25 150   M    M   1 3      32 150
13  87  60  74   7   0   9    T  0.0    0  6.8 23 120   M    M   5 13     28 120
14  92  57  75   8   0  10 0.00  0.0    0  6.9 16 150   M    M   5        23 150
15  92  60  76   9   0  11 0.00  0.0    0  7.2 17 140   M    M   6        23 200
16 100  64  82  14   0  17 0.00  0.0    0  7.3 25  20   M    M   6        32  10
17  97  62  80  12   0  15    T  0.0    0 10.2 33 320   M    M   6 3      57 330
18  93  64  79  11   0  14    T  0.0    0 12.5 29 330   M    M   7 3      38 340
================================================================================
SM 1563 1006        16 135  0.11  0.0    160.4          M       75
================================================================================
AV 86.8 55.9                               8.9 FASTST   M    M   4    MAX(MPH)
                                 MISC ---->    36 290                 57 330
================================================================================
NOTES:
# LAST OF SEVERAL OCCURRENCES

COLUMN 17 PEAK WIND IN M.P.H.

PRELIMINARY LOCAL CLIMATOLOGICAL DATA (WS FORM: F-6) , PAGE 2

                                          STATION:   COLORADO SPRINGS CO
                                          MONTH:     JUNE
                                          YEAR:      2021
                                          LATITUDE:   38 49 N
                                          LONGITUDE: 104 43 W

[TEMPERATURE DATA]      [PRECIPITATION DATA]       SYMBOLS USED IN COLUMN 16

AVERAGE MONTHLY: 71.4   TOTAL FOR MONTH:   0.11    1 = FOG OR MIST
DPTR FM NORMAL:   5.7   DPTR FM NORMAL:   -1.28    2 = FOG REDUCING VISIBILITY
HIGHEST:   100 ON 16    GRTST 24HR  0.50 ON 31- 1      TO 1/4 MILE OR LESS
LOWEST:     40 ON  1                               3 = THUNDER
                        SNOW, ICE PELLETS, HAIL    4 = ICE PELLETS
                        TOTAL MONTH:   0.0 INCH    5 = HAIL
                        GRTST 24HR  0.0            6 = FREEZING RAIN OR DRIZZLE
                        GRTST DEPTH:  0            7 = DUSTSTORM OR SANDSTORM:
                                                       VSBY 1/2 MILE OR LESS
                                                   8 = SMOKE OR HAZE
[NO. OF DAYS WITH]      [WEATHER - DAYS WITH]      9 = BLOWING SNOW
                                                   X = TORNADO
MAX 32 OR BELOW:   0    0.01 INCH OR MORE:   1
MAX 90 OR ABOVE:   6    0.10 INCH OR MORE:   1
MIN 32 OR BELOW:   0    0.50 INCH OR MORE:   0
MIN  0 OR BELOW:   0    1.00 INCH OR MORE:   0

[HDD (BASE 65) ]
TOTAL THIS MO.    16    CLEAR  (SCALE 0-3)   5
DPTR FM NORMAL   -27    PTCLDY (SCALE 4-7)  13
TOTAL FM JUL 1  5905    CLOUDY (SCALE 8-10)  0
DPTR FM NORMAL    25

[CDD (BASE 65) ]
TOTAL THIS MO.   135
DPTR FM NORMAL    82    [PRESSURE DATA]
TOTAL FM JAN 1   138    HIGHEST SLP M ON M
DPTR FM NORMAL    67    LOWEST  SLP 29.60 ON 10

[REMARKS]
