000
CXUS55 KPUB 281310
CF6COS
PRELIMINARY LOCAL CLIMATOLOGICAL DATA (WS FORM: F-6)

                                          STATION:   COLORADO SPRINGS CO
                                          MONTH:     FEBRUARY
                                          YEAR:      2021
                                          LATITUDE:   38 49 N
                                          LONGITUDE: 104 43 W

  TEMPERATURE IN F:       :PCPN:    SNOW:  WIND      :SUNSHINE: SKY     :PK WND
================================================================================
1   2   3   4   5  6A  6B    7    8   9   10  11  12  13   14  15   16   17  18
                                     12Z  AVG MX 2MIN
DY MAX MIN AVG DEP HDD CDD  WTR  SNW DPTH SPD SPD DIR MIN PSBL S-S WX    SPD DR
================================================================================

 1  53  22  38   8  27   0 0.00  0.0    0  5.0 10  10   M    M   7        12 360
 2  61  33  47  16  18   0 0.00  0.0    0  8.0 15 140   M    M   2        19 150
 3  64  30  47  16  18   0    T    T    0 15.8 39 250   M    M   6        55 270
 4  41  20  31   0  34   0    T    T    0 12.4 32 360   M    M   5        42 360
 5  40  20  30  -1  35   0 0.00  0.0    0  9.5 21 190   M    M   6        26 190
 6  47  19  33   2  32   0 0.00  0.0    0 11.6 28 310   M    M   2        39 320
 7  55  18  37   6  28   0 0.00  0.0    0 11.7 33 270   M    M   2        53 270
 8  56  16  36   5  29   0    T    T    0  6.3 29 260   M    M   6 126    37 260
 9  28  15  22  -9  43   0 0.00  0.0    0  5.2 13 270   M    M   9 128    16 260
10  22  15  19 -12  46   0    T    T    0  4.6 10 190   M    M   9 128    16 190
11  36   8  22  -9  43   0    T  0.2    0  6.3 20 170   M    M   8 128    23 180
12   8  -2   3 -28  62   0 0.03  0.3    T 10.8 16 170   M    M   9 18     22 150
13   5  -2   2 -30  63   0 0.05  0.6    T  6.9 14 150   M    M  10 18     17 140
14  -1 -13  -7 -39  72   0 0.21  1.6    2  7.2 13 160   M    M   8 18     16 160
15  18 -16   1 -31  64   0    T    T    3  2.7 14  30   M    M   5 1      15  30
16  38   5  22 -10  43   0 0.00  0.0    2  5.5 17  10   M    M   6        20  10
17  31   8  20 -12  45   0 0.21  3.3    2  7.1 16 150   M    M   7 12     19 150
18  23  10  17 -15  48   0 0.08  0.9    6  3.4  9  90   M    M   8 128    10  90
19  47   9  28  -5  37   0 0.00  0.0    4  6.5 31 300   M    M   4 128    43 290
20  42  15  29  -4  36   0 0.00  0.0    2  8.9 30 360   M    M   4        39  20
21  38  22  30  -3  35   0 0.00  0.0    1  8.9 22 330   M    M   3        30 330
22  56  22  39   6  26   0 0.00  0.0    T  6.5 16  20   M    M   3        18  20
23  65  28  47  13  18   0 0.00  0.0    0 10.0 30 310   M    M   5        43 300
24  38  25  32  -2  33   0 0.05  3.2    0 14.6 29 160   M    M   8 18     39 150
25  26  15  21 -13  44   0 0.21  3.5    6  6.3 12 110   M    M   8 18     17 110
26  49  14  32  -2  33   0 0.00  0.0    2  7.5 21 250   M    M   2        27 310
27  46  21  34  -1  31   0 0.00  0.0    T 12.1 33 270   M    M   4        45 250
================================================================================
SM 1032  377      1043   0  0.84 13.6    221.3          M      156
================================================================================
AV 38.2 14.0                               8.2 FASTST   M    M   6    MAX(MPH)
                                 MISC ---->    39 250                 55 270
================================================================================
NOTES:
# LAST OF SEVERAL OCCURRENCES

COLUMN 17 PEAK WIND IN M.P.H.

PRELIMINARY LOCAL CLIMATOLOGICAL DATA (WS FORM: F-6) , PAGE 2

                                          STATION:   COLORADO SPRINGS CO
                                          MONTH:     FEBRUARY
                                          YEAR:      2021
                                          LATITUDE:   38 49 N
                                          LONGITUDE: 104 43 W

[TEMPERATURE DATA]      [PRECIPITATION DATA]       SYMBOLS USED IN COLUMN 16

AVERAGE MONTHLY: 26.1   TOTAL FOR MONTH:   0.84    1 = FOG OR MIST
DPTR FM NORMAL:  -6.0   DPTR FM NORMAL:    0.52    2 = FOG REDUCING VISIBILITY
HIGHEST:    65 ON 23    GRTST 24HR  0.29 ON 17-18      TO 1/4 MILE OR LESS
LOWEST:    -16 ON 15                               3 = THUNDER
                        SNOW, ICE PELLETS, HAIL    4 = ICE PELLETS
                        TOTAL MONTH:  13.6 INCHES  5 = HAIL
                        GRTST 24HR   3.5 ON 25-25  6 = FREEZING RAIN OR DRIZZLE
                        GRTST DEPTH:   6 ON 25,18  7 = DUSTSTORM OR SANDSTORM:
                                                       VSBY 1/2 MILE OR LESS
                                                   8 = SMOKE OR HAZE
[NO. OF DAYS WITH]      [WEATHER - DAYS WITH]      9 = BLOWING SNOW
                                                   X = TORNADO
MAX 32 OR BELOW:   9    0.01 INCH OR MORE:   7
MAX 90 OR ABOVE:   0    0.10 INCH OR MORE:   3
MIN 32 OR BELOW:  26    0.50 INCH OR MORE:   0
MIN  0 OR BELOW:   4    1.00 INCH OR MORE:   0

[HDD (BASE 65) ]
TOTAL THIS MO.  1043    CLEAR  (SCALE 0-3)   5
DPTR FM NORMAL   155    PTCLDY (SCALE 4-7)  16
TOTAL FM JUL 1  4267    CLOUDY (SCALE 8-10)  6
DPTR FM NORMAL  -264

[CDD (BASE 65) ]
TOTAL THIS MO.     0
DPTR FM NORMAL     0    [PRESSURE DATA]
TOTAL FM JAN 1     0    HIGHEST SLP M ON M
DPTR FM NORMAL     0    LOWEST  SLP 29.53 ON  3

[REMARKS]
