000
CXUS55 KPUB 261059
CF6COS
PRELIMINARY LOCAL CLIMATOLOGICAL DATA (WS FORM: F-6)

                                          STATION:   COLORADO SPRINGS CO
                                          MONTH:     APRIL
                                          YEAR:      2018
                                          LATITUDE:   38 49 N
                                          LONGITUDE: 104 43 W

  TEMPERATURE IN F:       :PCPN:    SNOW:  WIND      :SUNSHINE: SKY     :PK WND
================================================================================
1   2   3   4   5  6A  6B    7    8   9   10  11  12  13   14  15   16   17  18
                                     12Z  AVG MX 2MIN
DY MAX MIN AVG DEP HDD CDD  WTR  SNW DPTH SPD SPD DIR MIN PSBL S-S WX    SPD DR
================================================================================

 1  47  21  34  -9  31   0    T    T    0 10.0 20 150   M    M   8 1      24 160
 2  76  27  52   9  13   0 0.00  0.0    0 12.0 32 240   M    M   6        45 230
 3  48  27  38  -5  27   0    T  0.0    0 15.2 38  20   M    M   4        46  20
 4  66  22  44   1  21   0 0.00  0.0    0  7.6 31 270   M    M   6        38 260
 5  66  37  52   8  13   0    T  0.0    0  7.6 24  40   M    M   7        35 240
 6  45  20  33 -11  32   0 0.03    T    0 10.9 21  90   M    M   9 126    25 360
 7  44  19  32 -12  33   0 0.07  0.0    0  6.4 20 180   M    M  10 1268   23 180
 8  65  37  51   7  14   0 0.02  0.0    0 12.7 32 180   M    M   6 12     46 300
 9  53  35  44  -1  21   0 0.03  0.0    0  6.4 20  30   M    M   7 1      27  20
10  67  27  47   2  18   0 0.00  0.0    0  7.6 17 150   M    M   5        23 150
11  78  40  59  14   6   0 0.00  0.0    0 12.0 39 270   M    M   6        52 270
12  75  43  59  14   6   0 0.00  0.0    0 20.1 45 220   M    M   7 8      57 220
13  45  28  37  -9  28   0 0.05  0.6    0 25.2 43  10   M    M   8 1      60 360
14  54  28  41  -5  24   0    T  0.1    1 18.4 37 360   M    M   3 1      51 360
15  61  26  44  -2  21   0 0.00  0.0    0  6.8 21 170   M    M   4        27 110
16  76  29  53   7  12   0 0.00  0.0    0 11.3 35 210   M    M   5        43 210
17  69  37  53   6  12   0 0.00  0.0    0 25.0 52 220   M    M   3 7      68 220
18  56  29  43  -4  22   0 0.00  0.0    0  7.9 20 170   M    M   2        28 340
19  64  30  47   0  18   0 0.00  0.0    0 12.6 32 150   M    M   5        42 150
20  52  32  42  -6  23   0 0.80  4.2    0 14.9 32 100   M    M   8 1234   41 110
21  41  32  37 -11  28   0 0.02    T    4  9.0 20 340   M    M  10 128    25 340
22  66  31  49   1  16   0 0.00  0.0    T  7.3 22  10   M    M   5 12     31 350
23  67  36  52   3  13   0    T  0.0    0  9.1 36 340   M    M   6 3      47 360
24  44  32  38 -11  27   0 0.06  0.4    0 18.6 35 330   M    M  10 18     47 340
25  63  28  46  -3  19   0 0.00  0.0    T  5.6 18 170   M    M   3 18     22 170
================================================================================
SM 1488  753       498   0  1.08     5.3 300.2          M      153
================================================================================
AV 59.5 30.1                              12.0 FASTST   M    M   6    MAX(MPH)
                                 MISC ---->  # 52 220               # 68  220
================================================================================
NOTES:
# LAST OF SEVERAL OCCURRENCES

COLUMN 17 PEAK WIND IN M.P.H.

PRELIMINARY LOCAL CLIMATOLOGICAL DATA (WS FORM: F-6) , PAGE 2

                                          STATION:  COLORADO SPRINGS CO
                                          MONTH:    APRIL
                                          YEAR:     2018
                                          LATITUDE:   38 49 N
                                          LONGITUDE: 104 43 W

[TEMPERATURE DATA]      [PRECIPITATION DATA]       SYMBOLS USED IN COLUMN 16

AVERAGE MONTHLY: 44.8   TOTAL FOR MONTH:   1.08    1 = FOG OR MIST
DPTR FM NORMAL:  -0.9   DPTR FM NORMAL:   -0.04    2 = FOG REDUCING VISIBILITY
HIGHEST:    78 ON 11    GRTST 24HR  0.80 ON 20-20      TO 1/4 MILE OR LESS
LOWEST:     19 ON  7                               3 = THUNDER
                        SNOW, ICE PELLETS, HAIL    4 = ICE PELLETS
                        TOTAL MONTH:   5.3 INCHES  5 = HAIL
                        GRTST 24HR   4.2 ON 20-20  6 = FREEZING RAIN OR DRIZZLE
                        GRTST DEPTH:   4 ON 21     7 = DUSTSTORM OR SANDSTORM:
                                                       VSBY 1/2 MILE OR LESS
                                                   8 = SMOKE OR HAZE
[NO. OF DAYS WITH]      [WEATHER - DAYS WITH]      9 = BLOWING SNOW
                                                   X = TORNADO
MAX 32 OR BELOW:   0    0.01 INCH OR MORE:   8
MAX 90 OR ABOVE:   0    0.10 INCH OR MORE:   1
MIN 32 OR BELOW:  18    0.50 INCH OR MORE:   1
MIN  0 OR BELOW:   0    1.00 INCH OR MORE:   0

[HDD (BASE 65) ]
TOTAL THIS MO.   498    CLEAR  (SCALE 0-3)   4
DPTR FM NORMAL    18    PTCLDY (SCALE 4-7)  16
TOTAL FM JUL 1  5165    CLOUDY (SCALE 8-10)  5
DPTR FM NORMAL  -683

[CDD (BASE 65) ]
TOTAL THIS MO.     0
DPTR FM NORMAL     0    [PRESSURE DATA]
TOTAL FM JAN 1     0    HIGHEST SLP M ON M
DPTR FM NORMAL     0    LOWEST  SLP 29.33 ON 12

[REMARKS]
