000
CXUS55 KPUB 020355
CLACOS

CLIMATE REPORT
NATIONAL WEATHER SERVICE
854 PM MST WED JAN 01 2020

...................................

...THE COLORADO SPRINGS CO CLIMATE SUMMARY FOR THE YEAR OF 2019...

CLIMATE NORMAL PERIOD: 1981 TO 2010
CLIMATE RECORD PERIOD: 1872 TO 2019

WEATHER         OBSERVED          NORMAL  DEPART
                VALUE   DATE(S)   VALUE   FROM
                                          NORMAL
................................................

TEMPERATURE (F)
RECORD
 HIGH            101   06/21/2016
                       06/26/2012

 LOW             -27   02/01/1951
                       12/09/1919

HIGHEST           97   07/19
                       07/18
LOWEST             0   01/01

AVG. MAXIMUM    63.8               62.2     1.6
AVG. MINIMUM    35.7               35.8    -0.1
MEAN            49.7               49.0     0.7

DAYS MAX >= 90    36
DAYS MAX <= 32    22
DAYS MIN <= 32   173
DAYS MIN <= 0      1

PRECIPITATION (INCHES)
RECORD
 MAXIMUM       27.58   1999
 MINIMUM        6.07   1939

TOTALS         11.75              16.54   -4.79

DAILY AVG.      0.03               0.05   -0.02
DAYS >= .01       89
DAYS >= .10       29
DAYS >= .50        2
DAYS >= 1.00       1

GREATEST
 24 HR. TOTAL   1.98   05/20 TO 05/21

SNOWFALL (INCHES)
RECORDS
 MAXIMUM        96.4   1957
 MINIMUM        11.4   2012
 24 HR TOTAL    22.0   01/15/1987 TO 01/15/1987
 SNOW DEPTH       20   10/26/1997

TOTALS          52.3               37.7    14.6
SINCE 7/1       25.5               13.5    12.0
SNOWDEPTH AVG.     0
DAYS >= TRACE     58               29.2    28.8
DAYS >= 1.0       19               11.6     7.4

GREATEST
 SNOW DEPTH        5   10/27
                       05/21
 24 HR TOTAL     7.1   10/27 TO 10/28

DEGREE DAYS
HEATING TOTAL   6187               6292    -105
 SINCE 7/1      2471               2572    -101
COOLING TOTAL    721                455     266
 SINCE 1/1       721                455     266

FREEZE DATES
RECORD
 EARLIEST     09/01/1911
 LATEST       06/18/1912

EARLIEST                        10/07
LATEST                          05/21
................................................

WIND (MPH)
AVERAGE WIND SPEED              9.3
RESULTANT WIND SPEED/DIRECTION   1/050
HIGHEST WIND SPEED/DIRECTION    62/340    DATE  03/13
HIGHEST GUST SPEED/DIRECTION    96/320    DATE  03/13

SKY COVER
POSSIBLE SUNSHINE (PERCENT)   MM
AVERAGE SKY COVER           0.51
NUMBER OF DAYS FAIR           90
NUMBER OF DAYS PC            215
NUMBER OF DAYS CLOUDY         60

AVERAGE RH (PERCENT)     51

WEATHER CONDITIONS. NUMBER OF DAYS WITH
THUNDERSTORM             73     MIXED PRECIP               4
HEAVY RAIN               20     RAIN                      35
LIGHT RAIN              121     FREEZING RAIN              0
LT FREEZING RAIN          6     HAIL                       5
HEAVY SNOW                8     SNOW                      23
LIGHT SNOW               55     SLEET                      0
FOG                     102     FOG W/VIS <= 1/4 MILE     29
HAZE                     57

-  INDICATES NEGATIVE NUMBERS.
R  INDICATES RECORD WAS SET OR TIED.
MM INDICATES DATA IS MISSING.
T  INDICATES TRACE AMOUNT.

$$
