441
CXUS55 KPUB 011501
CLACOS

CLIMATE REPORT
NATIONAL WEATHER SERVICE
801 AM MST FRI JAN 01 2021

...................................

...THE COLORADO SPRINGS CO CLIMATE SUMMARY FOR THE YEAR OF 2020...

CLIMATE NORMAL PERIOD 1981 TO 2010
CLIMATE RECORD PERIOD 1872 TO 2020

WEATHER         OBSERVED          NORMAL  DEPART
                VALUE   DATE(S)   VALUE   FROM
                                          NORMAL
................................................
TEMPERATURE (F)
RECORD
 HIGH            101   06/21/2016
                       06/26/2012
                       06/26/2012
 LOW             -27   02/01/1951
                       12/09/1919

HIGHEST           97   09/06
LOWEST             0   02/04
                       02/05

AVG. MAXIMUM    66.4               62.2     4.2
AVG. MINIMUM    37.3               35.8     1.5
MEAN            51.9               49.0     2.9

DAYS MAX >= 90    52
DAYS MAX <= 32    19
DAYS MIN <= 32   159
DAYS MIN <= 0      2

PRECIPITATION (INCHES)
RECORD
 MAXIMUM       27.58   1999
 MINIMUM        6.07   1939

TOTALS          9.89              16.54   -6.65
DAILY AVG.      0.03               0.05   -0.02

DAYS >= .01       72
DAYS >= .10       27
DAYS >= .50        3
DAYS >= 1.00       0

GREATEST
 24 HR. TOTAL   1.07   08/15 TO 08/16

SNOWFALL (INCHES)
RECORDS
 MAXIMUM        96.4   1957
 MINIMUM        11.4   2012

TOTALS          42.0               37.7     4.3
SINCE 7/1       11.1               13.5    -2.4
SNOWDEPTH AVG.     0
DAYS >= TRACE     57               29.2    27.8
DAYS >= 1.0       15               11.6     3.4

GREATEST
 SNOW DEPTH        5   04/03
 24 HR TOTAL     5.3   02/17 TO 02/18

DEGREE DAYS
HEATING TOTAL   5576               6292    -716
 SINCE 7/1      2194               2574    -380
COOLING TOTAL    904                455     449
 SINCE 1/1       904                455     449

FREEZE DATES
RECORD
 EARLIEST     09/03/1961
 LATEST       06/03/1951
EARLIEST                        09/08
LATEST                          05/09
................................................

WIND (MPH)
AVERAGE WIND SPEED              9.5
RESULTANT WIND SPEED/DIRECTION   1/030
HIGHEST WIND SPEED/DIRECTION    51/250    DATE  06/06
HIGHEST GUST SPEED/DIRECTION    64/270    DATE  01/17
                                64/310          02/25
                                64/310          10/11

SKY COVER
POSSIBLE SUNSHINE (PERCENT)   MM
AVERAGE SKY COVER           0.47
NUMBER OF DAYS FAIR          118
NUMBER OF DAYS PC            200
NUMBER OF DAYS CLOUDY         48

AVERAGE RH (PERCENT)     46

WEATHER CONDITIONS. NUMBER OF DAYS WITH
THUNDERSTORM             57     MIXED PRECIP               7
HEAVY RAIN               13     RAIN                      30
LIGHT RAIN               96     FREEZING RAIN              0
LT FREEZING RAIN          5     HAIL                       4
HEAVY SNOW                6     SNOW                      16
LIGHT SNOW               52     SLEET                      1
FOG                      62     FOG W/VIS <= 1/4 MILE     24
HAZE                     78

-  INDICATES NEGATIVE NUMBERS.
R  INDICATES RECORD WAS SET OR TIED.
MM INDICATES DATA IS MISSING.
T  INDICATES TRACE AMOUNT.

$$
