000
CXUS55 KPUB 021330 RRA
CLACOS

CLIMATE REPORT
NATIONAL WEATHER SERVICE PUEBLO
630 AM MST WED JAN 2 2019

...................................

...THE COLORADO SPRINGS CO CLIMATE SUMMARY FOR THE YEAR OF 2018...

CLIMATE NORMAL PERIOD 1981 TO 2010
CLIMATE RECORD PERIOD 1872 TO 2019

WEATHER         OBSERVED          NORMAL  DEPART
                 VALUE   DATE(S)  VALUE   FROM
                                          NORMAL
................................................
TEMPERATURE (F)
RECORD
 HIGH             101   06/21/2016
                        06/26/2012
                        06/26/2012
 LOW              -27   02/01/1951
                        12/09/1919

HIGHEST           100   06/28
LOWEST             -1   01/16

AVG. MAXIMUM     65.3              62.2     3.1
AVG. MINIMUM     37.1              35.8     1.3

MEAN             51.2              49.0     2.2

DAYS MAX >= 90     34
DAYS MAX <= 32     13
DAYS MIN <= 32    168
DAYS MIN <= 0       1

PRECIPITATION (INCHES)
RECORD
 MAXIMUM        27.58   1999
 MINIMUM         6.07   1939

TOTALS          15.41             16.54   -1.13

DAILY AVG.       0.04              0.05   -0.01
DAYS >= .01        92
DAYS >= .10        36
DAYS >= .50         8
DAYS >= 1.00        3

GREATEST
 24 HR. TOTAL    1.27   08/14 TO 08/14

SNOWFALL (INCHES)
RECORDS
 MAXIMUM         96.4  1957
 MINIMUM         11.4  2012

 24 HR TOTAL     22.0   01/15/1987 TO 01/15/1987
 SNOW DEPTH        20   10/26/1997

TOTALS           28.5              37.7    -9.2
SINCE 7/1         9.4              13.5    -4.1

SNOWDEPTH AVG.      0
DAYS >= TRACE      62              29.2    32.8
DAYS >= 1.0         9              11.6    -2.6

GREATEST
 SNOW DEPTH         4   04/21
 24 HR TOTAL      4.2   04/20 TO 04/20

DEGREE_DAYS
HEATING TOTAL    5648              6292    -644
 SINCE 7/1       2456              2572    -116
COOLING TOTAL     730               455     275
 SINCE 1/1        730               455     275

FREEZE DATES
RECORD
 EARLIEST     09/01/1911
 LATEST       06/18/1912

EARLIEST      10/10
LATEST        04/27
.................................................

WIND (MPH)
AVERAGE WIND SPEED              9.6
RESULTANT WIND SPEED/DIRECTION   1/067
HIGHEST WIND SPEED/DIRECTION    52/220    DATE  04/17
HIGHEST GUST SPEED/DIRECTION    71/250    DATE  03/23

SKY COVER
POSSIBLE SUNSHINE (PERCENT)   MM
AVERAGE SKY COVER           0.50
NUMBER OF DAYS FAIR           92
NUMBER OF DAYS PC            225
NUMBER OF DAYS CLOUDY         48

AVERAGE RH (PERCENT)     51

WEATHER CONDITIONS. NUMBER OF DAYS WITH

THUNDERSTORM         58   MIXED PRECIP           6
HEAVY RAIN           20   RAIN                  40
LIGHT RAIN           85   FREEZING RAIN          0
LT FREEZING RAIN      5   HAIL                  12
HEAVY SNOW            3   SNOW                   6
LIGHT SNOW           52   SLEET                  1
FOG                 107   FOG W/VIS <= 1/4 MILE 30
HAZE                 52

-  INDICATES NEGATIVE NUMBERS.
R  INDICATES RECORD WAS SET OR TIED.
MM INDICATES DATA IS MISSING.
T  INDICATES TRACE AMOUNT.

$$
