000
CXUS55 KPUB 012310
CLMCOS

CLIMATE REPORT
NATIONAL WEATHER SERVICE
510 PM MDT TUE JUN 01 2021

...................................

...THE COLORADO SPRINGS CO CLIMATE SUMMARY FOR THE MONTH OF MAY 2021...

CLIMATE NORMAL PERIOD 1991 TO 2020
CLIMATE RECORD PERIOD 1872 TO 2021

WEATHER         OBSERVED          NORMAL  DEPART   LAST YEAR`S
                VALUE   DATE(S)   VALUE   FROM     VALUE DATE(S)
                                          NORMAL
................................................................
TEMPERATURE (F)
RECORD
 HIGH             94   05/30/2000
 LOW              15   05/01/1916
HIGHEST           84   05/01         74      10       89  05/18
                                                          05/19
LOWEST            33   05/11         36      -3       32  05/09
AVG. MAXIMUM    67.8               70.7    -2.9     74.1
AVG. MINIMUM    44.0               43.5     0.5     44.3
MEAN            55.9               57.1    -1.2     59.2
DAYS MAX >= 90     0                0.4    -0.4
DAYS MAX <= 32     0                0.0     0.0
DAYS MIN <= 32     0                2.3    -2.3
DAYS MIN <= 0      0                0.0     0.0

PRECIPITATION (INCHES)
RECORD
 MAXIMUM        8.13   2015
 MINIMUM        0.09   1927
TOTALS          3.98               1.99    1.99     1.15
DAILY AVG.      0.13               0.06    0.07
DAYS >= .01       16               10.3     5.7
DAYS >= .10        9                4.9     4.1
DAYS >= .50        3                0.9     2.1
DAYS >= 1.00       0                0.3    -0.3
GREATEST
 24 HR. TOTAL   0.82   05/02 TO 05/03               0.95

SNOWFALL (INCHES)
RECORDS
 TOTAL          19.4   1978
TOTALS           1.7                0.6     1.1      0.0
SINCE 7/1       54.3               32.5    21.8       MM
SNOWDEPTH AVG.     0
DAYS >= 1.0        1                0.2     0.8
GREATEST
 SNOW DEPTH        1   05/10                           0
                       05/11
 24 HR TOTAL     1.7   05/10 TO 05/11                0.0

DEGREE DAYS
HEATING TOTAL    274                262      12      203
 SINCE 7/1      5889               5838      51       MM
COOLING TOTAL      1                 17     -16       31
 SINCE 1/1         3                 18     -15       MM
................................................................

WIND (MPH)
AVERAGE WIND SPEED              10.3
HIGHEST WIND SPEED/DIRECTION    41/360    DATE  05/02
                                41/230          05/23
HIGHEST GUST SPEED/DIRECTION    56/290    DATE  05/07

SKY COVER
POSSIBLE SUNSHINE (PERCENT)   MM
AVERAGE SKY COVER           0.64
NUMBER OF DAYS FAIR            4
NUMBER OF DAYS PC             17
NUMBER OF DAYS CLOUDY         10

AVERAGE RH (PERCENT)     60

WEATHER CONDITIONS. NUMBER OF DAYS WITH
THUNDERSTORM             10     MIXED PRECIP               2
HEAVY RAIN                7     RAIN                      10
LIGHT RAIN               22     FREEZING RAIN              0
LT FREEZING RAIN          0     HAIL                       5
HEAVY SNOW                0     SNOW                       0
LIGHT SNOW                3     SLEET                      0
FOG                      17     FOG W/VIS <= 1/4 MILE      4
HAZE                      6

-  INDICATES NEGATIVE NUMBERS.
R  INDICATES RECORD WAS SET OR TIED.
MM INDICATES DATA IS MISSING.
T  INDICATES TRACE AMOUNT.

$$
