000
CXUS55 KPUB 011959
CLMCOS


CLIMATE REPORT
NATIONAL WEATHER SERVICE
159 PM MDT FRI NOV 01 2019

...................................

...THE COLORADO SPRINGS CO CLIMATE SUMMARY FOR THE MONTH OF OCTOBER 2019...

CLIMATE NORMAL PERIOD: 1981 TO 2010
CLIMATE RECORD PERIOD: 1872 TO 2019

WEATHER         OBSERVED          NORMAL  DEPART   LAST YEAR`S
                VALUE   DATE(S)   VALUE   FROM     VALUE DATE(S)
                                          NORMAL
................................................................
TEMPERATURE (F)
RECORD
 HIGH             87   10/11/2015
                       10/03/1935
 LOW              -6   10/29/1917
HIGHEST           81   10/17         69      12       86  10/03
LOWEST             4   10/30         28     -24       16  10/15
AVG. MAXIMUM    58.1               63.0    -4.9     59.7
AVG. MINIMUM    28.1               35.8    -7.7     36.4
MEAN            43.1               49.4    -6.3     48.1
DAYS MAX >= 90     0                0.0     0.0
DAYS MAX <= 32     4                0.4     3.6
DAYS MIN <= 32    19                8.9    10.1
DAYS MIN <= 0      0                0.0     0.0

PRECIPITATION (INCHES)
RECORD
 MAXIMUM        5.01   1984
 MINIMUM           T   2016
TOTALS          0.82               0.82    0.00     1.61
DAILY AVG.      0.03               0.03    0.00
DAYS >= .01        0                5.0    -5.0
DAYS >= .10        0                2.3    -2.3
DAYS >= .50        0                0.4    -0.4
DAYS >= 1.00       0                0.0     0.0
GREATEST
 24 HR. TOTAL   0.34   10/27 TO 10/28               0.46

SNOWFALL (INCHES)
RECORDS
 TOTAL          25.9   1984
TOTALS          12.6                2.9     9.7      5.3
SINCE 7/1       12.6                3.1     9.5       MM
SNOWDEPTH AVG.     1
DAYS >= 1.0        4                0.8     3.2
GREATEST
 SNOW DEPTH        5   10/28                           3
 24 HR TOTAL     7.1   10/27 TO 10/28                3.7

DEGREE DAYS
HEATING TOTAL    690                484     206      524
 SINCE 7/1       694                674      20      593
COOLING TOTAL      0                  1      -1        7
 SINCE 1/1       721                455     266      730
................................................................

WIND (MPH)
AVERAGE WIND SPEED              9.8
HIGHEST WIND SPEED/DIRECTION    44/020    DATE  10/18
HIGHEST GUST SPEED/DIRECTION    62/280    DATE  10/20

SKY COVER
POSSIBLE SUNSHINE (PERCENT)   MM
AVERAGE SKY COVER           0.38
NUMBER OF DAYS FAIR           15
NUMBER OF DAYS PC             13
NUMBER OF DAYS CLOUDY          3

AVERAGE RH (PERCENT)     48

WEATHER CONDITIONS. NUMBER OF DAYS WITH
THUNDERSTORM              0     MIXED PRECIP               0
HEAVY RAIN                0     RAIN                       0
LIGHT RAIN                5     FREEZING RAIN              0
LT FREEZING RAIN          0     HAIL                       0
HEAVY SNOW                2     SNOW                       3
LIGHT SNOW                7     SLEET                      0
FOG                      11     FOG W/VIS <= 1/4 MILE      3
HAZE                      6

-  INDICATES NEGATIVE NUMBERS.
R  INDICATES RECORD WAS SET OR TIED.
MM INDICATES DATA IS MISSING.
T  INDICATES TRACE AMOUNT.

$$
