000
CXUS55 KPUB 020250
CLMCOS

CLIMATE REPORT
NATIONAL WEATHER SERVICE
750 PM MST MON FEB 01 2021

...................................

...THE COLORADO SPRINGS CO CLIMATE SUMMARY FOR THE MONTH OF JANUARY 2021...

CLIMATE NORMAL PERIOD 1981 TO 2010
CLIMATE RECORD PERIOD 1872 TO 2021

WEATHER         OBSERVED          NORMAL  DEPART   LAST YEAR`S
                VALUE   DATE(S)   VALUE   FROM     VALUE DATE(S)
                                          NORMAL
................................................................
TEMPERATURE (F)
RECORD
 HIGH             73   01/02/1997
 LOW             -26   01/31/1951
                       01/06/1913
HIGHEST           60   01/13         43      17       59  01/08
LOWEST             0   01/27         14     -14       12  01/10
                                                          01/11
AVG. MAXIMUM    43.5               43.2     0.3     47.8
AVG. MINIMUM    19.5               17.7     1.8     20.4
MEAN            31.5               30.5     1.0     34.1
DAYS MAX >= 90     0                0.0     0.0
DAYS MAX <= 32     5                5.7    -0.7
DAYS MIN <= 32    30               29.7     0.3
DAYS MIN <= 0      1                1.4    -0.4

PRECIPITATION (INCHES)
RECORD
 MAXIMUM        1.17   1987
 MINIMUM        0.00   1928
TOTALS          0.57               0.32    0.25     0.09
DAILY AVG.      0.02               0.01    0.01
DAYS >= .01        4                3.9     0.1
DAYS >= .10        3                1.1     1.9
DAYS >= .50        0                0.0     0.0
DAYS >= 1.00       0                0.0     0.0
GREATEST
 24 HR. TOTAL   0.30   01/25 TO 01/26               0.07

SNOWFALL (INCHES)
RECORDS
 TOTAL          28.7   1987
TOTALS           7.9                5.6     2.3      0.8
SINCE 7/1       19.0               19.1    -0.1       MM
SNOWDEPTH AVG.     1
DAYS >= 1.0        3                1.9     1.1
GREATEST
 SNOW DEPTH        4   01/26                          MM
 24 HR TOTAL     2.9   01/25 TO 01/25                0.4

DEGREE DAYS
HEATING TOTAL   1030               1071     -41      949
 SINCE 7/1      3224               3639    -415       MM
COOLING TOTAL      0                  0       0        0
 SINCE 1/1         0                  0       0       MM
................................................................

WIND (MPH)
AVERAGE WIND SPEED              8.3
HIGHEST WIND SPEED/DIRECTION    39/350    DATE  01/14
HIGHEST GUST SPEED/DIRECTION    51/360    DATE  01/14

SKY COVER
POSSIBLE SUNSHINE (PERCENT)   MM
AVERAGE SKY COVER           0.47
NUMBER OF DAYS FAIR           11
NUMBER OF DAYS PC             15
NUMBER OF DAYS CLOUDY          5

AVERAGE RH (PERCENT)     53

WEATHER CONDITIONS. NUMBER OF DAYS WITH
THUNDERSTORM              0     MIXED PRECIP               0
HEAVY RAIN                0     RAIN                       0
LIGHT RAIN                0     FREEZING RAIN              0
LT FREEZING RAIN          0     HAIL                       0
HEAVY SNOW                1     SNOW                       2
LIGHT SNOW                6     SLEET                      0
FOG                       7     FOG W/VIS <= 1/4 MILE      4
HAZE                      7

-  INDICATES NEGATIVE NUMBERS.
R  INDICATES RECORD WAS SET OR TIED.
MM INDICATES DATA IS MISSING.
T  INDICATES TRACE AMOUNT.

$$
