000
CXUS55 KPUB 101640 RRA
CLSCOS

CLIMATE REPORT
NATIONAL WEATHER SERVICE
1040 AM MDT WED JUN 10 2020

...................................

...THE COLORADO SPRINGS CO CLIMATE SUMMARY FOR THE SEASON, FROM
3/1/2020 TO 5/31/2020...

CLIMATE NORMAL PERIOD: 1981 TO 2010
CLIMATE RECORD PERIOD: 1872 TO 2020

WEATHER         OBSERVED          NORMAL  DEPART   LAST YEAR`S
                VALUE   DATE(S)   VALUE   FROM     VALUE DATE(S)
                                          NORMAL
................................................................
TEMPERATURE (F)
RECORD
 HIGH             94   05/30/2000
 LOW             -16   03/02/1943

HIGHEST           89   05/18                          82  05/15
                       05/19
LOWEST             7   04/14                           1  03/04

AVG. MAXIMUM    64.2               60.3     3.9     58.9
AVG. MINIMUM    35.5               34.0     1.5     33.1
MEAN            49.8               47.2     2.6     46.0

DAYS MAX >= 90     0                0.2    -0.2
DAYS MAX <= 32     1                2.7    -1.7
DAYS MIN <= 32    35               38.0    -3.0
DAYS MIN <= 0      0                0.1    -0.1

PRECIPITATION (INCHES)
RECORD
 MAXIMUM       12.13   1957
 MINIMUM        1.14   2006

TOTALS          3.00               4.45   -1.45     4.73
DAILY AVG.      0.03               0.05   -0.02
DAYS >= .01       19               26.5    -7.5
DAYS >= .10        7               11.3    -4.3
DAYS >= .50        1                1.9    -0.9
DAYS >= 1.00       0                0.5    -0.5

GREATEST
 24 HR. TOTAL   0.95   05/24 TO 05/24

SNOWFALL (INCHES)
RECORDS
 MAXIMUM        63.1   1957
 MINIMUM         T     1946

TOTALS          17.1               13.7     3.4     17.9
SINCE 7/1       56.4               37.7    18.7     36.2

SNOWDEPTH AVG.     0
DAYS >= 1.0        6                4.0     2.0

GREATEST
 SNOW DEPTH        5   04/03                           5
 24 HR TOTAL     4.8   04/02 TO 04/03                4.9

DEGREE DAYS

HEATING TOTAL   1397               1650    -253     1729
 SINCE 7/1      5824               6213    -389     6095
COOLING TOTAL     31                 10      21        1
 SINCE 1/1        31                 10      21        1
................................................................

WIND (MPH)
AVERAGE WIND SPEED              10.3
HIGHEST WIND SPEED/DIRECTION    46/340    DATE  04/12
HIGHEST GUST SPEED/DIRECTION    63/330    DATE  04/12

SKY COVER
POSSIBLE SUNSHINE (PERCENT)   MM
AVERAGE SKY COVER           0.55
NUMBER OF DAYS FAIR           14
NUMBER OF DAYS PC             61
NUMBER OF DAYS CLOUDY         17

AVERAGE RH (PERCENT)     49

WEATHER CONDITIONS. NUMBER OF DAYS WITH
THUNDERSTORM             11     MIXED PRECIP               3
HEAVY RAIN                2     RAIN                       6
LIGHT RAIN               30     FREEZING RAIN              0
LT FREEZING RAIN          4     HAIL                       0
HEAVY SNOW                4     SNOW                       8
LIGHT SNOW               13     SLEET                      0
FOG                      17     FOG W/VIS <= 1/4 MILE     11
HAZE                     11

-  INDICATES NEGATIVE NUMBERS.
R  INDICATES RECORD WAS SET OR TIED.
MM INDICATES DATA IS MISSING.
T  INDICATES TRACE AMOUNT.

$$
