000
CXUS55 KPUB 022122 RRA
CLSCOS

CLIMATE REPORT
NATIONAL WEATHER SERVICE
322 PM MDT WED JUN 02 2021

...................................

...THE COLORADO SPRINGS CO CLIMATE SUMMARY FOR THE SEASON, FROM
3/1/2021 TO 5/31/2021...

CLIMATE NORMAL PERIOD 1991 TO 2020
CLIMATE RECORD PERIOD 1872 TO 2021

WEATHER         OBSERVED          NORMAL  DEPART   LAST YEAR`S
                VALUE   DATE(S)   VALUE   FROM     VALUE DATE(S)
                                          NORMAL
................................................................
TEMPERATURE (F)
RECORD
 HIGH             94   05/30/2000
 LOW             -16   03/02/1943

HIGHEST           84   05/01                          89  05/18
                                                          05/19
LOWEST            18   03/01                           7  04/14
                       04/20
AVG. MAXIMUM    60.3               62.2    -1.9     64.2
AVG. MINIMUM    34.8               34.9    -0.1     35.5
MEAN            47.5               48.6    -1.1     49.8

DAYS MAX >= 90     0                0.4    -0.4
DAYS MAX <= 32     0                2.4    -2.4
DAYS MIN <= 32    42               39.5     2.5
DAYS MIN <= 0      0                0.1    -0.1

PRECIPITATION (INCHES)
RECORD
 MAXIMUM       12.13   1957
 MINIMUM        1.14   2006

TOTALS          6.13               4.23    1.90     3.00

DAILY AVG.      0.07               0.05    0.02
DAYS >= .01       27               25.2     1.8
DAYS >= .10       16               10.8     5.2
DAYS >= .50        4                1.7     2.3
DAYS >= 1.00       0                0.5    -0.5

GREATEST
 24 HR. TOTAL   0.82   05/02 TO 05/03

SNOWFALL (INCHES)
RECORDS
MAXIMUM         63.1   1957
MINIMUM          T     1946

TOTALS          21.7               11.8     9.9     17.1
SINCE 7/1       54.3               32.5    21.8     56.4

SNOWDEPTH AVG.     0
DAYS >= 1.0        8                3.8     4.2

GREATEST
 SNOW DEPTH        6   03/22                           5
 24 HR TOTAL     6.3   03/21 TO 03/22                4.8

DEGREE DAYS
HEATING TOTAL   1584               1528      56     1397
 SINCE 7/1      5889               5838      51     5824
COOLING TOTAL      3                 18     -15       31
 SINCE 1/1         3                 18     -15       31
................................................................

WIND (MPH)
AVERAGE WIND SPEED              10.7
HIGHEST WIND SPEED/DIRECTION    41/360    DATE  05/02
HIGHEST GUST SPEED/DIRECTION    57/260    DATE  03/29

SKY COVER
POSSIBLE SUNSHINE (PERCENT)   MM
AVERAGE SKY COVER           0.54
NUMBER OF DAYS FAIR           22
NUMBER OF DAYS PC             49
NUMBER OF DAYS CLOUDY         21

AVERAGE RH (PERCENT)     52

WEATHER CONDITIONS. NUMBER OF DAYS WITH
THUNDERSTORM             14     MIXED PRECIP               6
HEAVY RAIN                8     RAIN                      12
LIGHT RAIN               35     FREEZING RAIN              0
LT FREEZING RAIN          2     HAIL                       7
HEAVY SNOW                5     SNOW                       8
LIGHT SNOW               22     SLEET                      2
FOG                      28     FOG W/VIS <= 1/4 MILE     10
HAZE                     12

-  INDICATES NEGATIVE NUMBERS.
R  INDICATES RECORD WAS SET OR TIED.
MM INDICATES DATA IS MISSING.
T  INDICATES TRACE AMOUNT.

$$
