000
CDUS41 KRLX 090732
CLICRW

CLIMATE REPORT
NATIONAL WEATHER SERVICE CHARLESTON WV
332 AM EDT SUN MAY 09 2021

...................................

...THE CHARLESTON WV CLIMATE SUMMARY FOR MAY 8 2021...

CLIMATE NORMAL PERIOD: 1991 TO 2020
CLIMATE RECORD PERIOD: 1901 TO 2021


WEATHER ITEM   OBSERVED TIME   RECORD YEAR NORMAL DEPARTURE LAST
                VALUE   (LST)  VALUE       VALUE  FROM      YEAR
                                                  NORMAL
...................................................................
TEMPERATURE (F)
 YESTERDAY
  MAXIMUM         60   5:02 PM  95    1930  75    -15       56
  MINIMUM         43   7:09 AM  30    1947  51     -8       35
  AVERAGE         52                        63    -11       46

PRECIPITATION (IN)
  YESTERDAY        0.04          1.95 2008   0.16  -0.12     0.76
  MONTH TO DATE    1.25                      1.25   0.00     2.18
  SINCE MAR 1      7.12                      8.95  -1.83    12.39
  SINCE JAN 1     14.50                     15.58  -1.08    20.81

DEGREE DAYS
 HEATING
  YESTERDAY       13                         4      9       19
  MONTH TO DATE   60                        36     24       88
  SINCE MAR 1    869                       904    -35      889
  SINCE JUL 1   4215                      4276    -61     3924

 COOLING
  YESTERDAY        0                         2     -2        0
  MONTH TO DATE    4                        16    -12        4
  SINCE MAR 1     27                        51    -24       22
  SINCE JAN 1     27                        51    -24       27
...................................................................


WIND (MPH)
  HIGHEST WIND SPEED    17   HIGHEST WIND DIRECTION    SW (240)
  HIGHEST GUST SPEED    25   HIGHEST GUST DIRECTION     W (250)
  AVERAGE WIND SPEED     5.3


SKY COVER
  AVERAGE SKY COVER 0.7


WEATHER CONDITIONS
THE FOLLOWING WEATHER WAS RECORDED YESTERDAY.
  LIGHT RAIN


RELATIVE HUMIDITY (PERCENT)
 HIGHEST    93
 LOWEST     36
 AVERAGE    65

..........................................................


THE CHARLESTON WV CLIMATE NORMALS FOR TODAY
                         NORMAL    RECORD    YEAR
 MAXIMUM TEMPERATURE (F)   75        96      1930
 MINIMUM TEMPERATURE (F)   51        28      1947


SUNRISE AND SUNSET
MAY  9 2021...........SUNRISE   6:21 AM EDT   SUNSET   8:26 PM EDT
MAY 10 2021...........SUNRISE   6:20 AM EDT   SUNSET   8:27 PM EDT


-  INDICATES NEGATIVE NUMBERS.
R  INDICATES RECORD WAS SET OR TIED.
MM INDICATES DATA IS MISSING.
T  INDICATES TRACE AMOUNT.




$$
