000
CDUS41 KRLX 182114
CLIEKN

CLIMATE REPORT
NATIONAL WEATHER SERVICE CHARLESTON WV
514 PM EDT TUE MAY 18 2021

...................................

...THE ELKINS WV CLIMATE SUMMARY FOR MAY 18 2021...
VALID TODAY AS OF 0500 PM LOCAL TIME.

CLIMATE NORMAL PERIOD: 1991 TO 2020
CLIMATE RECORD PERIOD: 1899 TO 2021


WEATHER ITEM   OBSERVED TIME   RECORD YEAR NORMAL DEPARTURE LAST
                VALUE   (LST)  VALUE       VALUE  FROM      YEAR
                                                  NORMAL
...................................................................
TEMPERATURE (F)
 TODAY
  MAXIMUM         78   3:55 PM  89    1911  74      4       82
  MINIMUM         43   5:43 AM  29    1955  48     -5       58
  AVERAGE         61                        61      0       70

PRECIPITATION (IN)
  TODAY            0.00          1.41 2010   0.16  -0.16     0.01
  MONTH TO DATE    2.04                      3.06  -1.02     2.56
  SINCE MAR 1      7.04                     11.14  -4.10    12.17
  SINCE JAN 1     13.96                     17.76  -3.80    21.27

DEGREE DAYS
 HEATING
  TODAY            4                         6     -2        0
  MONTH TO DATE  229                       131     98      234
  SINCE MAR 1   1335                      1286     49     1272
  SINCE JUL 1   5244                      5350   -106     4807

 COOLING
  TODAY            0                         1     -1        5
  MONTH TO DATE    4                        13     -9       15
  SINCE MAR 1      4                        18    -14       21
  SINCE JAN 1      4                        18    -14       21
...................................................................


WIND (MPH)
  HIGHEST WIND SPEED    12   HIGHEST WIND DIRECTION     W (290)
  HIGHEST GUST SPEED    16   HIGHEST GUST DIRECTION    NW (320)
  AVERAGE WIND SPEED     2.4


SKY COVER
  AVERAGE SKY COVER 0.2


WEATHER CONDITIONS
THE FOLLOWING WEATHER WAS RECORDED TODAY.
  FOG
  FOG W/VISIBILITY <= 1/4 MILE
  HAZE


RELATIVE HUMIDITY (PERCENT)
 HIGHEST    89
 LOWEST     31
 AVERAGE    60

..........................................................


THE ELKINS WV CLIMATE NORMALS FOR TOMORROW
                         NORMAL    RECORD    YEAR
 MAXIMUM TEMPERATURE (F)   74        93      1996
 MINIMUM TEMPERATURE (F)   48        28      2009


SUNRISE AND SUNSET
MAY 18 2021...........SUNRISE   6:04 AM EDT   SUNSET   8:28 PM EDT
MAY 19 2021...........SUNRISE   6:03 AM EDT   SUNSET   8:29 PM EDT


-  INDICATES NEGATIVE NUMBERS.
R  INDICATES RECORD WAS SET OR TIED.
MM INDICATES DATA IS MISSING.
T  INDICATES TRACE AMOUNT.




$$
