000
CXUS53 KTOP 180800
CF6EMP
PRELIMINARY LOCAL CLIMATOLOGICAL DATA (WS FORM: F-6)

                                          STATION:   Emporia KS
                                          MONTH:     JUNE
                                          YEAR:      2018
                                          LATITUDE:   38 19 N
                                          LONGITUDE:  96 12 W

  TEMPERATURE IN F:       :PCPN:    SNOW:  WIND      :SUNSHINE: SKY     :PK WND
================================================================================
1   2   3   4   5  6A  6B    7    8   9   10  11  12  13   14  15   16   17  18
                                     12Z  AVG MX 2MIN
DY MAX MIN AVG DEP HDD CDD  WTR  SNW DPTH SPD SPD DIR MIN PSBL S-S WX    SPD DR
================================================================================

 1  90  65  78   8   0  13 0.00    M    M 10.3 21 140   M    M   1        30 130
 2  82  62  72   2   0   7 0.08    M    M 12.1 37  10   M    M   2 13     58  10
 3  84  56  70   0   0   5 0.00    M    M  5.1 13 320   M    M   0        20 330
 4  83  59  71   0   0   6 0.00    M    M  6.9 18 150   M    M   0        24 140
 5  86  60  73   2   0   8 0.00    M    M  7.6 14 190   M    M   0        19 190
 6  89  65  77   6   0  12 0.00    M    M  7.8 15 170   M    M   0        22 200
 7  84  66  75   4   0  10    T    M    M  6.9 23  40   M    M   0 3      29  40
 8  90  64  77   5   0  12 0.00    M    M  8.0 17 170   M    M   0        23 190
 9  91  71  81   9   0  16 0.00    M    M 12.5 24 180   M    M   0        34 180
10  93  71  82  10   0  17 0.00    M    M 15.2 25 190   M    M   0        33 190
11  93  71  82  10   0  17 0.27    M    M 14.5 28  40   M    M   0 13     36  50
12  90  67  79   6   0  14 0.34    M    M 10.1 30  50   M    M   4 13     37  50
13  87  70  79   6   0  14 0.00    M    M  8.1 16 130   M    M   3        22  60
14  93  74  84  11   0  19 0.00    M    M 13.6 22 170   M    M   0        31 190
15  93  71  82   9   0  17 0.00    M    M 14.8 26 170   M    M   0        35 180
16  92  73  83   9   0  18 0.00    M    M 14.0 23 170   M    M   0        32 170
17  91  73  82   8   0  17 0.00    M    M 14.8 25 180   M    M   0        36 160
================================================================================
SM 1511 1138         0 222  0.69    M    182.3          M       10
================================================================================
AV 88.9 66.9                              10.7 FASTST   M    M   1    MAX(MPH)
                                 MISC ---->  # 37  10               # 58   10
================================================================================
NOTES:
# LAST OF SEVERAL OCCURRENCES

COLUMN 17 PEAK WIND IN M.P.H.

PRELIMINARY LOCAL CLIMATOLOGICAL DATA (WS FORM: F-6) , PAGE 2

                                          STATION:  Emporia KS
                                          MONTH:    JUNE
                                          YEAR:     2018
                                          LATITUDE:   38 19 N
                                          LONGITUDE:  96 12 W

[TEMPERATURE DATA]      [PRECIPITATION DATA]       SYMBOLS USED IN COLUMN 16

AVERAGE MONTHLY: 77.9   TOTAL FOR MONTH:   0.69    1 = FOG OR MIST
DPTR FM NORMAL:   6.0   DPTR FM NORMAL:   -2.82    2 = FOG REDUCING VISIBILITY
HIGHEST:    93 ON 15,14 GRTST 24HR  0.34 ON 12-12      TO 1/4 MILE OR LESS
LOWEST:     56 ON  3                               3 = THUNDER
                        SNOW, ICE PELLETS, HAIL    4 = ICE PELLETS
                        TOTAL MONTH:    M          5 = HAIL
                        GRTST 24HR    M  ON   M    6 = FREEZING RAIN OR DRIZZLE
                        GRTST DEPTH:  M  ON   M    7 = DUSTSTORM OR SANDSTORM:
                                                       VSBY 1/2 MILE OR LESS
                                                   8 = SMOKE OR HAZE
[NO. OF DAYS WITH]      [WEATHER - DAYS WITH]      9 = BLOWING SNOW
                                                   X = TORNADO
MAX 32 OR BELOW:   0    0.01 INCH OR MORE:   3
MAX 90 OR ABOVE:  10    0.10 INCH OR MORE:   2
MIN 32 OR BELOW:   0    0.50 INCH OR MORE:   0
MIN  0 OR BELOW:   0    1.00 INCH OR MORE:   0

[HDD (BASE 65) ]
TOTAL THIS MO.     0    CLEAR  (SCALE 0-3)  16
DPTR FM NORMAL    -5    PTCLDY (SCALE 4-7)   1
TOTAL FM JUL 1  4812    CLOUDY (SCALE 8-10)  0
DPTR FM NORMAL    -4

[CDD (BASE 65) ]
TOTAL THIS MO.   222
DPTR FM NORMAL    98    [PRESSURE DATA]
TOTAL FM JAN 1   469    HIGHEST SLP M ON M
DPTR FM NORMAL   226    LOWEST  SLP 29.63 ON 10

[REMARKS]
