000
CXUS53 KFSD 011620
CLMFSD

CLIMATE REPORT
NATIONAL WEATHER SERVICE SIOUX FALLS SD
1112 AM CDT FRI JUL 01 2022

...THE SIOUX FALLS CLIMATE SUMMARY FOR THE MONTH OF JUNE 2022...

CLIMATE NORMAL PERIOD: 1991 TO 2020
CLIMATE RECORD PERIOD: 1893 TO 2022

WEATHER         OBSERVED          NORMAL  DEPART   LAST YEAR`S
                VALUE   DATE(S)   VALUE   FROM     VALUE DATE(S)
                                          NORMAL
TEMPERATURE (F)
RECORD
 HIGH            110   06/21/1988
 LOW              32   06/07/1901
                       06/07/1897
HIGHEST          100   06/20         MM      MM      101  06/05
LOWEST            44   06/03         MM      MM       41  06/01
AVG. MAXIMUM    84.5               80.9     3.6     89.5
AVG. MINIMUM    60.5               58.8     1.7     61.0
MEAN            72.5               69.9     2.6     75.3
DAYS MAX >= 90    10                3.0     7.0       15
DAYS MAX <= 32     0                0.0     0.0        0
DAYS MIN <= 32     0                0.0     0.0        0
DAYS MIN <= 0      0                0.0     0.0        0

PRECIPITATION (INCHES)
RECORD
 MAXIMUM       13.70   2014
 MINIMUM        0.36   1893
TOTALS          1.95               4.23   -2.28     0.78
DAILY AVG.      0.07               0.14   -0.07     0.03
DAYS >= .01       12               11.8     0.2        5
DAYS >= .10        5                7.3    -2.3        2
DAYS >= .50        2                2.5    -0.5        0
DAYS >= 1.00       0                1.1    -1.1        0
GREATEST
 24 HR. TOTAL   0.52   06/20 TO 06/20
                       06/12 TO 06/13
                       06/20 TO 06/20

DEGREE DAYS
HEATING TOTAL     19                 32     -13        5
 SINCE 7/1      6816               7245    -429       MM
COOLING TOTAL    251                178      73      319
 SINCE 1/1       310                229      81       MM

WIND (MPH)
AVERAGE WIND SPEED              9.5
HIGHEST WIND SPEED/DIRECTION    49/260    DATE  06/20
HIGHEST GUST SPEED/DIRECTION    82/290    DATE  06/20

SKY COVER
POSSIBLE SUNSHINE (PERCENT)   MM
AVERAGE SKY COVER           0.43
NUMBER OF DAYS FAIR           12
NUMBER OF DAYS PC             14
NUMBER OF DAYS CLOUDY          4

AVERAGE RH (PERCENT)     59

WEATHER CONDITIONS. NUMBER OF DAYS WITH
THUNDERSTORM              8     MIXED PRECIP               0
HEAVY RAIN                3     RAIN                       4
LIGHT RAIN               14     FREEZING RAIN              0
LT FREEZING RAIN          0     HAIL                       1
HEAVY SNOW                0     SNOW                       0
LIGHT SNOW                0     SLEET                      0
FOG                       8     FOG W/VIS <= 1/4 MILE      0
HAZE                      0

-  INDICATES NEGATIVE NUMBERS.
R  INDICATES RECORD WAS SET OR TIED.
MM INDICATES DATA IS MISSING.
T  INDICATES TRACE AMOUNT.

$$
