000
CXUS53 KGLD 052001
CLAGLD

CLIMATE REPORT
NATIONAL WEATHER SERVICE
101 PM MST TUE JAN 05 2021

...................................

...THE GOODLAND KS CLIMATE SUMMARY FOR THE YEAR OF 2020...

CLIMATE NORMAL PERIOD: 1981 TO 2010
CLIMATE RECORD PERIOD: 1895 TO 2021

WEATHER         OBSERVED          NORMAL  DEPART   LAST YEAR`S
                VALUE   DATE(S)   VALUE   FROM     VALUE DATE(S)
                                          NORMAL
................................................................
TEMPERATURE (F)
RECORD
 HIGH            111   07/25/1940
 LOW             -27   12/22/1989
HIGHEST          104   06/29        103       1      105  07/19
LOWEST             0   10/27        -11      11      -10  03/04
AVG. MAXIMUM    73.8               65.1     8.7     64.3
AVG. MINIMUM    43.0               37.6     5.4     37.0
MEAN            58.4               51.4     7.0     50.7
DAYS MAX >= 90    72               45.8    26.2       51
DAYS MAX <= 32    10               24.5   -14.5       34
DAYS MIN <= 32    81              152.3   -71.3      172
DAYS MIN <= 0      1                5.7    -4.7        3

PRECIPITATION (INCHES)
RECORD
 MAXIMUM       30.89   1915
 MINIMUM        9.19   1956
TOTALS         16.18              19.66   -3.48    22.82
DAYS >= .01       47               80.6   -33.6       87
DAYS >= .10       26               39.9   -13.9       45
DAYS >= .50        9               11.9    -2.9       10
DAYS >= 1.00       3                4.1    -1.1        5
GREATEST
 24 HR. TOTAL   2.07   07/25 TO 07/26               2.84

SNOWFALL (INCHES)
RECORDS
 TOTAL          86.2   1984
 24 HR TOTAL    19.3   10/24/1997 TO 10/25/1997
 SNOW DEPTH       20
TOTALS          28.5               35.5    -7.0     32.8
SINCE 7/1       16.8               12.7     4.1      7.9
SNOWDEPTH AVG.     0                                   0
DAYS >= 1.0        6               10.1    -4.1       13
GREATEST
 SNOW DEPTH        6   10/27                           8  11/27
                       12/15
                       12/16

DEGREE DAYS
HEATING TOTAL   5497               5901    -404     6124
 SINCE 7/1      2234               2411    -177     2322
COOLING TOTAL   1189                941     248     1049
 SINCE 1/1      1189                941     248     1049

................................................................

WIND (MPH)
AVERAGE WIND SPEED              12.1
HIGHEST WIND SPEED/DIRECTION    49/330    DATE  10/11
HIGHEST GUST SPEED/DIRECTION    66/320    DATE  10/11

SKY COVER
AVERAGE SKY COVER           0.19

AVERAGE RH (PERCENT)     56

WEATHER CONDITIONS. NUMBER OF DAYS WITH
THUNDERSTORM             35     MIXED PRECIP               0
HEAVY RAIN               19     RAIN                      18
LIGHT RAIN               43     FREEZING RAIN              0
LT FREEZING RAIN          6     HAIL                       4
HEAVY SNOW                1     SNOW                       2
LIGHT SNOW               17     SLEET                      0
FOG                      67     FOG W/VIS <= 1/4 MILE     12
HAZE                     31

-  INDICATES NEGATIVE NUMBERS.
R  INDICATES RECORD WAS SET OR TIED.
MM INDICATES DATA IS MISSING.
T  INDICATES TRACE AMOUNT.

$$
