000
CDUS43 KGRB 140715
CLIGRB

CLIMATE REPORT
NATIONAL WEATHER SERVICE GREEN BAY
215 AM CDT MON JUN 14 2021

...................................

...THE GREEN BAY WI CLIMATE SUMMARY FOR JUNE 13 2021...

CLIMATE NORMAL PERIOD: 1991 TO 2020
CLIMATE RECORD PERIOD: 1886 TO 2021


WEATHER ITEM   OBSERVED TIME   RECORD YEAR NORMAL DEPARTURE LAST
                VALUE   (LST)  VALUE       VALUE  FROM      YEAR
                                                  NORMAL
...................................................................
TEMPERATURE (F)
 YESTERDAY
  MAXIMUM         88   4:16 PM  94    1988  76     12       64
  MINIMUM         59   4:27 AM  39    1969  56      3       42
  AVERAGE         74                        66      8       53

PRECIPITATION (IN)
  YESTERDAY        0.01          1.88 1990   0.14  -0.13     0.00
  MONTH TO DATE    0.22                      1.84  -1.62     1.72
  SINCE JUN 1      0.22                      1.84  -1.62     1.72
  SINCE JAN 1      7.20                     12.74  -5.54    16.16

SNOWFALL (IN)
  YESTERDAY        0.0           0.0    MM   0.0    0.0      0.0
  MONTH TO DATE    0.0                       0.0    0.0      0.0
  SINCE JUN 1      0.0                       0.0    0.0      0.0
  SINCE JUL 1     32.0                      55.6  -23.6     61.3
  SNOW DEPTH       0

DEGREE DAYS
 HEATING
  YESTERDAY        0                         2     -2       12
  MONTH TO DATE    2                        42    -40       34
  SINCE JUN 1      2                        42    -40       34
  SINCE JUL 1   7039                      7482   -443     7300

 COOLING
  YESTERDAY        9                         3      6        0
  MONTH TO DATE  145                        31    114       51
  SINCE JUN 1    145                        31    114       51
  SINCE JAN 1    190                        58    132       90
...................................................................


WIND (MPH)
  HIGHEST WIND SPEED    35   HIGHEST WIND DIRECTION     N (20)
  HIGHEST GUST SPEED    49   HIGHEST GUST DIRECTION    NE (30)
  AVERAGE WIND SPEED     9.1


SKY COVER
  POSSIBLE SUNSHINE  MM
  AVERAGE SKY COVER 0.1


WEATHER CONDITIONS
THE FOLLOWING WEATHER WAS RECORDED YESTERDAY.
  THUNDERSTORM
  RAIN
  LIGHT RAIN


RELATIVE HUMIDITY (PERCENT)
 HIGHEST    93           4:00 AM
 LOWEST     26           2:00 PM
 AVERAGE    60

..........................................................


THE GREEN BAY WI CLIMATE NORMALS FOR TODAY
                         NORMAL    RECORD    YEAR
 MAXIMUM TEMPERATURE (F)   76        97      1987
 MINIMUM TEMPERATURE (F)   56        34      1958


SUNRISE AND SUNSET
JUNE 14 2021..........SUNRISE   5:07 AM CDT   SUNSET   8:39 PM CDT
JUNE 15 2021..........SUNRISE   5:07 AM CDT   SUNSET   8:39 PM CDT


-  INDICATES NEGATIVE NUMBERS.
R  INDICATES RECORD WAS SET OR TIED.
MM INDICATES DATA IS MISSING.
T  INDICATES TRACE AMOUNT.




$$
