000
CXUS51 KRLX 020826
CLAHTS

CLIMATE REPORT
NATIONAL WEATHER SERVICE CHARLESTON WV
326 AM EST SAT JAN 02 2021

...................................

...THE HUNTINGTON WV CLIMATE SUMMARY FOR THE YEAR OF 2020...

CLIMATE NORMAL PERIOD: 1981 TO 2010
CLIMATE RECORD PERIOD: 1897 TO 2021

WEATHER         OBSERVED          NORMAL  DEPART   LAST YEAR`S
                VALUE   DATE(S)   VALUE   FROM     VALUE
                                          NORMAL
..............................................................
TEMPERATURE (F)
RECORD
 HIGH            108   07/28/1930
 LOW             -24   02/09/1899
HIGHEST           96   07/09                          96
                       07/19
LOWEST            13   02/15                           1
                       12/26
AVG. MAXIMUM    67.3               66.1     1.2     68.1
AVG. MINIMUM    47.5               45.4     2.1     47.3
MEAN            57.4               55.7     1.7     57.7
DAYS MAX >= 90    30               21.5     8.5       38
DAYS MAX <= 32     4               14.8   -10.8       11
DAYS MAX >= 80   113                                  MM
DAYS MAX >= 100    0                                  MM
DAYS MIN <= 32    71               89.1   -18.1       90
DAYS MIN <= 0      0                0.9    -0.9        0
DAYS MIN <= 10     0                                  MM

PRECIPITATION (INCHES)
RECORD
 MAXIMUM       62.44   2011
 MINIMUM       21.73   1930
TOTALS         48.22              42.59    5.63    49.37
DAILY AVG.      0.13               0.12    0.01     0.14
DAYS >= .01      156              139.0    17.0      133
DAYS >= .10       97               83.8    13.2       87
DAYS >= .50       32               27.7     4.3       38
DAYS >= 1.00      10                8.8     1.2       11
GREATEST
 24 HR. TOTAL   1.79   09/12 TO 09/13               1.94

SNOWFALL (INCHES)
RECORDS
 TOTAL          60.9   1936
 24 HR TOTAL    21.1   03/13/1993 TO 03/13/1993
TOTALS          11.2               23.6   -12.4      7.0
SINCE 7/1        7.0                4.6     2.4       MM
DAYS >= TRACE     20               18.9     1.1       34
DAYS >= 1.0        2                6.8    -4.8        4
DAYS >= 3.0        1                                  MM
GREATEST
 SNOW DEPTH        7   12/25                           1
 24 HR TOTAL     7.0   12/24 TO 12/24                1.5

DEGREE DAYS
HEATING TOTAL   4012               4513    -501     4033
 SINCE 7/1      1575               1756    -181       MM
COOLING TOTAL   1329               1135     194     1511
 SINCE 1/1      1329               1135     194     1511
..............................................................

WIND (MPH)
AVERAGE WIND SPEED              5.1
HIGHEST WIND SPEED/DIRECTION    40/260    DATE  01/11
HIGHEST GUST SPEED/DIRECTION    56/260    DATE  01/11

SKY COVER
POSSIBLE SUNSHINE (PERCENT)   MM
AVERAGE SKY COVER           0.46
NUMBER OF DAYS FAIR          152
NUMBER OF DAYS PC            121
NUMBER OF DAYS CLOUDY         93

AVERAGE RH (PERCENT)     70

WEATHER CONDITIONS. NUMBER OF DAYS WITH
THUNDERSTORM             47     MIXED PRECIP               0
HEAVY RAIN               47     RAIN                      66
LIGHT RAIN              164     FREEZING RAIN              0
LT FREEZING RAIN          1     HAIL                       0
HEAVY SNOW                1     SNOW                       1
LIGHT SNOW               21     SLEET                      0
FOG                     177     FOG W/VIS <= 1/4 MILE     42
HAZE                     25

-  INDICATES NEGATIVE NUMBERS.
R  INDICATES RECORD WAS SET OR TIED.
MM INDICATES DATA IS MISSING.
T  INDICATES TRACE AMOUNT.

$$
