000
CDUS41 KRLX 182114
CLIHTS

CLIMATE REPORT
NATIONAL WEATHER SERVICE CHARLESTON WV
514 PM EDT TUE MAY 18 2021

...................................

...THE HUNTINGTON WV CLIMATE SUMMARY FOR MAY 18 2021...
VALID TODAY AS OF 0500 PM LOCAL TIME.

CLIMATE NORMAL PERIOD: 1991 TO 2020
CLIMATE RECORD PERIOD: 1897 TO 2021


WEATHER ITEM   OBSERVED TIME   RECORD YEAR NORMAL DEPARTURE LAST
                VALUE   (LST)  VALUE       VALUE  FROM      YEAR
                                                  NORMAL
...................................................................
TEMPERATURE (F)
 TODAY
  MAXIMUM         78   3:49 PM  92    1906  77      1       76
                                      1962
  MINIMUM         58   6:01 AM  36    1973  55      3       65
                                      2014
  AVERAGE         68                        66      2       71

PRECIPITATION (IN)
  TODAY            0.00          2.64 2001   0.13  -0.13     0.10
  MONTH TO DATE    1.93                      2.73  -0.80     2.37
  SINCE MAR 1      9.43                     10.80  -1.37    11.70
  SINCE JAN 1     17.10                     17.27  -0.17    19.90

DEGREE DAYS
 HEATING
  TODAY            0                         3     -3        0
  MONTH TO DATE  127                        71     56      173
  SINCE MAR 1    896                       918    -22      937
  SINCE JUL 1   4284                      4286     -2     3998

 COOLING
  TODAY            3                         4     -1        6
  MONTH TO DATE    9                        47    -38       37
  SINCE MAR 1     31                        84    -53       58
  SINCE JAN 1     31                        84    -53       62
...................................................................


WIND (MPH)
  HIGHEST WIND SPEED     9   HIGHEST WIND DIRECTION     S (190)
  HIGHEST GUST SPEED    13   HIGHEST GUST DIRECTION     S (190)
  AVERAGE WIND SPEED     3.7


SKY COVER
  AVERAGE SKY COVER 0.8


WEATHER CONDITIONS
THE FOLLOWING WEATHER WAS RECORDED TODAY.
  FOG


RELATIVE HUMIDITY (PERCENT)
 HIGHEST    97
 LOWEST     48
 AVERAGE    73

..........................................................


THE HUNTINGTON WV CLIMATE NORMALS FOR TOMORROW
                         NORMAL    RECORD    YEAR
 MAXIMUM TEMPERATURE (F)   77        92      1911
                                             1996
 MINIMUM TEMPERATURE (F)   55        34      2002


SUNRISE AND SUNSET
MAY 18 2021...........SUNRISE   6:16 AM EDT   SUNSET   8:37 PM EDT
MAY 19 2021...........SUNRISE   6:16 AM EDT   SUNSET   8:38 PM EDT


-  INDICATES NEGATIVE NUMBERS.
R  INDICATES RECORD WAS SET OR TIED.
MM INDICATES DATA IS MISSING.
T  INDICATES TRACE AMOUNT.




$$
