000
CDUS43 KILX 090636
CLIILX

CLIMATE REPORT
NATIONAL WEATHER SERVICE LINCOLN IL
136 AM CDT SUN MAY 09 2021

...................................

...THE LINCOLN IL CLIMATE SUMMARY FOR MAY 8 2021...

CLIMATE NORMAL PERIOD 1991 TO 2020
CLIMATE RECORD PERIOD 1905 TO 2021


WEATHER ITEM   OBSERVED TIME   RECORD YEAR NORMAL DEPARTURE LAST
                VALUE   (LST)  VALUE       VALUE  FROM      YEAR
                                                  NORMAL
...................................................................
TEMPERATURE (F)
 YESTERDAY
  MAXIMUM         61        MM  90    1963  72    -11       56
  MINIMUM         34        MM  31    1917  50    -16       37
  AVERAGE         48                        61    -13       47

PRECIPITATION (IN)
  YESTERDAY        0.23          5.01 1972   0.15   0.08     0.04
  MONTH TO DATE    0.75                      1.21  -0.46     1.02
  SINCE MAR 1      7.49                      8.15  -0.66    11.20
  SINCE JAN 1     12.69                     12.24   0.45    17.88

SNOWFALL (IN)
  YESTERDAY        0.0           0.0    MM   0.0    0.0      0.0
  MONTH TO DATE    0.0                       0.0    0.0      0.0
  SINCE MAR 1      0.6                       1.8   -1.2      1.1
  SINCE JUL 1     22.6                      19.3    3.3     21.6
  SNOW DEPTH       0

DEGREE DAYS
 HEATING
  YESTERDAY       17                         6     11       18
  MONTH TO DATE   55                        52      3       83
  SINCE MAR 1   1019                      1169   -150     1164
  SINCE JUL 1   5414                      5529   -115     5359

 COOLING
  YESTERDAY        0                         2     -2        0
  MONTH TO DATE    6                        10     -4        5
  SINCE MAR 1     22                        23     -1       14
  SINCE JAN 1     22                        23     -1       14
...................................................................


WIND (MPH)
  HIGHEST WIND SPEED    MM   HIGHEST WIND DIRECTION    MM
  HIGHEST GUST SPEED    MM   HIGHEST GUST DIRECTION    MM
  AVERAGE WIND SPEED    MM


SKY COVER
  POSSIBLE SUNSHINE  MM


WEATHER CONDITIONS
THE FOLLOWING WEATHER WAS RECORDED YESTERDAY.
  NO SIGNIFICANT WEATHER WAS OBSERVED.

..........................................................


THE LINCOLN IL CLIMATE NORMALS FOR TODAY
                         NORMAL    RECORD    YEAR
 MAXIMUM TEMPERATURE (F)   73        95      1934
 MINIMUM TEMPERATURE (F)   50        30      2020


SUNRISE AND SUNSET
MAY  9 2021...........SUNRISE   547 AM CDT   SUNSET   801 PM CDT
MAY 10 2021...........SUNRISE   546 AM CDT   SUNSET   802 PM CDT


-  INDICATES NEGATIVE NUMBERS.
R  INDICATES RECORD WAS SET OR TIED.
MM INDICATES DATA IS MISSING.
T  INDICATES TRACE AMOUNT.




$$
