000
CXUS53 KILX 021828
CLSILX

CLIMATE REPORT
NATIONAL WEATHER SERVICE LINCOLN IL
1228 PM CST TUE MAR 02 2021

...................................

...THE LINCOLN IL CLIMATE SUMMARY FOR THE SEASON, FROM
12/1/2020 TO 2/28/2021...

CLIMATE NORMAL PERIOD 1981 TO 2010
CLIMATE RECORD PERIOD 1905 TO 2021

WEATHER         OBSERVED          NORMAL  DEPART   LAST YEAR`S
                VALUE   DATE(S)   VALUE   FROM     VALUE
                                          NORMAL
..............................................................
TEMPERATURE (F)
RECORD
 HIGH             75   02/27/1996
 LOW             -34   01/15/1927
HIGHEST           63   12/10         MM      MM       65
LOWEST           -13   02/16         MM      MM       -6
                       02/17
AVG. MAXIMUM    35.1               36.5    -1.4     40.6
AVG. MINIMUM    19.6               20.5    -0.9     24.2
MEAN            27.4               28.5    -1.1     32.4
DAYS MAX >= 90     0                0.0     0.0       MM
DAYS MAX <= 32    32               30.7     1.3       MM
DAYS MIN <= 32    85               74.7    10.3       MM
DAYS MIN <= 0      7                5.7     1.3       MM

PRECIPITATION (INCHES)
RECORD
 MAXIMUM       15.57   1949
 MINIMUM        1.46   1919
TOTALS          6.23               6.39   -0.16     8.17
DAILY AVG.      0.07                                0.09
DAYS >= .01       29               25.9     3.1       MM
DAYS >= .10       13               14.2    -1.2       MM
DAYS >= .50        2                3.7    -1.7       MM
DAYS >= 1.00       1                1.1    -0.1       MM
GREATEST
 24 HR. TOTAL   1.39   01/30 TO 01/30               1.85

SNOWFALL (INCHES)
RECORDS
 TOTAL          41.1   2014
 24 HR TOTAL    13.0   02/23/1914 TO 02/23/1914
TOTALS          22.0               17.9     4.1     16.0
DAYS >= TRACE     41               12.5    28.5       MM
DAYS >= 1.0        5                5.8    -0.8       MM
GREATEST
 SNOW DEPTH        7   02/16                           4
                       02/17
                       02/18
 24 HR TOTAL     5.3                                 3.5

DEGREE DAYS
HEATING TOTAL   3345               3279      66     2943
 SINCE 7/1      4395               4422     -27       MM
COOLING TOTAL      0                  0       0        0
 SINCE 1/1         0                  0       0        0

FREEZE DATES
RECORD
 EARLIEST     09/11/1917
 LATEST       05/29/1925
EARLIEST                        10/04
LATEST                          04/13
..............................................................

SKY COVER
POSSIBLE SUNSHINE (PERCENT)   MM


WEATHER CONDITIONS. NUMBER OF DAYS WITH
THUNDERSTORM              1     MIXED PRECIP               0
HEAVY RAIN                3     RAIN                       8
LIGHT RAIN               16     FREEZING RAIN              2
LT FREEZING RAIN          4     HAIL                       0
HEAVY SNOW                1     SNOW                       2
LIGHT SNOW               35     SLEET                      3
FOG                      25     FOG W/VIS <= 1/4 MILE      4
HAZE                      2

-  INDICATES NEGATIVE NUMBERS.
R  INDICATES RECORD WAS SET OR TIED.
MM INDICATES DATA IS MISSING.
T  INDICATES TRACE AMOUNT.

$$

BAKER
