000
CDUS43 KOAX 210631
CLILNK


CLIMATE REPORT
NATIONAL WEATHER SERVICE OMAHA NEBRASKA
130 AM CDT THU JUN 21 2018


...................................

...THE LINCOLN, NEBRASKA CLIMATE SUMMARY FOR JUNE 20 2018...

CLIMATE NORMAL PERIOD 1981 TO 2010
CLIMATE RECORD PERIOD 1887 TO 2018


WEATHER ITEM   OBSERVED TIME   RECORD YEAR NORMAL DEPARTURE LAST
                VALUE   (LST)  VALUE       VALUE  FROM      YEAR
                                                  NORMAL
..................................................................
TEMPERATURE (F)
 YESTERDAY
  MAXIMUM         80    341 PM 106    1988  86     -6       95
  MINIMUM         63   1159 PM  47    1946  63      0       58
  AVERAGE         72                        74     -2       77

PRECIPITATION (IN)
  YESTERDAY        1.07          1.76 1931   0.15   0.92     0.00
  MONTH TO DATE    5.09                      2.93   2.16     4.76
  SINCE JUN 1      5.09                      2.93   2.16     4.76
  SINCE JAN 1     11.85                     13.27  -1.42    17.87

SNOWFALL (IN)
  YESTERDAY        0.0                       0.0    0.0      0.0
  MONTH TO DATE    0.0                       0.0    0.0       T
  SINCE JUL 1     21.4                      25.9   -4.5      7.5
  SNOW DEPTH       0

DEGREE DAYS
 HEATING
  YESTERDAY        0                         0      0        0
  MONTH TO DATE    0                        13    -13        0
  SINCE JUN 1      0                        13    -13        0
  SINCE JUL 1   5999                      6053    -54     5016

 COOLING
  YESTERDAY        7                         9     -2       12
  MONTH TO DATE  266                       136    130      235
  SINCE JUN 1    266                       136    130      235
  SINCE JAN 1    470                       215    255      318
..................................................................


WIND (MPH)
  HIGHEST WIND SPEED    26   HIGHEST WIND DIRECTION    NW (330)
  HIGHEST GUST SPEED    34   HIGHEST GUST DIRECTION    NW (320)
  AVERAGE WIND SPEED    11.5


SKY COVER
  POSSIBLE SUNSHINE  MM
  AVERAGE SKY COVER 0.9


WEATHER CONDITIONS
 THE FOLLOWING WEATHER WAS RECORDED YESTERDAY.
  THUNDERSTORM
  HEAVY RAIN
  RAIN
  LIGHT RAIN
  FOG


RELATIVE HUMIDITY (PERCENT)
 HIGHEST    93          1200 AM
 LOWEST     54           300 PM
 AVERAGE    74

..........................................................


THE LINCOLN, NEBRASKA CLIMATE NORMALS FOR TODAY
                         NORMAL    RECORD    YEAR
 MAXIMUM TEMPERATURE (F)   86       107      1988
 MINIMUM TEMPERATURE (F)   63        43      1902


SUNRISE AND SUNSET
JUNE 21 2018..........SUNRISE   556 AM CDT   SUNSET   902 PM CDT
JUNE 22 2018..........SUNRISE   556 AM CDT   SUNSET   902 PM CDT


-  INDICATES NEGATIVE NUMBERS.
R  INDICATES RECORD WAS SET OR TIED.
MM INDICATES DATA IS MISSING.
T  INDICATES TRACE AMOUNT.




$$
