000
CXUS53 KFSD 011616
CLMMHE

CLIMATE REPORT
NATIONAL WEATHER SERVICE SIOUX FALLS SD
1112 AM CDT FRI JUL 01 2022

...THE MITCHELL SD CLIMATE SUMMARY FOR THE MONTH OF JUNE 2022...

CLIMATE NORMAL PERIOD: 1991 TO 2020
CLIMATE RECORD PERIOD: 1893 TO 2022

WEATHER         OBSERVED          NORMAL  DEPART   LAST YEAR`S
                VALUE   DATE(S)   VALUE   FROM     VALUE DATE(S)
                                          NORMAL
TEMPERATURE (F)
RECORD
 HIGH            111   06/25/1936
 LOW              31   06/02/1946
                       06/07/1901
HIGHEST          103   06/29         MM      MM      106  06/16
LOWEST            42   06/03         MM      MM       47  06/01
AVG. MAXIMUM    83.6               81.2     2.4     89.5
AVG. MINIMUM    59.3               58.5     0.8     60.2
MEAN            71.6               69.9     1.7     74.8
DAYS MAX >= 90     8                5.0     3.0       16
DAYS MAX <= 32     0                0.0     0.0        0
DAYS MIN <= 32     0                0.0     0.0        0
DAYS MIN <= 0      0                0.0     0.0        0

PRECIPITATION (INCHES)
RECORD
 MAXIMUM       11.11   1984
 MINIMUM        0.41   1988
TOTALS          1.28               3.51   -2.23     0.44
DAILY AVG.      0.04               0.12   -0.08     0.01
DAYS >= .01       10               11.3    -1.3        4
DAYS >= .10        3                6.2    -3.2        1
DAYS >= .50        1                2.6    -1.6        0
DAYS >= 1.00       0                0.8    -0.8        0
GREATEST
 24 HR. TOTAL   0.84   06/12 TO 06/13

SNOWFALL (INCHES)
RECORDS
 TOTAL            MM   MM
TOTALS           0.0                 MM      MM      0.0
SINCE 7/1       19.5                 MM      MM       MM
SNOWDEPTH AVG.     0                                   0
DAYS >= 1.0        0                 MM      MM        0
GREATEST
 SNOW DEPTH        0                                   0  MM
 24 HR TOTAL      MM

DEGREE DAYS
HEATING TOTAL     30                 33      -3        4
 SINCE 7/1      6855               7155    -300       MM
COOLING TOTAL    233                178      55      307
 SINCE 1/1       274                224      50       MM

WIND (MPH)
AVERAGE WIND SPEED              9.6
HIGHEST WIND SPEED/DIRECTION    41/270    DATE  06/13
HIGHEST GUST SPEED/DIRECTION    60/180    DATE  06/20

SKY COVER
POSSIBLE SUNSHINE (PERCENT)   MM
AVERAGE SKY COVER           0.21
NUMBER OF DAYS FAIR           21
NUMBER OF DAYS PC              8
NUMBER OF DAYS CLOUDY          1

AVERAGE RH (PERCENT)     62

WEATHER CONDITIONS. NUMBER OF DAYS WITH
THUNDERSTORM              8     MIXED PRECIP               0
HEAVY RAIN                2     RAIN                       5
LIGHT RAIN               16     FREEZING RAIN              0
LT FREEZING RAIN          0     HAIL                       0
HEAVY SNOW                0     SNOW                       0
LIGHT SNOW                0     SLEET                      0
FOG                       8     FOG W/VIS <= 1/4 MILE      1
HAZE                      0

-  INDICATES NEGATIVE NUMBERS.
R  INDICATES RECORD WAS SET OR TIED.
MM INDICATES DATA IS MISSING.
T  INDICATES TRACE AMOUNT.

$$
