000
CXUS53 KMKX 230910
CF6MKE
PRELIMINARY LOCAL CLIMATOLOGICAL DATA (WS FORM: F-6)

                                          STATION:   MILWAUKEE  WI
                                          MONTH:     FEBRUARY
                                          YEAR:      2020
                                          LATITUDE:   42 57 N
                                          LONGITUDE:  87 54 W

  TEMPERATURE IN F:       :PCPN:    SNOW:  WIND      :SUNSHINE: SKY     :PK WND
================================================================================
1   2   3   4   5  6A  6B    7    8   9   10  11  12  13   14  15   16   17  18
                                     12Z  AVG MX 2MIN
DY MAX MIN AVG DEP HDD CDD  WTR  SNW DPTH SPD SPD DIR MIN PSBL S-S WX    SPD DR
================================================================================

 1  38  33  36  13  29   0    T    T    2 11.4 20 290   M    M  10 1      28 270
 2  56  35  46  23  19   0 0.00  0.0    2 12.4 23 270   M    M   7        36 260
 3  43  32  38  15  27   0 0.00  0.0    0 10.1 22  10   M    M   6 8      32  20
 4  37  27  32   9  33   0 0.00  0.0    0 14.3 26  10   M    M   9        36  10
 5  30  22  26   2  39   0 0.00  0.0    0  8.6 14  60   M    M   9        20  70
 6  33  25  29   5  36   0    T  0.2    0  7.6 13 360   M    M   8        20 360
 7  38  24  31   7  34   0 0.00  0.0    0  7.5 16 290   M    M   8        21 300
 8  35  24  30   6  35   0    T    T    0  7.2 15 250   M    M   7        20 230
 9  33  23  28   4  37   0 0.34  4.1    0 10.2 25 150   M    M   9 128    34 150
10  34  20  27   3  38   0 0.00  0.0    4  6.4 13 310   M    M   5        23 270
11  31  22  27   2  38   0 0.00  0.0    2 10.7 22 300   M    M   4 8      32 310
12  36  18  27   2  38   0 0.03  1.0    2 10.7 21 220   M    M   7 1      31 220
13  32   3  18  -7  47   0 0.05  1.8    3 14.7 24  10   M    M   6 189    35  10
14  14  -3   6 -20  59   0 0.00  0.0    3 10.9 20 200   M    M   0        26 200
15  33   6  20  -6  45   0 0.00  0.0    2 14.4 26 220   M    M   6        37 230
16  37  24  31   5  34   0    T    T    2  4.9 10 330   M    M   6        24 290
17  36  26  31   5  34   0 0.44  1.3    2 12.6 21 110   M    M  10 14     26 120
18  37  19  28   1  37   0    T  0.0    2 15.8 28 300   M    M   5 1      38 300
19  24  12  18  -9  47   0 0.00  0.0    2  9.9 17 320   M    M   2        25 330
20  19   5  12 -15  53   0 0.00  0.0    2  8.9 16 320   M    M   0        21 320
21  35  10  23  -5  42   0 0.00  0.0    2 14.4 24 230   M    M   1        39 230
22  43  29  36   8  29   0 0.00  0.0    2 13.2 22 240   M    M   3        33 240
================================================================================
SM  754  436       830   0  0.86     8.4 236.8          M      128
================================================================================
AV 34.3 19.8                              10.8 FASTST   M    M   6    MAX(MPH)
                                 MISC ---->  # 28 300               # 39  230
================================================================================
NOTES:
# LAST OF SEVERAL OCCURRENCES

COLUMN 17 PEAK WIND IN M.P.H.

PRELIMINARY LOCAL CLIMATOLOGICAL DATA (WS FORM: F-6) , PAGE 2

                                          STATION:  MILWAUKEE  WI
                                          MONTH:    FEBRUARY
                                          YEAR:     2020
                                          LATITUDE:   42 57 N
                                          LONGITUDE:  87 54 W

[TEMPERATURE DATA]      [PRECIPITATION DATA]       SYMBOLS USED IN COLUMN 16

AVERAGE MONTHLY: 27.1   TOTAL FOR MONTH:   0.86    1 = FOG OR MIST
DPTR FM NORMAL:   2.0   DPTR FM NORMAL:   -0.40    2 = FOG REDUCING VISIBILITY
HIGHEST:    56 ON  2    GRTST 24HR  0.44 ON 17-17      TO 1/4 MILE OR LESS
LOWEST:     -3 ON 14                               3 = THUNDER
                        SNOW, ICE PELLETS, HAIL    4 = ICE PELLETS
                        TOTAL MONTH:   8.4 INCHES  5 = HAIL
                        GRTST 24HR   4.1 ON  9- 9  6 = FREEZING RAIN OR DRIZZLE
                        GRTST DEPTH:   4 ON 10     7 = DUSTSTORM OR SANDSTORM:
                                                       VSBY 1/2 MILE OR LESS
                                                   8 = SMOKE OR HAZE
[NO. OF DAYS WITH]      [WEATHER - DAYS WITH]      9 = BLOWING SNOW
                                                   X = TORNADO
MAX 32 OR BELOW:   6    0.01 INCH OR MORE:   4
MAX 90 OR ABOVE:   0    0.10 INCH OR MORE:   2
MIN 32 OR BELOW:  20    0.50 INCH OR MORE:   0
MIN  0 OR BELOW:   1    1.00 INCH OR MORE:   0

[HDD (BASE 65) ]
TOTAL THIS MO.   830    CLEAR  (SCALE 0-3)   5
DPTR FM NORMAL   -47    PTCLDY (SCALE 4-7)  12
TOTAL FM JUL 1  4281    CLOUDY (SCALE 8-10)  5
DPTR FM NORMAL  -481

[CDD (BASE 65) ]
TOTAL THIS MO.     0
DPTR FM NORMAL     0    [PRESSURE DATA]
TOTAL FM JAN 1     0    HIGHEST SLP M ON M
DPTR FM NORMAL     0    LOWEST  SLP 29.35 ON  2

[REMARKS]
