000
CXUS53 KMKX 270910
CF6MKE
PRELIMINARY LOCAL CLIMATOLOGICAL DATA (WS FORM: F-6)

                                          STATION:   MILWAUKEE  WI
                                          MONTH:     FEBRUARY
                                          YEAR:      2021
                                          LATITUDE:   42 57 N
                                          LONGITUDE:  87 54 W

  TEMPERATURE IN F:       :PCPN:    SNOW:  WIND      :SUNSHINE: SKY     :PK WND
================================================================================
1   2   3   4   5  6A  6B    7    8   9   10  11  12  13   14  15   16   17  18
                                     12Z  AVG MX 2MIN
DY MAX MIN AVG DEP HDD CDD  WTR  SNW DPTH SPD SPD DIR MIN PSBL S-S WX    SPD DR
================================================================================

 1  34  24  29   6  36   0 0.00  0.0   16  8.9 17  10   M    M   5        23 350
 2  33  23  28   5  37   0 0.00  0.0   15  8.0 15 330   M    M   6        20 340
 3  35  18  27   4  38   0 0.00  0.0   14  5.9 12 190   M    M   4        18 180
 4  36  25  31   8  34   0 0.23  1.7   13 14.4 29 280   M    M  10 1      43 290
 5  25   7  16  -8  49   0    T    T   15 16.3 28 290   M    M   8 8      42 280
 6  12   3   8 -16  57   0    T    T   14 10.1 15 300   M    M   5 1      22 290
 7   5  -7  -1 -25  66   0 0.00  0.0   14 10.0 17 290   M    M   3        24 270
 8  14   0   7 -17  58   0    T    T   14  6.3 12 330   M    M   9 8      15 350
 9  15  -2   7 -17  58   0 0.00  0.0   14  6.4 13 340   M    M   2        19 350
10  15   5  10 -14  55   0 0.00  0.0   14  7.5 13 340   M    M   7        19 360
11  18   3  11 -14  54   0 0.08  0.6   14  9.7 14 310   M    M   7 18     19 310
12  14   5  10 -15  55   0 0.04  1.2   15 11.3 17 310   M    M   9 18     24 290
13  10  -2   4 -21  61   0 0.12  2.2   15 12.7 20 310   M    M   7 89     29 260
14   3  -6  -1 -27  66   0 0.00  0.0   16 11.9 21 310   M    M   7 8      27 300
15   8  -4   2 -24  63   0 0.26  3.7   16 14.0 20 340   M    M   9 18     27 340
16  22   6  14 -12  51   0 0.29  5.9   22  9.5 17 330   M    M   8 8      29 340
17  27   7  17  -9  48   0    T    T   22  3.5 12 280   M    M   8 8      22 260
18  27  14  21  -6  44   0    T    T   21  4.4 13 100   M    M   7        16 100
19  24  12  18  -9  47   0    T    T   20  8.0 16 290   M    M   7        22 280
20  25   5  15 -12  50   0 0.00  0.0   20  6.2 14 190   M    M   1 8      20 180
21  35  19  27  -1  38   0 0.16  2.1   19 11.7 28 150   M    M  10 1      40 140
22  40  30  35   7  30   0 0.01  0.1   21 15.6 23 240   M    M  10 18     36 280
23  49  38  44  16  21   0 0.00  0.0   20 10.0 20 260   M    M   4        30 260
24  43  30  37   9  28   0 0.00  0.0   16  9.4 22 310   M    M   6        29 300
25  42  24  33   4  32   0 0.00  0.0   14  7.9 18 300   M    M   1        25 280
26  40  23  32   3  33   0 0.00  0.0   13  9.2 18 160   M    M   3 18     25 200
================================================================================
SM  651  300      1209   0  1.19 17.5    248.8          M      163
================================================================================
AV 25.0 11.5                               9.6 FASTST   M    M   6    MAX(MPH)
                                 MISC ---->    29 280                 43 290
================================================================================
NOTES:
# LAST OF SEVERAL OCCURRENCES

COLUMN 17 PEAK WIND IN M.P.H.

PRELIMINARY LOCAL CLIMATOLOGICAL DATA (WS FORM: F-6) , PAGE 2

                                          STATION:   MILWAUKEE  WI
                                          MONTH:     FEBRUARY
                                          YEAR:      2021
                                          LATITUDE:   42 57 N
                                          LONGITUDE:  87 54 W

[TEMPERATURE DATA]      [PRECIPITATION DATA]       SYMBOLS USED IN COLUMN 16

AVERAGE MONTHLY: 18.3   TOTAL FOR MONTH:   1.19    1 = FOG OR MIST
DPTR FM NORMAL:  -7.3   DPTR FM NORMAL:   -0.33    2 = FOG REDUCING VISIBILITY
HIGHEST:    49 ON 23    GRTST 24HR  0.54 ON 15-16      TO 1/4 MILE OR LESS
LOWEST:     -7 ON  7                               3 = THUNDER
                        SNOW, ICE PELLETS, HAIL    4 = ICE PELLETS
                        TOTAL MONTH:  24.0 INCHES  5 = HAIL
                        GRTST 24HR   5.9 ON 16-16  6 = FREEZING RAIN OR DRIZZLE
                        GRTST DEPTH:  22 ON 17,16  7 = DUSTSTORM OR SANDSTORM:
                                                       VSBY 1/2 MILE OR LESS
                                                   8 = SMOKE OR HAZE
[NO. OF DAYS WITH]      [WEATHER - DAYS WITH]      9 = BLOWING SNOW
                                                   X = TORNADO
MAX 32 OR BELOW:  16    0.01 INCH OR MORE:   8
MAX 90 OR ABOVE:   0    0.10 INCH OR MORE:   5
MIN 32 OR BELOW:  25    0.50 INCH OR MORE:   0
MIN  0 OR BELOW:   6    1.00 INCH OR MORE:   0

[HDD (BASE 65) ]
TOTAL THIS MO.  1209    CLEAR  (SCALE 0-3)   3
DPTR FM NORMAL   186    PTCLDY (SCALE 4-7)  17
TOTAL FM JUL 1  4522    CLOUDY (SCALE 8-10)  6
DPTR FM NORMAL  -386

[CDD (BASE 65) ]
TOTAL THIS MO.     0
DPTR FM NORMAL     0    [PRESSURE DATA]
TOTAL FM JAN 1     0    HIGHEST SLP M ON M
DPTR FM NORMAL     0    LOWEST  SLP 29.24 ON  4

[REMARKS]
