954
CXUS53 KMKX 012233 CCA
CLAMKE

CLIMATE REPORT
NATIONAL WEATHER SERVICE IN MILWAUKEE
317 PM CST TUE JAN 1 2019

...................................

...THE MILWAUKEE WI CLIMATE SUMMARY FOR THE YEAR OF 2018...

CLIMATE NORMAL PERIOD 1981 TO 2010
CLIMATE RECORD PERIOD 1871 TO 2018

WEATHER         OBSERVED          NORMAL  DEPART  LAST YEAR`S
                 VALUE   DATE(S)  VALUE   FROM    VALUE  DATE(S)
                                          NORMAL
................................................................
TEMPERATURE (F)
RECORD
 HIGH             105   07/24/1934
 LOW              -26   02/03/1996
                        01/17/1982
HIGHEST            95   06/30        95       0       95  09/22
                        06/29
                        05/27
LOWEST             -7   01/01       -13       6       -4  12/31
                                                          12/27
AVG. MAXIMUM     56.3              55.6     0.7     58.5
AVG. MINIMUM     41.3              40.1     1.2     42.7
MEAN             48.8              47.9     0.9     50.6
DAYS MAX >= 90     13               7.0     6.0        9
DAYS MAX <= 32     40              51.5   -11.5       39
DAYS MIN <= 32    146             125.5    20.5       97
DAYS MIN <= 0       6               6.9    -0.9        6

PRECIPITATION (INCHES)
RECORD
 MAXIMUM        50.36   1876
 MINIMUM        18.69   1901
TOTALS          45.08             34.76   10.32    34.09
DAILY AVG.       0.12              0.10    0.02     0.09
DAYS >= .01       135             126.7     8.3      137
DAYS >= .10        76              69.1     6.9       81
DAYS >= .50        31              22.2     8.8       17
DAYS >= 1.00       11               7.2     3.8        5
GREATEST
 24 HR. TOTAL    2.13   09/20 TO 09/20              1.68

SNOWFALL (INCHES)
RECORDS
 TOTAL          110.3   1886
TOTALS           50.0              46.9     3.1     23.6
SINCE 7/1         8.1              13.3    -5.2      4.8
SNOWDEPTH AVG.      0                MM      MM        0
DAYS >= 1.0        13              13.4    -0.4        7
GREATEST
 SNOW DEPTH         9   02/12                          9  03/14
 24 HR TOTAL      5.3   01/15 TO 01/15              10.4

DEGREE_DAYS
HEATING TOTAL    6685              6894    -209     5908
 SINCE 7/1         MM              2560      MM       MM
COOLING TOTAL     929               641     288      772
 SINCE 1/1        929               641     288      772

FREEZE DATES
RECORD
 EARLIEST     09/20/1956
 LATEST       05/27/1961
EARLIEST                        10/17
LATEST                          04/27
.................................................................

WIND (MPH)
AVERAGE WIND SPEED              9.3
RESULTANT WIND SPEED/DIRECTION   1/297
HIGHEST WIND SPEED/DIRECTION    35/260    DATE  02/25
HIGHEST GUST SPEED/DIRECTION    54/270    DATE  07/01

SKY COVER
POSSIBLE SUNSHINE (PERCENT)   MM
AVERAGE SKY COVER           0.60
NUMBER OF DAYS FAIR           65
NUMBER OF DAYS PC            172
NUMBER OF DAYS CLOUDY        128

AVERAGE RH (PERCENT)     70

WEATHER CONDITIONS. NUMBER OF DAYS WITH
  0
 56
  1
  2
 12
  5
 20
HAZE                     74

-  INDICATES NEGATIVE NUMBERS.
R  INDICATES RECORD WAS SET OR TIED.
MM INDICATES DATA IS MISSING.
T  INDICATES TRACE AMOUNT.

&&

3RD HIGHEST ANNUAL RECIPITATION ON RECORD.
TEMPERATURE RANKS 21.

$$
