000
CXUS53 KMKX 031509
CLAMKE

CLIMATE REPORT
NATIONAL WEATHER SERVICE IN MILWAUKEE
235 PM CST THU JAN 2 2020

...................................

...THE MILWAUKEE WI CLIMATE SUMMARY FOR THE YEAR OF 2019...

CLIMATE NORMAL PERIOD 1981 TO 2010
CLIMATE RECORD PERIOD 1871 TO 2020

WEATHER         OBSERVED          NORMAL  DEPART  LAST YEAR`S
                 VALUE   DATE(S)  VALUE   FROM    VALUE  DATE(S)
                                          NORMAL
................................................................
TEMPERATURE (F)
RECORD
 HIGH             105   07/24/1934
 LOW              -26   02/03/1996
                        01/17/1982
HIGHEST            94   07/10        95      -1       95  06/30
                                                          06/29
                                                          05/27
LOWEST            -23   01/31       -13     -10       -7  01/01
AVG. MAXIMUM     55.5              55.6    -0.1     56.3
AVG. MINIMUM     40.3              40.1     0.2     41.3
MEAN             47.9              47.9     0.0     48.8
DAYS MAX >= 90     10               7.0     3.0       13
DAYS MAX <= 32     54              51.5     2.5       40
DAYS MIN <= 32    129             125.5     3.5      146
DAYS MIN <= 0       8               6.9     1.1        6

PRECIPITATION (INCHES)
RECORD
 MAXIMUM        50.36   1876
 MINIMUM        18.69   1901
TOTALS          46.02             34.76   11.26    45.08
DAILY AVG.       0.13              0.10    0.03     0.12
DAYS >= .01       147             126.7    20.3      135
DAYS >= .10        93              69.1    23.9       76
DAYS >= .50        29              22.2     6.8       31
DAYS >= 1.00       10               7.2     2.8       11
GREATEST
 24 HR. TOTAL    2.01   07/20 TO 07/20              2.13

SNOWFALL (INCHES)
RECORDS
 TOTAL          110.3   1886
TOTALS           63.7              46.9    16.8     50.0
SINCE 7/1        15.7              13.3     2.4      8.1
SNOWDEPTH AVG.  999999               MM      MM        0
DAYS >= 1.0        16              13.4     2.6       13
GREATEST
 SNOW DEPTH        12   02/02                          9  02/12
                        02/01
                        01/31
 24 HR TOTAL      8.3   02/12 TO 02/12               5.3

DEGREE_DAYS
HEATING TOTAL    6865              6894   -4591     6685
 SINCE 7/1       2303              2560    -257       MM
COOLING TOTAL     727               641      86      929
 SINCE 1/1        727               641      86      929

FREEZE DATES
RECORD
 EARLIEST     09/20/1956
 LATEST       05/27/1961
EARLIEST                        10/17
LATEST                          04/27
.................................................................

WIND (MPH)
AVERAGE WIND SPEED              9.5
RESULTANT WIND SPEED/DIRECTION  2/268
HIGHEST WIND SPEED/DIRECTION    37/250    DATE  05/19
HIGHEST GUST SPEED/DIRECTION    63/300    DATE  02/24

SKY COVER
AVERAGE SKY COVER           0.70
NUMBER OF DAYS FAIR           46
NUMBER OF DAYS PC            163
NUMBER OF DAYS CLOUDY        156

AVERAGE RH (PERCENT)     68


-  INDICATES NEGATIVE NUMBERS.
R  INDICATES RECORD WAS SET OR TIED.
MM INDICATES DATA IS MISSING.
T  INDICATES TRACE AMOUNT.

&&

3RD WETTEST YEAR ON RECORD (1876 1ST AT 50.36")

$$
