000
CDUS43 KMKX 270723
CLIMKE

CLIMATE REPORT
NATIONAL WEATHER SERVICE MILWAUKEE/SULLIVAN WI
123 AM CST SAT FEB 27 2021

...................................

...THE MILWAUKEE  WI CLIMATE SUMMARY FOR FEBRUARY 26 2021...

CLIMATE NORMAL PERIOD 1981 TO 2010
CLIMATE RECORD PERIOD 1871 TO 2021


WEATHER ITEM   OBSERVED TIME   RECORD YEAR NORMAL DEPARTURE LAST
                VALUE   (LST)  VALUE       VALUE  FROM      YEAR
                                                  NORMAL
...................................................................
TEMPERATURE (F)
 YESTERDAY
  MAXIMUM         40   1234 PM  64    2000  36      4       32
  MINIMUM         23    551 AM  -6    1879  22      1       26
  AVERAGE         32                        29      3       29

PRECIPITATION (IN)
  YESTERDAY        0.00          1.25 1912   0.06  -0.06     0.01
  MONTH TO DATE    1.19                      1.52  -0.33     0.91
  SINCE DEC 1      5.36                      5.32   0.04     4.93
  SINCE JAN 1      3.21                      3.28  -0.07     2.97

SNOWFALL (IN)
  YESTERDAY        0.0          12.5  1912   0.3   -0.3      0.2
  MONTH TO DATE   17.5                       9.2    8.3      8.7
  SINCE DEC 1     46.1                      34.5   11.6     23.2
  SINCE JUL 1     46.2                      37.2    9.0     36.6
  SNOW DEPTH      13

DEGREE DAYS
 HEATING
  YESTERDAY       33                        36     -3       36
  MONTH TO DATE 1209                      1023    186      947
  SINCE DEC 1   3371                      3543   -172     2989
  SINCE JUL 1   4522                      4908   -386     4398

 COOLING
  YESTERDAY        0                         0      0        0
  MONTH TO DATE    0                         0      0        0
  SINCE DEC 1      0                         0      0        0
  SINCE JAN 1      0                         0      0        0
...................................................................


WIND (MPH)
  HIGHEST WIND SPEED    18   HIGHEST WIND DIRECTION     S (160)
  HIGHEST GUST SPEED    25   HIGHEST GUST DIRECTION     S (200)
  AVERAGE WIND SPEED     9.2


SKY COVER
  POSSIBLE SUNSHINE  MM
  AVERAGE SKY COVER 0.3


WEATHER CONDITIONS
THE FOLLOWING WEATHER WAS RECORDED YESTERDAY.
  FOG
  HAZE


RELATIVE HUMIDITY (PERCENT)
 HIGHEST    85           700 AM
 LOWEST     50          1200 PM
 AVERAGE    68

..........................................................


THE MILWAUKEE  WI CLIMATE NORMALS FOR TODAY
                         NORMAL    RECORD    YEAR
 MAXIMUM TEMPERATURE (F)   36        65      1976
 MINIMUM TEMPERATURE (F)   23       -12      1879


SUNRISE AND SUNSET
FEBRUARY 27 2021......SUNRISE   630 AM CST   SUNSET   539 PM CST
FEBRUARY 28 2021......SUNRISE   629 AM CST   SUNSET   540 PM CST


-  INDICATES NEGATIVE NUMBERS.
R  INDICATES RECORD WAS SET OR TIED.
MM INDICATES DATA IS MISSING.
T  INDICATES TRACE AMOUNT.




$$
