000
CDUS43 KMKX 190633
CLIMKE

CLIMATE REPORT
NATIONAL WEATHER SERVICE MILWAUKEE/SULLIVAN WI
133 AM CDT SAT JUN 19 2021

...................................

...THE MILWAUKEE  WI CLIMATE SUMMARY FOR JUNE 18 2021...

CLIMATE NORMAL PERIOD 1991 TO 2020
CLIMATE RECORD PERIOD 1871 TO 2021


WEATHER ITEM   OBSERVED TIME   RECORD YEAR NORMAL DEPARTURE LAST
                VALUE   (LST)  VALUE       VALUE  FROM      YEAR
                                                  NORMAL
...................................................................
TEMPERATURE (F)
 YESTERDAY
  MAXIMUM         93    201 PM  96    1987  78     15       84
                                      1995
  MINIMUM         67    209 AM  44    1876  59      8       61
                                      1947
  AVERAGE         80                        69     11       73

PRECIPITATION (IN)
  YESTERDAY        0.74          2.03 1884   0.15   0.59     0.00
                                      1935
  MONTH TO DATE    0.80                      2.64  -1.84     0.74
  SINCE JUN 1      0.80                      2.64  -1.84     0.74
  SINCE JAN 1      8.64                     15.72  -7.08    16.43

SNOWFALL (IN)
  YESTERDAY        0.0           0.0  2020   0.0    0.0      0.0
  MONTH TO DATE    0.0                       0.0    0.0      0.0
  SINCE JUN 1      0.0                       0.0    0.0      0.0
  SINCE JUL 1     47.8                      48.7   -0.9     37.8
  SNOW DEPTH       0

DEGREE DAYS
 HEATING
  YESTERDAY        0                         2     -2        0
  MONTH TO DATE    2                        54    -52       36
  SINCE JUN 1      2                        54    -52       36
  SINCE JUL 1   6029                      6441   -412     6299

 COOLING
  YESTERDAY       15                         5     10        8
  MONTH TO DATE  164                        67     97       86
  SINCE JUN 1    164                        67     97       86
  SINCE JAN 1    233                       106    127      121
...................................................................


WIND (MPH)
  HIGHEST WIND SPEED    20   HIGHEST WIND DIRECTION     N (340)
  HIGHEST GUST SPEED    32   HIGHEST GUST DIRECTION     W (280)
  AVERAGE WIND SPEED     9.9


SKY COVER
  POSSIBLE SUNSHINE  MM
  AVERAGE SKY COVER 0.6


WEATHER CONDITIONS
THE FOLLOWING WEATHER WAS RECORDED YESTERDAY.
  THUNDERSTORM
  HEAVY RAIN
  RAIN
  LIGHT RAIN
  FOG


RELATIVE HUMIDITY (PERCENT)
 HIGHEST    93           200 AM
 LOWEST     25           200 PM
 AVERAGE    59

..........................................................


THE MILWAUKEE  WI CLIMATE NORMALS FOR TODAY
                         NORMAL    RECORD    YEAR
 MAXIMUM TEMPERATURE (F)   78        99      1953
 MINIMUM TEMPERATURE (F)   60        44      1876


SUNRISE AND SUNSET
JUNE 19 2021..........SUNRISE   512 AM CDT   SUNSET   834 PM CDT
JUNE 20 2021..........SUNRISE   513 AM CDT   SUNSET   834 PM CDT


-  INDICATES NEGATIVE NUMBERS.
R  INDICATES RECORD WAS SET OR TIED.
MM INDICATES DATA IS MISSING.
T  INDICATES TRACE AMOUNT.




$$
