000
CDUS43 KMKX 220644
CLIMKE


CLIMATE REPORT
NATIONAL WEATHER SERVICE IN MILWAUKEE
143 AM CDT SUN SEP 22 2019


...................................

...THE MILWAUKEE WI CLIMATE SUMMARY FOR SEPTEMBER 21 2019...

CLIMATE NORMAL PERIOD 1981 TO 2010
CLIMATE RECORD PERIOD 1871 TO 2019


WEATHER ITEM   OBSERVED TIME   RECORD YEAR NORMAL DEPARTURE LAST
                VALUE   (LST)  VALUE       VALUE  FROM      YEAR
                                                  NORMAL
..................................................................
TEMPERATURE (F)
 YESTERDAY
  MAXIMUM         81   1039 AM  90    1920  69     12       82
                                      1893
  MINIMUM         69    142 AM  33    1962  53     16       51
  AVERAGE         75                        61     14       67

PRECIPITATION (IN)
  YESTERDAY        0.22          2.71 1947   0.11   0.11     0.00
  MONTH TO DATE    5.28                      2.23   3.05     5.11
  SINCE SEP 1      5.28                      2.23   3.05     5.11
  SINCE JAN 1     33.69                     26.41   7.28    34.32

SNOWFALL (IN)
  YESTERDAY        0.0           0.0  2018   0.0    0.0      0.0
  MONTH TO DATE    0.0                       0.0    0.0      0.0
  SINCE SEP 1      0.0                       0.0    0.0      0.0
  SINCE JUL 1      0.0                       0.0    0.0      0.0
  SNOW DEPTH       0

DEGREE DAYS
 HEATING
  YESTERDAY        0                         5     -5        0
  MONTH TO DATE    8                        61    -53        6
  SINCE SEP 1      8                        61    -53        6
  SINCE JUL 1     10                        87    -77        7

 COOLING
  YESTERDAY       10                         1      9        2
  MONTH TO DATE   90                        61     29      115
  SINCE SEP 1     90                        61     29      115
  SINCE JAN 1    696                       626     70      898
..................................................................


WIND (MPH)
  HIGHEST WIND SPEED    28   HIGHEST WIND DIRECTION    SW (220)
  HIGHEST GUST SPEED    36   HIGHEST GUST DIRECTION    SW (220)
  AVERAGE WIND SPEED    12.7


SKY COVER
  POSSIBLE SUNSHINE  MM
  AVERAGE SKY COVER 0.7


WEATHER CONDITIONS
 THE FOLLOWING WEATHER WAS RECORDED YESTERDAY.
  RAIN
  LIGHT RAIN
  FOG
  HAZE


RELATIVE HUMIDITY (PERCENT)
 HIGHEST    87           200 PM
 LOWEST     67          1100 AM
 AVERAGE    77

..........................................................


THE MILWAUKEE WI CLIMATE NORMALS FOR TODAY
                         NORMAL    RECORD    YEAR
 MAXIMUM TEMPERATURE (F)   69        95      2017
 MINIMUM TEMPERATURE (F)   52        32      1974


SUNRISE AND SUNSET
SEPTEMBER 22 2019.....SUNRISE   639 AM CDT   SUNSET   649 PM CDT
SEPTEMBER 23 2019.....SUNRISE   640 AM CDT   SUNSET   648 PM CDT


-  INDICATES NEGATIVE NUMBERS.
R  INDICATES RECORD WAS SET OR TIED.
MM INDICATES DATA IS MISSING.
T  INDICATES TRACE AMOUNT.




$$
