000
CDUS43 KMKX 130642
CLIMKE


CLIMATE REPORT
NATIONAL WEATHER SERVICE IN MILWAUKEE
142 AM CDT THU AUG 13 2020


...................................

...THE MILWAUKEE WI CLIMATE SUMMARY FOR AUGUST 12 2020...

CLIMATE NORMAL PERIOD 1981 TO 2010
CLIMATE RECORD PERIOD 1871 TO 2020


WEATHER ITEM   OBSERVED TIME   RECORD YEAR NORMAL DEPARTURE LAST
                VALUE   (LST)  VALUE       VALUE  FROM      YEAR
                                                  NORMAL
..................................................................
TEMPERATURE (F)
 YESTERDAY
  MAXIMUM         82    250 PM  94    1988  79      3       79
  MINIMUM         62    334 AM  48    1967  64     -2       68
  AVERAGE         72                        71      1       74

PRECIPITATION (IN)
  YESTERDAY        0.00          2.32 2002   0.13  -0.13      T
  MONTH TO DATE    5.82                      1.57   4.25     1.27
  SINCE JUN 1     13.10                      9.14   3.96     8.86
  SINCE JAN 1     28.79                     21.78   7.01    26.15

SNOWFALL (IN)
  YESTERDAY        0.0           0.0  2019   0.0    0.0      0.0
  MONTH TO DATE    0.0                       0.0    0.0      0.0
  SINCE JUN 1      0.0                       0.0    0.0      0.0
  SINCE JUL 1      0.0                       0.0    0.0      0.0
  SNOW DEPTH       0

DEGREE DAYS
 HEATING
  YESTERDAY        0                         0      0        0
  MONTH TO DATE    3                         0      3        0
  SINCE JUN 1     39                        95    -56       89
  SINCE JUL 1      3                        11     -8        0

 COOLING
  YESTERDAY        7                         7      0        9
  MONTH TO DATE   78                        84     -6      102
  SINCE JUN 1    636                       426    210      488
  SINCE JAN 1    671                       456    215      497
..................................................................


WIND (MPH)
  HIGHEST WIND SPEED    14   HIGHEST WIND DIRECTION     E (110)
  HIGHEST GUST SPEED    16   HIGHEST GUST DIRECTION     E (110)
  AVERAGE WIND SPEED     4.6


SKY COVER
  POSSIBLE SUNSHINE  MM
  AVERAGE SKY COVER 0.2


WEATHER CONDITIONS
 THE FOLLOWING WEATHER WAS RECORDED YESTERDAY.
  NO SIGNIFICANT WEATHER WAS OBSERVED.


RELATIVE HUMIDITY (PERCENT)
 HIGHEST    84           400 AM
 LOWEST     39           300 PM
 AVERAGE    62

..........................................................


THE MILWAUKEE WI CLIMATE NORMALS FOR TODAY
                         NORMAL    RECORD    YEAR
 MAXIMUM TEMPERATURE (F)   79        97      1918
 MINIMUM TEMPERATURE (F)   64        48      1961


SUNRISE AND SUNSET
AUGUST 13 2020........SUNRISE   556 AM CDT   SUNSET   756 PM CDT
AUGUST 14 2020........SUNRISE   557 AM CDT   SUNSET   754 PM CDT


-  INDICATES NEGATIVE NUMBERS.
R  INDICATES RECORD WAS SET OR TIED.
MM INDICATES DATA IS MISSING.
T  INDICATES TRACE AMOUNT.




$$
