000
CXUS53 KMKX 062305 CCA
CLMMKE

CLIMATE REPORT
NATIONAL WEATHER SERVICE IN MILWAUKEE
1002 AM CST SAT FEB 1 2020

...................................

...THE MILWAUKEE WI CLIMATE SUMMARY FOR THE MONTH OF JANUARY 2020...

CLIMATE NORMAL PERIOD 1981 TO 2010
CLIMATE RECORD PERIOD 1871 TO 2020

WEATHER         OBSERVED          NORMAL  DEPART  LAST YEAR`S
                 VALUE   DATE(S)  VALUE   FROM    VALUE  DATE(S)
                                          NORMAL
................................................................
TEMPERATURE (F)
RECORD
 HIGH              63   01/07/2008
 LOW              -26   01/17/1982
HIGHEST            51   01/09        46       5       56  01/05
LOWEST              5   01/19        -9      14      -23  01/31
AVG. MAXIMUM     36.2              28.9     7.3     27.7
AVG. MINIMUM     24.2              15.6     8.6     14.6
MEAN             30.2              22.3     7.9     21.2
DAYS MAX >= 90      0               0.0     0.0        0
DAYS MAX <= 32      7              18.1   -11.1       19
DAYS MIN <= 32     26              29.1    -3.1       30
DAYS MIN <= 0       0               3.7    -3.7        6

PRECIPITATION (INCHES)
RECORD
 MAXIMUM         5.38   1918
 MINIMUM         0.15   1919
TOTALS           2.06              1.76    0.30     2.23
DAILY AVG.       0.07              0.06    0.01     0.07
DAYS >= .01        11              11.4    -0.4       10
DAYS >= .10         6               5.1     0.9        6
DAYS >= .50         0               0.8    -0.8        1
DAYS >= 1.00        0               0.1    -0.1        0
GREATEST
 24 HR. TOTAL    0.47   01/10 TO 01/10              0.68

SNOWFALL (INCHES)
RECORDS
 TOTAL           52.6   5
TOTALS           12.2              14.7    -2.5     20.2
SINCE 7/1        27.9              28.0    -0.1     28.3
SNOWDEPTH AVG.      2                 5      -3        3
DAYS >= 1.0         4               4.5    -0.5        5
GREATEST
 SNOW DEPTH         5   01/24                         12  01/31
                        01/23                             01/30
                        01/21                             01/29
 24 HR TOTAL      4.3   01/17 TO 01/17               6.9

DEGREE_DAYS
HEATING TOTAL    1072              1325    -253     1353
 SINCE 7/1       3451              3885    -434     3790
COOLING TOTAL       0                 0       0        0
 SINCE 1/1          0                 0       0        0
.................................................................

WIND (MPH)
AVERAGE WIND SPEED              9.9
HIGHEST WIND SPEED/DIRECTION    35/010    DATE  01/11
HIGHEST GUST SPEED/DIRECTION    54/020    DATE  01/11

SKY COVER
AVERAGE SKY COVER           0.80
NUMBER OF DAYS FAIR            2
NUMBER OF DAYS PC              8
NUMBER OF DAYS CLOUDY         21

AVERAGE RH (PERCENT)     72

-  INDICATES NEGATIVE NUMBERS.
R  INDICATES RECORD WAS SET OR TIED.
MM INDICATES DATA IS MISSING.
T  INDICATES TRACE AMOUNT.

$$
