344
CXUS53 KMKX 011332 RRB
CLMMKE

CLIMATE REPORT
NATIONAL WEATHER SERVICE IN MILWAUKEE
804 AM CDT SUN SEP 1 2019

...................................

...THE MILWAUKEE WI CLIMATE SUMMARY FOR THE MONTH OF AUGUST 2019...

CLIMATE NORMAL PERIOD 1981 TO 2010
CLIMATE RECORD PERIOD 1871 TO 2019

WEATHER         OBSERVED          NORMAL  DEPART  LAST YEAR`S
                 VALUE   DATE(S)  VALUE   FROM    VALUE  DATE(S)
                                          NORMAL
................................................................
TEMPERATURE (F)
RECORD
 HIGH             103   08/01/1988
 LOW               42   08/30/1915
                        08/23/1875
HIGHEST            90   08/05        92      -2       94  08/04
LOWEST             53   08/31        51       2       57  08/31
AVG. MAXIMUM     79.2              78.5     0.7     81.3
AVG. MINIMUM     63.7              63.0     0.7     66.1
MEAN             71.5              70.7     0.8     73.7
DAYS MAX >= 90      1               2.0    -1.0        2
DAYS MAX <= 32      0               0.0     0.0        0
DAYS MIN <= 32      0               0.0     0.0        0
DAYS MIN <= 0       0               0.0     0.0        0

PRECIPITATION (INCHES)
RECORD
 MAXIMUM         9.05   1987
 MINIMUM         0.29   1894
TOTALS           3.53              3.97   -0.44     5.68
DAILY AVG.       0.11              0.13   -0.02     0.18
DAYS >= .01        10               9.5     0.5       13
DAYS >= .10         6               6.5    -0.5        7
DAYS >= .50         2               2.5    -0.5        4
DAYS >= 1.00        1               0.9     0.1        2
GREATEST
 24 HR. TOTAL    1.67   08/26 TO 08/26              2.13

DEGREE_DAYS
HEATING TOTAL       2                15     -13        1
 SINCE 7/1          2                26     -24        1
COOLING TOTAL     211               193      18      281
 SINCE 1/1        606               565      41      783
.................................................................

WIND (MPH)
AVERAGE WIND SPEED              7.9
HIGHEST WIND SPEED/DIRECTION    30/230    DATE  08/29
HIGHEST GUST SPEED/DIRECTION    43/230    DATE  08/29

SKY COVER
POSSIBLE SUNSHINE (PERCENT)   MM
AVERAGE SKY COVER           0.50
NUMBER OF DAYS FAIR            7
NUMBER OF DAYS PC             19
NUMBER OF DAYS CLOUDY          5

AVERAGE RH (PERCENT)     67


-  INDICATES NEGATIVE NUMBERS.
R  INDICATES RECORD WAS SET OR TIED.
MM INDICATES DATA IS MISSING.
T  INDICATES TRACE AMOUNT.

$$
