000
CXUS53 KMKX 012255 CCA
CLMMKE

CLIMATE REPORT
NATIONAL WEATHER SERVICE MILWAUKEE/SULLIVAN WI
1209 PM CST MON FEB 01 2021

...................................

...THE MILWAUKEE  WI CLIMATE SUMMARY FOR THE MONTH OF JANUARY 2021...

CLIMATE NORMAL PERIOD 1981 TO 2010
CLIMATE RECORD PERIOD 1871 TO 2021

WEATHER         OBSERVED          NORMAL  DEPART   LAST YEAR`S
                VALUE   DATE(S)   VALUE   FROM     VALUE DATE(S)
                                          NORMAL
................................................................
TEMPERATURE (F)
RECORD
 HIGH             63   01/07/2008
 LOW             -26   01/17/1982
HIGHEST           41   01/21         46      -5       51 01/09
                       01/13
LOWEST             9   01/28         -9      18        5 01/19
AVG. MAXIMUM    33.3               28.9     4.4     36.2
AVG. MINIMUM    22.6               15.6     7.0     24.2
MEAN            28.0               22.3     5.7     30.2
DAYS MAX >= 90     0                0.0     0.0        0
DAYS MAX <= 32    12               18.1    -5.9        7
DAYS MIN <= 32    29               29.1    -0.1       26
DAYS MIN <= 0      0                3.7    -3.7        0

PRECIPITATION (INCHES)
RECORD
 MAXIMUM        5.38   1918
 MINIMUM        0.15   1919
TOTALS          2.02               1.76    0.26     2.06
DAILY AVG.      0.07               0.06    0.01     0.07
DAYS >= .01       12               11.4     0.6       11
DAYS >= .10        7                5.1     1.9        6
DAYS >= .50        1                0.8     0.2        0
DAYS >= 1.00       0                0.1    -0.1        0
GREATEST
 24 HR. TOTAL   0.72   01/30 TO 01/31               0.47

SNOWFALL (INCHES)
RECORDS
 TOTAL          52.6   1918
TOTALS          23.3               14.7     8.6     12.2
SINCE 7/1       28.7               28.0     0.7     27.9
SNOWDEPTH AVG.     4                                   2
DAYS >= 1.0        7                4.5     2.5        4
GREATEST
 SNOW DEPTH       12   01/31                           5
 24 HR TOTAL     6.5   01/31 TO 01/31                4.3

DEGREE DAYS
HEATING TOTAL   1141               1325    -184     1072
 SINCE 7/1      3313               3885    -572     3451
COOLING TOTAL      0                  0       0        0
 SINCE 1/1         0                  0       0        0
................................................................

WIND (MPH)
AVERAGE WIND SPEED              9.4
HIGHEST WIND SPEED/DIRECTION    29/060    DATE  01/25
                                29/030          01/26
                                29/110          01/30
HIGHEST GUST SPEED/DIRECTION    41/030    DATE  01/26
                                41/120          01/30

SKY COVER
POSSIBLE SUNSHINE (PERCENT)   MM
AVERAGE SKY COVER           0.79
NUMBER OF DAYS FAIR            2
NUMBER OF DAYS PC              7
NUMBER OF DAYS CLOUDY         22

AVERAGE RH (PERCENT)     74

WEATHER CONDITIONS. NUMBER OF DAYS WITH
THUNDERSTORM              0     MIXED PRECIP               0
HEAVY RAIN                0     RAIN                       1
LIGHT RAIN                4     FREEZING RAIN              0
LT FREEZING RAIN          2     HAIL                       0
HEAVY SNOW                0     SNOW                       5
LIGHT SNOW               19     SLEET                      1
FOG                      19     FOG W/VIS <= 1/4 MILE      3
HAZE                     11

-  INDICATES NEGATIVE NUMBERS.
R  INDICATES RECORD WAS SET OR TIED.
MM INDICATES DATA IS MISSING.
T  INDICATES TRACE AMOUNT.

$$
