000
CXUS53 KMKX 011553
CLMMKE


CLIMATE REPORT
NATIONAL WEATHER SERVICE IN MILWAUKEE
1009 AM CDT SAT AUG 1 2020

...................................

...THE MILWAUKEE WI CLIMATE SUMMARY FOR THE MONTH OF JULY 2020...

CLIMATE NORMAL PERIOD 1981 TO 2010
CLIMATE RECORD PERIOD 1871 TO 2020

WEATHER         OBSERVED          NORMAL  DEPART  LAST YEAR`S
                 VALUE   DATE(S)  VALUE   FROM    VALUE  DATE(S)
                                          NORMAL
................................................................
TEMPERATURE (F)
RECORD
 HIGH             105   07/24/1934
 LOW               40   07/01/1965
HIGHEST            95   07/26        94       1       94  07/10
LOWEST             62   07/13        52      10       57  07/08
AVG. MAXIMUM     84.5              80.1     4.4     83.6
AVG. MINIMUM     69.0              63.5     5.5     66.5
MEAN             76.7              71.8     4.9     75.1
DAYS MAX >= 90      4               2.9     1.1        9
DAYS MAX <= 32      0               0.0     0.0        0
DAYS MIN <= 32      0               0.0     0.0        0
DAYS MIN <= 0       0               0.0     0.0        0

PRECIPITATION (INCHES)
RECORD
 MAXIMUM        10.93   2010
 MINIMUM         0.28   1936
TOTALS           4.34              3.67    0.67     3.17
DAILY AVG.       0.14              0.12    0.02     0.10
DAYS >= .01         9               9.8    -0.8        7
DAYS >= .10         5               6.1    -1.1        3
DAYS >= .50         3               2.4     0.6        2
DAYS >= 1.00        3               0.8     2.2        1
GREATEST
 24 HR. TOTAL    1.51   07/09 TO 07/09              2.01

DEGREE_DAYS
HEATING TOTAL       0                11     -11        0
 SINCE 7/1          0                11     -11        0
COOLING TOTAL     370               222     148      319
 SINCE 1/1        593               372     221      395
.................................................................

WIND (MPH)
AVERAGE WIND SPEED              8.1
HIGHEST WIND SPEED/DIRECTION    30/240    DATE  07/18
HIGHEST GUST SPEED/DIRECTION    47/250    DATE  07/18

SKY COVER
POSSIBLE SUNSHINE (PERCENT)   MM
AVERAGE SKY COVER           0.50
NUMBER OF DAYS FAIR            4
NUMBER OF DAYS PC             24
NUMBER OF DAYS CLOUDY          3

AVERAGE RH (PERCENT)     67

WEATHER CONDITIONS. NUMBER OF DAYS WITH
  0
  3
  0
  0
  0
  0
  0
HAZE                      9

-  INDICATES NEGATIVE NUMBERS.
R  INDICATES RECORD WAS SET OR TIED.
MM INDICATES DATA IS MISSING.
T  INDICATES TRACE AMOUNT.

&&

TOP TENS - TEMPERATURE
8TH WARMEST JULY AVG MAX TEMP AT 84.5
3RD WARMEST JULY AVG MIN TEMP AT 69.0
3RD WARMEST JULY WITH OVERALL AVG TEMP AT 76.7

$$
