000
CXUS53 KMKX 011331
CLSMKE

CLIMATE REPORT
NATIONAL WEATHER SERVICE IN MILWAUKEE
821 AM CDT SUN SEP 1 2019

...................................

...THE MILWAUKEE WI CLIMATE SUMMARY FOR THE SEASON, FROM
6/1/2019 TO 8/31/2019...

CLIMATE NORMAL PERIOD 1981 TO 2010
CLIMATE RECORD PERIOD 1871 TO 2019

WEATHER         OBSERVED          NORMAL  DEPART  LAST YEAR`S
                 VALUE   DATE(S)  VALUE   FROM    VALUE  DATE(S)
                                          NORMAL
................................................................
TEMPERATURE (F)
RECORD
 HIGH             105   07/24/1934
 LOW               33   06/04/1945
HIGHEST            94   07/10        95      -1       95  06/30
                                                          06/29
LOWEST             45   06/03        44       1       47  06/06
AVG. MAXIMUM     78.6              78.0     0.6     79.3
AVG. MINIMUM     61.8              61.3     0.5     63.6
MEAN             70.2              69.6     0.6     71.4
DAYS MAX >= 90     10               6.4     3.6       10
DAYS MAX <= 32      0               0.0     0.0        0
DAYS MIN <= 32      0               0.0     0.0        0
DAYS MIN <= 0       0               0.0     0.0        0

PRECIPITATION (INCHES)
RECORD
 MAXIMUM        19.48   1986
 MINIMUM         3.27   1918
TOTALS          11.12             11.54   -0.42    14.13
DAILY AVG.       0.12              0.13   -0.01     0.15
DAYS >= .01        32              29.7     2.3       37
DAYS >= .10        22              19.1     2.9       20
DAYS >= .50         6               7.6    -1.6        9
DAYS >= 1.00        3               2.7     0.3        5
GREATEST
 24 HR. TOTAL    2.01   07/20 TO 07/20              2.13  8/20

DEGREE_DAYS
HEATING TOTAL      91               110     -19       61
 SINCE 7/1          2                26     -24        1
COOLING TOTAL     597               535      62      684
 SINCE 1/1        606               565      41      783

FREEZE DATES
RECORD
 EARLIEST     09/20/1956
 LATEST       05/27/1961
EARLIEST                        10/17
LATEST                          04/27
.................................................................

WIND (MPH)
AVERAGE WIND SPEED              8.2
RESULTANT WIND SPEED/DIRECTION   0/205
HIGHEST WIND SPEED/DIRECTION    33/220    DATE  06/14
HIGHEST GUST SPEED/DIRECTION    48/300    DATE  06/27

SKY COVER
POSSIBLE SUNSHINE (PERCENT)   MM
AVERAGE SKY COVER           0.60
NUMBER OF DAYS FAIR           19
NUMBER OF DAYS PC             54
NUMBER OF DAYS CLOUDY         19

AVERAGE RH (PERCENT)     67


-  INDICATES NEGATIVE NUMBERS.
R  INDICATES RECORD WAS SET OR TIED.
MM INDICATES DATA IS MISSING.
T  INDICATES TRACE AMOUNT.

$$
