000
CXUS53 KMKX 011504
CLSMKE

CLIMATE REPORT
NATIONAL WEATHER SERVICE MILWAUKEE/SULLIVAN WI
1004 AM CDT THU SEP 01 2022

...................................

...THE MILWAUKEE  WI CLIMATE SUMMARY FOR THE SEASON, FROM
6/1/2022 TO 8/31/2022...

CLIMATE NORMAL PERIOD 1991 TO 2020
CLIMATE RECORD PERIOD 1871 TO 2022

WEATHER         OBSERVED          NORMAL  DEPART   LAST YEAR`S
                VALUE   DATE(S)   VALUE   FROM     VALUE DATE(S)
                                          NORMAL
................................................................
TEMPERATURE (F)
RECORD
 HIGH            105   07/24/1934
 LOW              33   06/04/1945
HIGHEST          100   06/21         95       5       95  07/26
                                                          08/24
                                                          08/28
LOWEST            49   06/09         44       5       51  06/01
AVG. MAXIMUM    80.7               79.7     1.0     82.6
AVG. MINIMUM    63.9               62.4     1.5     65.0
MEAN            72.3               71.1     1.2     73.8
DAYS MAX >= 90    12                8.2     3.8       21
DAYS MAX <= 32     0                0.0     0.0        0
DAYS MIN <= 32     0                0.0     0.0        0
DAYS MIN <= 0      0                0.0     0.0        0

PRECIPITATION (INCHES)
RECORD
 MAXIMUM       19.48   1986
 MINIMUM        3.27   1918
TOTALS         10.97              11.43   -0.46     8.09
DAILY AVG.      0.12               0.12   -0.00     0.09
DAYS >= .01       31               30.1     0.9       28
DAYS >= .10       17               19.2    -2.2       15
DAYS >= .50        7                7.4    -0.4       10
DAYS >= 1.00       3                2.7     0.3        1
GREATEST
 24 HR. TOTAL   1.86   07/05 TO 07/06               1.01

DEGREE DAYS
HEATING TOTAL     34                 78     -44        6
 SINCE 7/1         0                  8      -8        3
COOLING TOTAL    733                637      96      840
 SINCE 1/1       804                676     128      909

FREEZE DATES
RECORD
 EARLIEST     09/20/1956
 LATEST       05/27/1961
EARLIEST                         11/2
LATEST                          04/27
................................................................

WIND (MPH)
AVERAGE WIND SPEED              8.9
RESULTANT WIND SPEED/DIRECTION   2/260
HIGHEST WIND SPEED/DIRECTION    32/260    DATE  06/16
HIGHEST GUST SPEED/DIRECTION    59/240    DATE  06/13

SKY COVER
AVERAGE SKY COVER           0.50
NUMBER OF DAYS FAIR           29
NUMBER OF DAYS PC             43
NUMBER OF DAYS CLOUDY         20

AVERAGE RH (PERCENT)     66

WEATHER CONDITIONS. NUMBER OF DAYS WITH
THUNDERSTORM             17     MIXED PRECIP               0
HEAVY RAIN               11     RAIN                      13
LIGHT RAIN               34     FREEZING RAIN              0
LT FREEZING RAIN          0     HAIL                       1
HEAVY SNOW                0     SNOW                       0
LIGHT SNOW                0     SLEET                      0
FOG                      30     FOG W/VIS <= 1/4 MILE      4
HAZE                      9

-  INDICATES NEGATIVE NUMBERS.
R  INDICATES RECORD WAS SET OR TIED.
MM INDICATES DATA IS MISSING.
T  INDICATES TRACE AMOUNT.

$$
