000
CXUS53 KMKX 180910
CF6MSN
PRELIMINARY LOCAL CLIMATOLOGICAL DATA (WS FORM: F-6)

                                          STATION:   MADISON WI
                                          MONTH:     FEBRUARY
                                          YEAR:      2020
                                          LATITUDE:   43  7 N
                                          LONGITUDE:  89 20 W

  TEMPERATURE IN F:       :PCPN:    SNOW:  WIND      :SUNSHINE: SKY     :PK WND
================================================================================
1   2   3   4   5  6A  6B    7    8   9   10  11  12  13   14  15   16   17  18
                                     12Z  AVG MX 2MIN
DY MAX MIN AVG DEP HDD CDD  WTR  SNW DPTH SPD SPD DIR MIN PSBL S-S WX    SPD DR
================================================================================

 1  38  32  35  15  30   0 0.00  0.0    6  7.5 15 220   M    M   9 1      23 220
 2  51  30  41  21  24   0 0.00  0.0    6  6.9 16 280   M    M   5        28 230
 3  39  24  32  12  33   0 0.00  0.0    5  7.6 21  20   M    M   5 1      25  10
 4  33  20  27   7  38   0 0.00  0.0    5 11.1 21 360   M    M   9        28  10
 5  26  14  20   0  45   0 0.00  0.0    5  4.5 10 350   M    M   8        16 350
 6  33  14  24   3  41   0 0.00  0.0    5  3.0 10  30   M    M   4        13  80
 7  34  12  23   2  42   0 0.00  0.0    5  3.5  9 270   M    M   6        17 230
 8  30  17  24   3  41   0    T    T    5  4.4 12 230   M    M   7        21 230
 9  32  16  24   3  41   0 0.37  6.0    6  8.4 22 160   M    M   8 129    31 160
10  31   4  18  -4  47   0 0.00  0.0   10  2.7  8 200   M    M   1 18     16 330
11  30  17  24   2  41   0 0.00  0.0    9  6.9 16 300   M    M   3        25 300
12  35  10  23   1  42   0 0.08  1.3    9  7.5 21 350   M    M   7 1      33 350
13  26  -5  11 -11  54   0 0.03  0.8    9 12.1 28 360   M    M   5 189    36  10
14  11 -11   0 -23  65   0 0.00  0.0    8  8.4 18 180   M    M   2        25 180
15  33   5  19  -4  46   0 0.00  0.0    8  8.5 20 200   M    M   6        28 170
16  34  11  23   0  42   0 0.00  0.0    8  2.8 10 360   M    M   6 1      13  10
17  34  23  29   5  36   0 0.46  5.2    8  9.7 18 150   M    M  10 12     24 140
================================================================================
SM  550  233       708   0  0.94    13.3 115.5          M      101
================================================================================
AV 32.4 13.7                               6.8 FASTST   M    M   6    MAX(MPH)
                                 MISC ---->  # 28 360               # 36   10
================================================================================
NOTES:
# LAST OF SEVERAL OCCURRENCES

COLUMN 17 PEAK WIND IN M.P.H.

PRELIMINARY LOCAL CLIMATOLOGICAL DATA (WS FORM: F-6) , PAGE 2

                                          STATION:  MADISON WI
                                          MONTH:    FEBRUARY
                                          YEAR:     2020
                                          LATITUDE:   43  7 N
                                          LONGITUDE:  89 20 W

[TEMPERATURE DATA]      [PRECIPITATION DATA]       SYMBOLS USED IN COLUMN 16

AVERAGE MONTHLY: 23.0   TOTAL FOR MONTH:   0.94    1 = FOG OR MIST
DPTR FM NORMAL:   1.6   DPTR FM NORMAL:    0.13    2 = FOG REDUCING VISIBILITY
HIGHEST:    51 ON  2    GRTST 24HR  0.46 ON 17-17      TO 1/4 MILE OR LESS
LOWEST:    -11 ON 14                               3 = THUNDER
                        SNOW, ICE PELLETS, HAIL    4 = ICE PELLETS
                        TOTAL MONTH:  13.3 INCHES  5 = HAIL
                        GRTST 24HR   6.0 ON  9- 9  6 = FREEZING RAIN OR DRIZZLE
                        GRTST DEPTH:  10 ON 10     7 = DUSTSTORM OR SANDSTORM:
                                                       VSBY 1/2 MILE OR LESS
                                                   8 = SMOKE OR HAZE
[NO. OF DAYS WITH]      [WEATHER - DAYS WITH]      9 = BLOWING SNOW
                                                   X = TORNADO
MAX 32 OR BELOW:   7    0.01 INCH OR MORE:   4
MAX 90 OR ABOVE:   0    0.10 INCH OR MORE:   2
MIN 32 OR BELOW:  17    0.50 INCH OR MORE:   0
MIN  0 OR BELOW:   2    1.00 INCH OR MORE:   0

[HDD (BASE 65) ]
TOTAL THIS MO.   708    CLEAR  (SCALE 0-3)   2
DPTR FM NORMAL   -32    PTCLDY (SCALE 4-7)  11
TOTAL FM JUL 1  4593    CLOUDY (SCALE 8-10)  4
DPTR FM NORMAL  -460

[CDD (BASE 65) ]
TOTAL THIS MO.     0
DPTR FM NORMAL     0    [PRESSURE DATA]
TOTAL FM JAN 1     0    HIGHEST SLP M ON M
DPTR FM NORMAL     0    LOWEST  SLP 29.35 ON  2

[REMARKS]
