000
CXUS53 KMKX 260810
CF6MSN
PRELIMINARY LOCAL CLIMATOLOGICAL DATA (WS FORM: F-6)

                                          STATION:   MADISON WI
                                          MONTH:     OCTOBER
                                          YEAR:      2021
                                          LATITUDE:   43  7 N
                                          LONGITUDE:  89 20 W

  TEMPERATURE IN F:       :PCPN:    SNOW:  WIND      :SUNSHINE: SKY     :PK WND
================================================================================
1   2   3   4   5  6A  6B    7    8   9   10  11  12  13   14  15   16   17  18
                                     12Z  AVG MX 2MIN
DY MAX MIN AVG DEP HDD CDD  WTR  SNW DPTH SPD SPD DIR MIN PSBL S-S WX    SPD DR
================================================================================

 1  84  52  68  12   0   3 0.00  0.0    0  4.2 13 160   M    M   4        20 160
 2  79  66  73  18   0   8 0.04  0.0    0  3.7 10 170   M    M   8 13     14 170
 3  74  63  69  14   0   4 0.04  0.0    0  4.2 12 340   M    M   9 13     17 340
 4  71  61  66  11   0   1    T  0.0    0  7.4 14  10   M    M  10 1      18 350
 5  69  60  65  11   0   0 0.00  0.0    0  7.4 14  60   M    M  10        19  70
 6  77  59  68  14   0   3 0.00  0.0    0  7.5 15  90   M    M   7 1      21  90
 7  68  58  63  10   2   0 0.50  0.0    0  5.2 15  80   M    M   9 12     20  90
 8  72  60  66  13   0   1 0.00  0.0    0  2.8  9 160   M    M   8 12     12 160
 9  79  57  68  16   0   3    T  0.0    0  5.5 16 120   M    M   7 1      22 120
10  73  63  68  16   0   3 0.01  0.0    0  9.6 22 170   M    M   7 13     28 210
11  67  60  64  12   1   0 0.45  0.0    0  4.4 10 140   M    M   9 13     15 110
12  64  58  61  10   4   0 0.05  0.0    0  5.0 13 280   M    M  10 1      22 300
13  67  56  62  11   3   0 0.18  0.0    0  9.3 25 160   M    M   9 13     35 160
14  67  45  56   6   9   0    T  0.0    0  4.7 13 230   M    M   3        20 240
15  59  43  51   1  14   0    T  0.0    0  2.5  9 210   M    M   6        14 210
16  59  40  50   0  15   0 0.00  0.0    0  5.6 17 300   M    M   1        29 270
17  65  36  51   2  14   0 0.00  0.0    0  2.4 12 320   M    M   1        18 290
18  72  37  55   6  10   0 0.00  0.0    0  1.5  9 200   M    M   0        13 170
19  72  42  57   9   8   0    T  0.0    0  5.3 16 190   M    M   3        24 240
20  72  48  60  12   5   0 0.02  0.0    0  5.1 16 150   M    M   6        20 150
21  61  33  47  -1  18   0 0.04  0.0    0  5.3 15 360   M    M   8 12     24 260
22  49  31  40  -7  25   0 0.00  0.0    0  2.5  9  60   M    M   7 12     14 360
23  53  31  42  -5  23   0 0.00  0.0    M  1.7 10 310   M    M   2 1      15 310
24  50  30  40  -6  25   0 0.22  0.0    0 10.0 23  60   M    M   7 1      34  60
25  53  33  43  -3  22   0 0.06  0.0    0 13.5 26  20   M    M   6 1      35  20
================================================================================
SM 1676 1222       198  26  1.61  0.0    136.3          M      157
================================================================================
AV 67.0 48.9                               5.5 FASTST   M    M   6    MAX(MPH)
                                 MISC ---->    26  20               # 35 160
================================================================================
NOTES:
# LAST OF SEVERAL OCCURRENCES

COLUMN 17 PEAK WIND IN M.P.H.

PRELIMINARY LOCAL CLIMATOLOGICAL DATA (WS FORM: F-6) , PAGE 2

                                          STATION:   MADISON WI
                                          MONTH:     OCTOBER
                                          YEAR:      2021
                                          LATITUDE:   43  7 N
                                          LONGITUDE:  89 20 W

[TEMPERATURE DATA]      [PRECIPITATION DATA]       SYMBOLS USED IN COLUMN 16

AVERAGE MONTHLY: 58.0   TOTAL FOR MONTH:   1.61    1 = FOG OR MIST
DPTR FM NORMAL:   7.1   DPTR FM NORMAL:   -0.64    2 = FOG REDUCING VISIBILITY
HIGHEST:    84 ON  1    GRTST 24HR  0.50 ON  7- 7      TO 1/4 MILE OR LESS
LOWEST:     30 ON 24                               3 = THUNDER
                        SNOW, ICE PELLETS, HAIL    4 = ICE PELLETS
                        TOTAL MONTH:   0.0 INCH    5 = HAIL
                        GRTST 24HR  0.0            6 = FREEZING RAIN OR DRIZZLE
                        GRTST DEPTH:  0            7 = DUSTSTORM OR SANDSTORM:
                                                       VSBY 1/2 MILE OR LESS
                                                   8 = SMOKE OR HAZE
[NO. OF DAYS WITH]      [WEATHER - DAYS WITH]      9 = BLOWING SNOW
                                                   X = TORNADO
MAX 32 OR BELOW:   0    0.01 INCH OR MORE:  11
MAX 90 OR ABOVE:   0    0.10 INCH OR MORE:   4
MIN 32 OR BELOW:   3    0.50 INCH OR MORE:   1
MIN  0 OR BELOW:   0    1.00 INCH OR MORE:   0

[HDD (BASE 65) ]
TOTAL THIS MO.   198    CLEAR  (SCALE 0-3)   5
DPTR FM NORMAL  -159    PTCLDY (SCALE 4-7)  13
TOTAL FM JUL 1   248    CLOUDY (SCALE 8-10)  7
DPTR FM NORMAL  -289

[CDD (BASE 65) ]
TOTAL THIS MO.    26
DPTR FM NORMAL    25    [PRESSURE DATA]
TOTAL FM JAN 1   847    HIGHEST SLP M ON M
DPTR FM NORMAL   224    LOWEST  SLP 29.59 ON 10

[REMARKS]
