000
CXUS53 KMKX 270910
CF6MSN
PRELIMINARY LOCAL CLIMATOLOGICAL DATA (WS FORM: F-6)

                                          STATION:   MADISON WI
                                          MONTH:     FEBRUARY
                                          YEAR:      2021
                                          LATITUDE:   43  7 N
                                          LONGITUDE:  89 20 W

  TEMPERATURE IN F:       :PCPN:    SNOW:  WIND      :SUNSHINE: SKY     :PK WND
================================================================================
1   2   3   4   5  6A  6B    7    8   9   10  11  12  13   14  15   16   17  18
                                     12Z  AVG MX 2MIN
DY MAX MIN AVG DEP HDD CDD  WTR  SNW DPTH SPD SPD DIR MIN PSBL S-S WX    SPD DR
================================================================================

 1  32   9  21   1  44   0 0.00  0.0   10  5.6 14 350   M    M   2 1      19 360
 2  31   5  18  -2  47   0    T    T   10  4.6 13  20   M    M   3 18     15  30
 3  29  -1  14  -6  51   0 0.00  0.0   10  6.1 17 170   M    M   5 18     23 170
 4  32  15  24   4  41   0 0.33  3.5   10 12.7 22 300   M    M   8 12469   37 300
 5  15   3   9 -11  56   0    T    T   13  8.4 16 280   M    M   7 18     29 280
 6   8  -7   1 -20  64   0 0.00  0.0   13  6.1 14 290   M    M   5        22 280
 7   0 -15  -7 -28  72   0 0.00  0.0   13  4.9 12 290   M    M   4        17 320
 8   5 -10  -2 -23  67   0 0.01  0.2   13  2.4  9 350   M    M   9 8      12 360
 9  10 -18  -4 -25  69   0 0.00  0.0   13  2.2  9 300   M    M   2        13 290
10  11 -11   0 -22  65   0 0.00  0.0   12  2.3  8 320   M    M   5        12 300
11   6 -11  -2 -24  67   0 0.10  1.5   13  6.2 13 350   M    M   7 1      17 350
12   5  -3   1 -21  64   0 0.03  0.3   13  8.8 15 340   M    M   9 18     21 330
13   2  -9  -3 -25  68   0 0.12  2.0   13  8.1 14 320   M    M   7 8      22 330
14  -2 -12  -7 -30  72   0 0.00  0.0   15  9.0 15 340   M    M   7        24 330
15   3 -12  -4 -27  69   0    T    T   15 11.5 23  20   M    M   8 8      27  20
16  17  -8   5 -18  60   0 0.03  0.4   15  6.1 17  10   M    M   5 8      22 360
17  18 -14   2 -22  63   0 0.00  0.0   14  2.2  9 190   M    M   4        13 170
18  25   7  16  -8  49   0    T    T   14  3.3 12  10   M    M   8        14  10
19  20   4  12 -12  53   0    T    T   14  4.0 13 300   M    M   6 8      20 290
20  22  -6   8 -17  57   0 0.00  0.0   13  4.9 15 180   M    M   3 18     22 180
21  31  17  24  -1  41   0 0.24  2.4   13  8.3 17 130   M    M   8 1      23 130
22  37  24  31   6  34   0    T  0.1   16  8.6 15 220   M    M   9 1      25 230
23  46  34  40  14  25   0 0.00  0.0   14  6.9 12 160   M    M   5        20 280
24  40  20  30   4  35   0 0.00  0.0   12  5.6 16 350   M    M   4        26 340
25  41  17  29   3  36   0 0.00  0.0   11  4.0 13 300   M    M   1        21 270
26  39  19  29   2  36   0    T    T   11  9.0 24 170   M    M   4 1      31 180
================================================================================
SM  523   37      1405   0  0.86 10.4    161.8          M      145
================================================================================
AV 20.1  1.4                               6.2 FASTST   M    M   6    MAX(MPH)
                                 MISC ---->    24 170                 37 300
================================================================================
NOTES:
# LAST OF SEVERAL OCCURRENCES

COLUMN 17 PEAK WIND IN M.P.H.

PRELIMINARY LOCAL CLIMATOLOGICAL DATA (WS FORM: F-6) , PAGE 2

                                          STATION:   MADISON WI
                                          MONTH:     FEBRUARY
                                          YEAR:      2021
                                          LATITUDE:   43  7 N
                                          LONGITUDE:  89 20 W

[TEMPERATURE DATA]      [PRECIPITATION DATA]       SYMBOLS USED IN COLUMN 16

AVERAGE MONTHLY: 10.8   TOTAL FOR MONTH:   0.86    1 = FOG OR MIST
DPTR FM NORMAL: -12.0   DPTR FM NORMAL:   -0.47    2 = FOG REDUCING VISIBILITY
HIGHEST:    46 ON 23    GRTST 24HR  0.33 ON  4- 4      TO 1/4 MILE OR LESS
LOWEST:    -18 ON  9                               3 = THUNDER
                        SNOW, ICE PELLETS, HAIL    4 = ICE PELLETS
                        TOTAL MONTH:  12.0 INCHES  5 = HAIL
                        GRTST 24HR   3.5 ON  4- 4  6 = FREEZING RAIN OR DRIZZLE
                        GRTST DEPTH:  16 ON 22     7 = DUSTSTORM OR SANDSTORM:
                                                       VSBY 1/2 MILE OR LESS
                                                   8 = SMOKE OR HAZE
[NO. OF DAYS WITH]      [WEATHER - DAYS WITH]      9 = BLOWING SNOW
                                                   X = TORNADO
MAX 32 OR BELOW:  21    0.01 INCH OR MORE:   7
MAX 90 OR ABOVE:   0    0.10 INCH OR MORE:   4
MIN 32 OR BELOW:  25    0.50 INCH OR MORE:   0
MIN  0 OR BELOW:  14    1.00 INCH OR MORE:   0

[HDD (BASE 65) ]
TOTAL THIS MO.  1405    CLEAR  (SCALE 0-3)   4
DPTR FM NORMAL   308    PTCLDY (SCALE 4-7)  18
TOTAL FM JUL 1  5391    CLOUDY (SCALE 8-10)  4
DPTR FM NORMAL   -19

[CDD (BASE 65) ]
TOTAL THIS MO.     0
DPTR FM NORMAL     0    [PRESSURE DATA]
TOTAL FM JAN 1     0    HIGHEST SLP M ON M
DPTR FM NORMAL     0    LOWEST  SLP 29.28 ON  4

[REMARKS]
