000
CXUS53 KMKX 210900
CF6MSN
PRELIMINARY LOCAL CLIMATOLOGICAL DATA (WS FORM: F-6)

                                          STATION:   MADISON WI
                                          MONTH:     SEPTEMBER
                                          YEAR:      2019
                                          LATITUDE:   43  7 N
                                          LONGITUDE:  89 20 W

  TEMPERATURE IN F:       :PCPN:    SNOW:  WIND      :SUNSHINE: SKY     :PK WND
================================================================================
1   2   3   4   5  6A  6B    7    8   9   10  11  12  13   14  15   16   17  18
                                     12Z  AVG MX 2MIN
DY MAX MIN AVG DEP HDD CDD  WTR  SNW DPTH SPD SPD DIR MIN PSBL S-S WX    SPD DR
================================================================================

 1  77  53  65  -1   0   0 0.00  0.0    0  2.2 12 170   M    M   5        14 170
 2  83  60  72   6   0   7 0.16  0.0    0  3.7 14 120   M    M   7 1      18 120
 3  81  62  72   6   0   7 0.19  0.0    0 10.9 26 160   M    M   5 13     32 170
 4  66  51  59  -7   6   0    T  0.0    0  4.4 14 360   M    M   6 1      20  10
 5  73  48  61  -4   4   0    T  0.0    0  7.6 17 170   M    M   5 1      22 170
 6  74  54  64  -1   1   0 0.00  0.0    0  8.1 20 350   M    M   6        30 340
 7  73  50  62  -3   3   0 0.00  0.0    0  3.3 12 340   M    M   6 1      19 310
 8  64  55  60  -4   5   0 0.02  0.0    0  8.1 15  90   M    M   9 1      20  80
 9  70  57  64   0   1   0 0.35  0.0    0  9.8 20 110   M    M  10 13     30 290
10  81  65  73   9   0   8 0.81  0.0    0  4.6 15 160   M    M   8 13     24 230
11  83  62  73  10   0   8 0.31  0.0    0  7.5 15  60   M    M   8 13     22 190
12  72  60  66   3   0   1 1.72  0.0    0  9.5 21 130   M    M   9 13     29 130
13  71  58  65   3   0   0 0.00  0.0    0  7.6 17 240   M    M   6        33 260
14  77  50  64   2   1   0 0.00  0.0    0  5.8 13 190   M    M   4        18 200
15  74  61  68   7   0   3 0.01  0.0    0  4.1 14 200   M    M   8 12     20 190
16  82  60  71  10   0   6 0.00  0.0    0  3.5  9 130   M    M   6 12     11 160
17  79  59  69   9   0   4 0.00  0.0    0  7.9 15 170   M    M   4 1      20 170
18  82  62  72  12   0   7 0.00  0.0    0  9.7 21 170   M    M   5 1      29 170
19  75  63  69   9   0   4 0.09  0.0    0  4.8 15 150   M    M   6 123    19 150
20  83  59  71  12   0   6 0.00  0.0    0  3.1 12 190   M    M   8 128    14 180
================================================================================
SM 1520 1149        21  61  3.66     0.0 126.2          M      131
================================================================================
AV 76.0 57.5                               6.3 FASTST   M    M   7    MAX(MPH)
                                 MISC ---->  # 26 160               # 33  260
================================================================================
NOTES:
# LAST OF SEVERAL OCCURRENCES

COLUMN 17 PEAK WIND IN M.P.H.

PRELIMINARY LOCAL CLIMATOLOGICAL DATA (WS FORM: F-6) , PAGE 2

                                          STATION:  MADISON WI
                                          MONTH:    SEPTEMBER
                                          YEAR:     2019
                                          LATITUDE:   43  7 N
                                          LONGITUDE:  89 20 W

[TEMPERATURE DATA]      [PRECIPITATION DATA]       SYMBOLS USED IN COLUMN 16

AVERAGE MONTHLY: 66.7   TOTAL FOR MONTH:   3.66    1 = FOG OR MIST
DPTR FM NORMAL:   3.6   DPTR FM NORMAL:    1.50    2 = FOG REDUCING VISIBILITY
HIGHEST:    83 ON 20,11 GRTST 24HR  1.72 ON 12-12      TO 1/4 MILE OR LESS
LOWEST:     48 ON  5                               3 = THUNDER
                        SNOW, ICE PELLETS, HAIL    4 = ICE PELLETS
                        TOTAL MONTH:   0.0 INCH    5 = HAIL
                        GRTST 24HR     0.0         6 = FREEZING RAIN OR DRIZZLE
                        GRTST DEPTH:   0           7 = DUSTSTORM OR SANDSTORM:
                                                       VSBY 1/2 MILE OR LESS
                                                   8 = SMOKE OR HAZE
[NO. OF DAYS WITH]      [WEATHER - DAYS WITH]      9 = BLOWING SNOW
                                                   X = TORNADO
MAX 32 OR BELOW:   0    0.01 INCH OR MORE:   9
MAX 90 OR ABOVE:   0    0.10 INCH OR MORE:   6
MIN 32 OR BELOW:   0    0.50 INCH OR MORE:   2
MIN  0 OR BELOW:   0    1.00 INCH OR MORE:   1

[HDD (BASE 65) ]
TOTAL THIS MO.    21    CLEAR  (SCALE 0-3)   0
DPTR FM NORMAL   -62    PTCLDY (SCALE 4-7)  16
TOTAL FM JUL 1    34    CLOUDY (SCALE 8-10)  4
DPTR FM NORMAL   -86

[CDD (BASE 65) ]
TOTAL THIS MO.    61
DPTR FM NORMAL    17    [PRESSURE DATA]
TOTAL FM JAN 1   628    HIGHEST SLP M ON M
DPTR FM NORMAL    71    LOWEST  SLP 29.71 ON  3

[REMARKS]
