000
CDUS43 KMKX 082129
CLIMSN

CLIMATE REPORT
NATIONAL WEATHER SERVICE MILWAUKEE/SULLIVAN WI
429 PM CDT SAT MAY 08 2021

...................................

...THE MADISON WI CLIMATE SUMMARY FOR MAY 8 2021...
VALID TODAY AS OF 0400 PM LOCAL TIME.

CLIMATE NORMAL PERIOD 1991 TO 2020
CLIMATE RECORD PERIOD 1871 TO 2021


WEATHER ITEM   OBSERVED TIME   RECORD YEAR NORMAL DEPARTURE LAST
                VALUE   (LST)  VALUE       VALUE  FROM      YEAR
                                                  NORMAL
...................................................................
TEMPERATURE (F)
 TODAY
  MAXIMUM         54    126 PM  85    1953  66    -12       47
                                      1979
                                      1993
  MINIMUM         30    512 AM  26    1966  44    -14       29
  AVERAGE         42                        55    -13       38

PRECIPITATION (IN)
  TODAY            0.00          1.61 1927   0.12  -0.12     0.00
  MONTH TO DATE    0.82                      0.98  -0.16      T
  SINCE MAR 1      3.67                      7.02  -3.35     5.51
  SINCE JAN 1      5.80                     10.01  -4.21     8.19

SNOWFALL (IN)
  TODAY            0.0           0.4  1923   0.0    0.0      0.0
  MONTH TO DATE    0.0                       0.1   -0.1      0.0
  SINCE MAR 1      2.1                       9.7   -7.6      3.0
  SINCE JUL 1     45.3                      51.8   -6.5     53.7
  SNOW DEPTH       0

DEGREE DAYS
 HEATING
  TODAY           23                        10     13       27
  MONTH TO DATE   93                        92      1      117
  SINCE MAR 1   1368                      1605   -237     1530
  SINCE JUL 1   6820                      6932   -112     6623

 COOLING
  TODAY            0                         0      0        0
  MONTH TO DATE    9                         0      9        0
  SINCE MAR 1     17                         3     14        0
  SINCE JAN 1     17                         3     14        0
...................................................................


WIND (MPH)
  HIGHEST WIND SPEED    15   HIGHEST WIND DIRECTION    NE (60)
  HIGHEST GUST SPEED    23   HIGHEST GUST DIRECTION    NE (50)
  AVERAGE WIND SPEED     3.3


SKY COVER
  POSSIBLE SUNSHINE  MM
  AVERAGE SKY COVER 0.4


WEATHER CONDITIONS
THE FOLLOWING WEATHER WAS RECORDED TODAY.
  NO SIGNIFICANT WEATHER WAS OBSERVED.


RELATIVE HUMIDITY (PERCENT)
 HIGHEST    92           300 AM
 LOWEST     39           200 PM
 AVERAGE    66

..........................................................


THE MADISON WI CLIMATE NORMALS FOR TOMORROW
                         NORMAL    RECORD    YEAR
 MAXIMUM TEMPERATURE (F)   67        92      1934
 MINIMUM TEMPERATURE (F)   45        20      1966


SUNRISE AND SUNSET
MAY  8 2021...........SUNRISE   541 AM CDT   SUNSET   807 PM CDT
MAY  9 2021...........SUNRISE   540 AM CDT   SUNSET   808 PM CDT


-  INDICATES NEGATIVE NUMBERS.
R  INDICATES RECORD WAS SET OR TIED.
MM INDICATES DATA IS MISSING.
T  INDICATES TRACE AMOUNT.




$$
