000
CDUS43 KMKX 222138
CLIMSN


CLIMATE REPORT
NATIONAL WEATHER SERVICE IN MILWAUKEE
436 PM CDT MON JUL 22 2019


...................................

...THE MADISON WI CLIMATE SUMMARY FOR JULY 22 2019...
VALID TODAY AS OF 0400 PM LOCAL TIME.

CLIMATE NORMAL PERIOD 1981 TO 2010
CLIMATE RECORD PERIOD 1871 TO 2019


WEATHER ITEM   OBSERVED TIME   RECORD YEAR NORMAL DEPARTURE LAST
                VALUE   (LST)  VALUE       VALUE  FROM      YEAR
                                                  NORMAL
..................................................................
TEMPERATURE (F)
 TODAY
  MAXIMUM         77    237 PM 100    1955  82     -5       79
                                      1934
  MINIMUM         62    454 AM  47    1947  61      1       62
  AVERAGE         70                        71     -1       71

PRECIPITATION (IN)
  TODAY            0.00          3.61 2010   0.13  -0.13      T
  MONTH TO DATE    5.56                      3.04   2.52     2.90
  SINCE JUN 1     10.72                      7.58   3.14     8.57
  SINCE JAN 1     26.53                     19.41   7.12    25.41

SNOWFALL (IN)
  TODAY            0.0           0.0  2018   0.0    0.0      0.0
  MONTH TO DATE    0.0                       0.0    0.0      0.0
  SINCE JUN 1      0.0                       0.0    0.0      0.0
  SINCE JUL 1      0.0                       0.0    0.0      0.0
  SNOW DEPTH       0

DEGREE DAYS
 HEATING
  TODAY            0                         0      0        0
  MONTH TO DATE    0                         0      0        0
  SINCE JUN 1     42                        60    -18       16
  SINCE JUL 1      0                         0      0        0

 COOLING
  TODAY            5                         7     -2        6
  MONTH TO DATE  246                       152     94      197
  SINCE JUN 1    344                       272     72      343
  SINCE JAN 1    364                       302     62      444
..................................................................


WIND (MPH)
  HIGHEST WIND SPEED    17   HIGHEST WIND DIRECTION     N (360)
  HIGHEST GUST SPEED    29   HIGHEST GUST DIRECTION    NE (30)
  AVERAGE WIND SPEED    10.2


SKY COVER
  POSSIBLE SUNSHINE  MM
  AVERAGE SKY COVER 0.4


WEATHER CONDITIONS
 THE FOLLOWING WEATHER WAS RECORDED TODAY.
  NO SIGNIFICANT WEATHER WAS OBSERVED.


RELATIVE HUMIDITY (PERCENT)
 HIGHEST    84           500 AM
 LOWEST     41           300 PM
 AVERAGE    63

..........................................................


THE MADISON WI CLIMATE NORMALS FOR TOMORROW
                         NORMAL    RECORD    YEAR
 MAXIMUM TEMPERATURE (F)   81       101      1934
 MINIMUM TEMPERATURE (F)   61        46      1985
                                             1970


SUNRISE AND SUNSET
JULY 22 2019..........SUNRISE   538 AM CDT   SUNSET   829 PM CDT
JULY 23 2019..........SUNRISE   538 AM CDT   SUNSET   829 PM CDT


-  INDICATES NEGATIVE NUMBERS.
R  INDICATES RECORD WAS SET OR TIED.
MM INDICATES DATA IS MISSING.
T  INDICATES TRACE AMOUNT.




$$
