000
CDUS43 KMKX 210649
CLIMSN


CLIMATE REPORT
NATIONAL WEATHER SERVICE IN MILWAUKEE
1248 AM CST THU FEB 21 2019


...................................

...THE MADISON WI CLIMATE SUMMARY FOR FEBRUARY 20 2019...

CLIMATE NORMAL PERIOD 1981 TO 2010
CLIMATE RECORD PERIOD 1871 TO 2019


WEATHER ITEM   OBSERVED TIME   RECORD YEAR NORMAL DEPARTURE LAST
                VALUE   (LST)  VALUE       VALUE  FROM      YEAR
                                                  NORMAL
..................................................................
TEMPERATURE (F)
 YESTERDAY
  MAXIMUM         34    652 PM  62    2017  33      1       38
  MINIMUM         23   1253 AM -21    1929  17      6       24
  AVERAGE         29                        25      4       31

PRECIPITATION (IN)
  YESTERDAY        0.27          0.98 1953   0.05   0.22     0.63
  MONTH TO DATE    1.95                      0.97   0.98     1.94
  SINCE DEC 1      6.61                      3.94   2.67     4.35
  SINCE JAN 1      4.51                      2.20   2.31     3.62

SNOWFALL (IN)
  YESTERDAY        3.3           4.5  1898   0.4    2.9      0.0
  MONTH TO DATE   21.0                       7.8   13.2     13.3
  SINCE DEC 1     46.6                      34.2   12.4     27.2
  SINCE JUL 1     50.0                      38.3   11.7     27.5
  SNOW DEPTH       6

DEGREE DAYS
 HEATING
  YESTERDAY       36                        40     -4       34
  MONTH TO DATE  893                       862     31      956
  SINCE DEC 1   3505                      3596    -91     3662
  SINCE JUL 1   5187                      5175     12     5021

 COOLING
  YESTERDAY        0                         0      0        0
  MONTH TO DATE    0                         0      0        0
  SINCE DEC 1      0                         0      0        0
  SINCE JAN 1      0                         0      0        0
..................................................................


WIND (MPH)
  HIGHEST WIND SPEED    20   HIGHEST WIND DIRECTION     E (100)
  HIGHEST GUST SPEED    34   HIGHEST GUST DIRECTION     W (290)
  AVERAGE WIND SPEED    11.4


SKY COVER
  POSSIBLE SUNSHINE  MM
  AVERAGE SKY COVER 1.0


WEATHER CONDITIONS
 THE FOLLOWING WEATHER WAS RECORDED YESTERDAY.
  LT FREEZING RAIN
  LIGHT SNOW
  FOG
  HAZE
  BLOWING SNOW


RELATIVE HUMIDITY (PERCENT)
 HIGHEST    92           500 AM
 LOWEST     59           900 PM
 AVERAGE    76

..........................................................


THE MADISON WI CLIMATE NORMALS FOR TODAY
                         NORMAL    RECORD    YEAR
 MAXIMUM TEMPERATURE (F)   33        62      2017
 MINIMUM TEMPERATURE (F)   17       -15      2008
                                             1873


SUNRISE AND SUNSET
FEBRUARY 21 2019......SUNRISE   646 AM CST   SUNSET   536 PM CST
FEBRUARY 22 2019......SUNRISE   645 AM CST   SUNSET   537 PM CST


-  INDICATES NEGATIVE NUMBERS.
R  INDICATES RECORD WAS SET OR TIED.
MM INDICATES DATA IS MISSING.
T  INDICATES TRACE AMOUNT.




$$
