855
CDUS43 KMKX 222127
CLIMSN


CLIMATE REPORT
NATIONAL WEATHER SERVICE IN MILWAUKEE
426 PM CDT SUN SEP 22 2019


...................................

...THE MADISON WI CLIMATE SUMMARY FOR SEPTEMBER 22 2019...
VALID TODAY AS OF 0400 PM LOCAL TIME.

CLIMATE NORMAL PERIOD 1981 TO 2010
CLIMATE RECORD PERIOD 1871 TO 2019


WEATHER ITEM   OBSERVED TIME   RECORD YEAR NORMAL DEPARTURE LAST
                VALUE   (LST)  VALUE       VALUE  FROM      YEAR
                                                  NORMAL
..................................................................
TEMPERATURE (F)
 TODAY
  MAXIMUM         74    159 AM  91    2017  69      5       65
  MINIMUM         66    240 PM  25    1974  47     19       39
  AVERAGE         70                        58     12       52

PRECIPITATION (IN)
  TODAY            1.88          3.67 2009   0.11   1.77     0.00
  MONTH TO DATE    5.57                      2.37   3.20     4.08
  SINCE SEP 1      5.57                      2.37   3.20     4.08
  SINCE JAN 1     35.16                     27.19   7.97    40.11

SNOWFALL (IN)
  TODAY            0.0           0.0  2018   0.0    0.0      0.0
  MONTH TO DATE    0.0                       0.0    0.0      0.0
  SINCE SEP 1      0.0                       0.0    0.0      0.0
  SINCE JUL 1      0.0                       0.0    0.0      0.0
  SNOW DEPTH       0

DEGREE DAYS
 HEATING
  TODAY            0                         8     -8       13
  MONTH TO DATE   21                        98    -77       39
  SINCE SEP 1     21                        98    -77       39
  SINCE JUL 1     34                       135   -101       41

 COOLING
  TODAY            5                         1      4        0
  MONTH TO DATE   75                        46     29       91
  SINCE SEP 1     75                        46     29       91
  SINCE JAN 1    642                       559     83      783
..................................................................


WIND (MPH)
  HIGHEST WIND SPEED    13   HIGHEST WIND DIRECTION    NW (310)
  HIGHEST GUST SPEED    19   HIGHEST GUST DIRECTION    SW (230)
  AVERAGE WIND SPEED     5.9


SKY COVER
  POSSIBLE SUNSHINE  MM
  AVERAGE SKY COVER 1.0


WEATHER CONDITIONS
 THE FOLLOWING WEATHER WAS RECORDED TODAY.
  THUNDERSTORM
  HEAVY RAIN
  RAIN
  LIGHT RAIN
  FOG


RELATIVE HUMIDITY (PERCENT)
 HIGHEST    93           800 AM
 LOWEST     84           200 AM
 AVERAGE    89

..........................................................


THE MADISON WI CLIMATE NORMALS FOR TOMORROW
                         NORMAL    RECORD    YEAR
 MAXIMUM TEMPERATURE (F)   69        92      2017
 MINIMUM TEMPERATURE (F)   47        26      1974


SUNRISE AND SUNSET
SEPTEMBER 22 2019.....SUNRISE   644 AM CDT   SUNSET   655 PM CDT
SEPTEMBER 23 2019.....SUNRISE   645 AM CDT   SUNSET   653 PM CDT


-  INDICATES NEGATIVE NUMBERS.
R  INDICATES RECORD WAS SET OR TIED.
MM INDICATES DATA IS MISSING.
T  INDICATES TRACE AMOUNT.




$$
