000
CDUS43 KMKX 190643
CLIMSN


CLIMATE REPORT
NATIONAL WEATHER SERVICE IN MILWAUKEE
142 AM CDT THU SEP 19 2019


...................................

...THE MADISON WI CLIMATE SUMMARY FOR SEPTEMBER 18 2019...

CLIMATE NORMAL PERIOD 1981 TO 2010
CLIMATE RECORD PERIOD 1871 TO 2019


WEATHER ITEM   OBSERVED TIME   RECORD YEAR NORMAL DEPARTURE LAST
                VALUE   (LST)  VALUE       VALUE  FROM      YEAR
                                                  NORMAL
..................................................................
TEMPERATURE (F)
 YESTERDAY
  MAXIMUM         82    312 PM  92    1955  71     11       70
  MINIMUM         62    303 AM  33    1959  49     13       61
  AVERAGE         72                        60     12       66

PRECIPITATION (IN)
  YESTERDAY        0.00          3.40 1874   0.10  -0.10     0.35
  MONTH TO DATE    3.57                      1.95   1.62     3.20
  SINCE SEP 1      3.57                      1.95   1.62     3.20
  SINCE JAN 1     33.16                     26.77   6.39    39.23

SNOWFALL (IN)
  YESTERDAY        0.0           0.0  2018   0.0    0.0      0.0
  MONTH TO DATE    0.0                       0.0    0.0      0.0
  SINCE SEP 1      0.0                       0.0    0.0      0.0
  SINCE JUL 1      0.0                       0.0    0.0      0.0
  SNOW DEPTH       0

DEGREE DAYS
 HEATING
  YESTERDAY        0                         6     -6        0
  MONTH TO DATE   21                        69    -48       21
  SINCE SEP 1     21                        69    -48       21
  SINCE JUL 1     34                       106    -72       23

 COOLING
  YESTERDAY        7                         1      6        1
  MONTH TO DATE   51                        42      9       83
  SINCE SEP 1     51                        42      9       83
  SINCE JAN 1    618                       555     63      775
..................................................................


WIND (MPH)
  HIGHEST WIND SPEED    21   HIGHEST WIND DIRECTION     S (170)
  HIGHEST GUST SPEED    29   HIGHEST GUST DIRECTION     S (170)
  AVERAGE WIND SPEED     9.7


SKY COVER
  POSSIBLE SUNSHINE  MM
  AVERAGE SKY COVER 0.5


WEATHER CONDITIONS
 THE FOLLOWING WEATHER WAS RECORDED YESTERDAY.
  FOG


RELATIVE HUMIDITY (PERCENT)
 HIGHEST    93           500 AM
 LOWEST     58           300 PM
 AVERAGE    76

..........................................................


THE MADISON WI CLIMATE NORMALS FOR TODAY
                         NORMAL    RECORD    YEAR
 MAXIMUM TEMPERATURE (F)   71        93      1948
 MINIMUM TEMPERATURE (F)   49        32      1956


SUNRISE AND SUNSET
SEPTEMBER 19 2019.....SUNRISE   641 AM CDT   SUNSET   700 PM CDT
SEPTEMBER 20 2019.....SUNRISE   642 AM CDT   SUNSET   659 PM CDT


-  INDICATES NEGATIVE NUMBERS.
R  INDICATES RECORD WAS SET OR TIED.
MM INDICATES DATA IS MISSING.
T  INDICATES TRACE AMOUNT.




$$
