000
CDUS43 KMKX 022229
CLIMSN

CLIMATE REPORT
NATIONAL WEATHER SERVICE MILWAUKEE/SULLIVAN WI
429 PM CST TUE MAR 02 2021

...................................

...THE MADISON WI CLIMATE SUMMARY FOR MARCH 2 2021...
VALID TODAY AS OF 0400 PM LOCAL TIME.

CLIMATE NORMAL PERIOD 1981 TO 2010
CLIMATE RECORD PERIOD 1871 TO 2021


WEATHER ITEM   OBSERVED TIME   RECORD YEAR NORMAL DEPARTURE LAST
                VALUE   (LST)  VALUE       VALUE  FROM      YEAR
                                                  NORMAL
...................................................................
TEMPERATURE (F)
 TODAY
  MAXIMUM         37    359 PM  67    1964  37      0       42
  MINIMUM         12    321 AM -13    1913  20     -8       28
  AVERAGE         25                        28     -3       35

PRECIPITATION (IN)
  TODAY            0.00          0.78 1991   0.06  -0.06     0.00
  MONTH TO DATE    T                         0.12  -0.12     0.00
  SINCE MAR 1      T                         0.12  -0.12     0.00
  SINCE JAN 1      2.13                      2.80  -0.67     2.68

SNOWFALL (IN)
  TODAY            0.0           6.9  1948   0.3   -0.3      0.0
  MONTH TO DATE    T                         0.6   -0.6      0.0
  SINCE MAR 1      T                         0.6   -0.6      0.0
  SINCE JUL 1     43.2                      41.7    1.5     50.7
  SNOW DEPTH       8

DEGREE DAYS
 HEATING
  TODAY           40                        37      3       30
  MONTH TO DATE   83                        74      9       55
  SINCE MAR 1     83                        74      9       55
  SINCE JUL 1   5535                      5560    -25     5148

 COOLING
  TODAY            0                         0      0        0
  MONTH TO DATE    0                         0      0        0
  SINCE MAR 1      0                         0      0        0
  SINCE JAN 1      0                         0      0        0
...................................................................


WIND (MPH)
  HIGHEST WIND SPEED    20   HIGHEST WIND DIRECTION     S (200)
  HIGHEST GUST SPEED    30   HIGHEST GUST DIRECTION    SW (230)
  AVERAGE WIND SPEED     8.3


SKY COVER
  POSSIBLE SUNSHINE  MM
  AVERAGE SKY COVER 0.1


WEATHER CONDITIONS
THE FOLLOWING WEATHER WAS RECORDED TODAY.
  NO SIGNIFICANT WEATHER WAS OBSERVED.


RELATIVE HUMIDITY (PERCENT)
 HIGHEST    77           200 AM
 LOWEST     53          1100 AM
 AVERAGE    65

..........................................................


THE MADISON WI CLIMATE NORMALS FOR TOMORROW
                         NORMAL    RECORD    YEAR
 MAXIMUM TEMPERATURE (F)   37        70      1983
 MINIMUM TEMPERATURE (F)   20        -8      1884
                                             2014


SUNRISE AND SUNSET
MARCH  2 2021.........SUNRISE   631 AM CST   SUNSET   548 PM CST
MARCH  3 2021.........SUNRISE   630 AM CST   SUNSET   549 PM CST


-  INDICATES NEGATIVE NUMBERS.
R  INDICATES RECORD WAS SET OR TIED.
MM INDICATES DATA IS MISSING.
T  INDICATES TRACE AMOUNT.




$$
