000
CDUS43 KMKX 182246
CLIMSN


CLIMATE REPORT
NATIONAL WEATHER SERVICE IN MILWAUKEE
545 PM CDT THU APR 18 2019


...................................

...THE MADISON WI CLIMATE SUMMARY FOR APRIL 18 2019...
VALID TODAY AS OF 0500 PM LOCAL TIME.

CLIMATE NORMAL PERIOD 1981 TO 2010
CLIMATE RECORD PERIOD 1871 TO 2019


WEATHER ITEM   OBSERVED TIME   RECORD YEAR NORMAL DEPARTURE LAST
                VALUE   (LST)  VALUE       VALUE  FROM      YEAR
                                                  NORMAL
..................................................................
TEMPERATURE (F)
 TODAY
  MAXIMUM         58   1216 AM  87    1977  59     -1       33
  MINIMUM         43    345 PM  18    1983  37      6       27
  AVERAGE         51                        48      3       30

PRECIPITATION (IN)
  TODAY            0.01          2.15 1880   0.12  -0.11     0.77
  MONTH TO DATE    1.34                      2.02  -0.68     2.12
  SINCE MAR 1      2.26                      4.22  -1.96     2.86
  SINCE JAN 1      7.76                      6.90   0.86     7.04

SNOWFALL (IN)
  TODAY           MM             7.2  2018   0.1   MM        7.2
  MONTH TO DATE    1.7                       2.0   -0.3     13.5
  SINCE MAR 1      4.5                       9.0   -4.5     16.9
  SINCE JUL 1     56.0                      50.1    5.9     44.4
  SNOW DEPTH       0

DEGREE DAYS
 HEATING
  TODAY           14                        18     -4       35
  MONTH TO DATE  357                       377    -20      609
  SINCE MAR 1   1406                      1340     66     1602
  SINCE JUL 1   6985                      6826    159     6877

 COOLING
  TODAY            0                         0      0        0
  MONTH TO DATE    0                         0      0        0
  SINCE MAR 1      0                         0      0        0
  SINCE JAN 1      0                         0      0        0
..................................................................


WIND (MPH)
  HIGHEST WIND SPEED    18   HIGHEST WIND DIRECTION     N (340)
  HIGHEST GUST SPEED    27   HIGHEST GUST DIRECTION     N (340)
  AVERAGE WIND SPEED    10.4


SKY COVER
  POSSIBLE SUNSHINE  MM
  AVERAGE SKY COVER 1.0


WEATHER CONDITIONS
 THE FOLLOWING WEATHER WAS RECORDED TODAY.
  LIGHT RAIN
  FOG


RELATIVE HUMIDITY (PERCENT)
 HIGHEST    89           900 AM
 LOWEST     70           200 PM
 AVERAGE    80

..........................................................


THE MADISON WI CLIMATE NORMALS FOR TOMORROW
                         NORMAL    RECORD    YEAR
 MAXIMUM TEMPERATURE (F)   59        84      1985
 MINIMUM TEMPERATURE (F)   37        16      1983


SUNRISE AND SUNSET
APRIL 18 2019.........SUNRISE   611 AM CDT   SUNSET   743 PM CDT
APRIL 19 2019.........SUNRISE   609 AM CDT   SUNSET   744 PM CDT


-  INDICATES NEGATIVE NUMBERS.
R  INDICATES RECORD WAS SET OR TIED.
MM INDICATES DATA IS MISSING.
T  INDICATES TRACE AMOUNT.




$$
