000
CDUS43 KMKX 062223
CLIMSN


CLIMATE REPORT
NATIONAL WEATHER SERVICE IN MILWAUKEE
422 PM CST FRI DEC 6 2019


...................................

...THE MADISON WI CLIMATE SUMMARY FOR DECEMBER 6 2019...
VALID TODAY AS OF 0400 PM LOCAL TIME.

CLIMATE NORMAL PERIOD 1981 TO 2010
CLIMATE RECORD PERIOD 1871 TO 2019


WEATHER ITEM   OBSERVED TIME   RECORD YEAR NORMAL DEPARTURE LAST
                VALUE   (LST)  VALUE       VALUE  FROM      YEAR
                                                  NORMAL
..................................................................
TEMPERATURE (F)
 TODAY
  MAXIMUM         38    244 PM  56    1998  33      5       30
  MINIMUM         30    752 AM -11    1972  19     11       14
  AVERAGE         34                        26      8       22

PRECIPITATION (IN)
  TODAY            0.00          1.32 1884   0.07  -0.07     0.00
  MONTH TO DATE    0.04                      0.43  -0.39     0.65
  SINCE DEC 1      0.04                      0.43  -0.39     0.65
  SINCE JAN 1     44.90                     33.17  11.73    49.19

SNOWFALL (IN)
  TODAY            0.0           5.7  1994   0.4   -0.4      0.0
  MONTH TO DATE    0.2                       2.4   -2.2      0.6
  SINCE DEC 1      0.2                       2.4   -2.2      0.6
  SINCE JUL 1     15.9                       6.5    9.4      4.0
  SNOW DEPTH       0

DEGREE DAYS
 HEATING
  TODAY           31                        39     -8       43
  MONTH TO DATE  190                       227    -37      219
  SINCE DEC 1    190                       227    -37      219
  SINCE JUL 1   1801                      1806     -5     1901

 COOLING
  TODAY            0                         0      0        0
  MONTH TO DATE    0                         0      0        0
  SINCE DEC 1      0                         0      0        0
  SINCE JAN 1    656                       568     88      796
..................................................................


WIND (MPH)
  HIGHEST WIND SPEED    21   HIGHEST WIND DIRECTION     N (340)
  HIGHEST GUST SPEED    32   HIGHEST GUST DIRECTION     N (350)
  AVERAGE WIND SPEED     9.8


SKY COVER
  POSSIBLE SUNSHINE  MM
  AVERAGE SKY COVER 0.7


WEATHER CONDITIONS
 THE FOLLOWING WEATHER WAS RECORDED TODAY.
  NO SIGNIFICANT WEATHER WAS OBSERVED.


RELATIVE HUMIDITY (PERCENT)
 HIGHEST    85          1200 AM
 LOWEST     44           200 PM
 AVERAGE    65

..........................................................


THE MADISON WI CLIMATE NORMALS FOR TOMORROW
                         NORMAL    RECORD    YEAR
 MAXIMUM TEMPERATURE (F)   33        60      1916
 MINIMUM TEMPERATURE (F)   19       -15      1972


SUNRISE AND SUNSET
DECEMBER  6 2019......SUNRISE   714 AM CST   SUNSET   422 PM CST
DECEMBER  7 2019......SUNRISE   715 AM CST   SUNSET   422 PM CST


-  INDICATES NEGATIVE NUMBERS.
R  INDICATES RECORD WAS SET OR TIED.
MM INDICATES DATA IS MISSING.
T  INDICATES TRACE AMOUNT.




$$
