000
CXUS53 KMKX 012154
CLMMSN


CLIMATE REPORT
NATIONAL WEATHER SERVICE IN MILWAUKEE
438 PM CDT MON JUN 1 2020

...................................

...THE MADISON WI CLIMATE SUMMARY FOR THE MONTH OF MAY 2020...

CLIMATE NORMAL PERIOD 1981 TO 2010
CLIMATE RECORD PERIOD 1871 TO 2020

WEATHER         OBSERVED          NORMAL  DEPART  LAST YEAR`S
                 VALUE   DATE(S)  VALUE   FROM    VALUE  DATE(S)
                                          NORMAL
................................................................
TEMPERATURE (F)
RECORD
 HIGH             101   05/31/1934
 LOW               19   05/01/1978
HIGHEST            86   05/26        84       2       82  05/31
LOWEST             25   05/09        33      -8       33  05/13
                                                          05/03
AVG. MAXIMUM     66.5              68.4    -1.9     65.9
AVG. MINIMUM     46.1              46.1     0.0     45.8
MEAN             56.3              57.3    -1.0     55.9
DAYS MAX >= 90      0               0.1    -0.1        0
DAYS MAX <= 32      0               0.0     0.0        0
DAYS MIN <= 32      5               1.4     3.6        0
DAYS MIN <= 0       0               0.0     0.0        0

PRECIPITATION (INCHES)
RECORD
 MAXIMUM        10.84   2004
 MINIMUM         0.38   1925
TOTALS           5.42              3.55    1.87     6.17
DAILY AVG.       0.17              0.11    0.06     0.20
DAYS >= .01         9              11.9    -2.9       15
DAYS >= .10         6               7.2    -1.2       12
DAYS >= .50         3               2.2     0.8        3
DAYS >= 1.00        2               0.7     1.3        2
GREATEST
 24 HR. TOTAL    2.04   05/17 TO 05/17              1.29

SNOWFALL (INCHES)
RECORDS
 TOTAL            3.0   1990


TOTALS              T               0.2    -0.2      0.0
SINCE 7/1        53.7              50.9     2.8     57.2
SNOWDEPTH AVG.      0                                  0
DAYS >= 1.0         0               0.1    -0.1        0
GREATEST
 SNOW DEPTH         0                                  0
 24 HR TOTAL        T   05/10                        0.0

DEGREE_DAYS
HEATING TOTAL     301               266      35      296
 SINCE 7/1       6807              7273    -466     7459
COOLING TOTAL      40                26      14       20
 SINCE 1/1         40                30      10       20
.................................................................

WIND (MPH)
AVERAGE WIND SPEED              7.9
HIGHEST WIND SPEED/DIRECTION    26/050    DATE  05/17
HIGHEST GUST SPEED/DIRECTION    36/050    DATE  05/17

SKY COVER
POSSIBLE SUNSHINE (PERCENT)
AVERAGE SKY COVER           0.60
NUMBER OF DAYS FAIR            6
NUMBER OF DAYS PC             14
NUMBER OF DAYS CLOUDY         11

AVERAGE RH (PERCENT)     68

$$
