004
CXUS53 KMKX 011205
CLMMSN


CLIMATE REPORT
NATIONAL WEATHER SERVICE IN MILWAUKEE
704 AM CDT FRI JUN 1 2018

...................................

...THE MADISON WI CLIMATE SUMMARY FOR THE SEASON, FROM
3/1/2018 TO 5/31/2018...

CLIMATE NORMAL PERIOD 1981 TO 2010
CLIMATE RECORD PERIOD 1871 TO 2018

WEATHER         OBSERVED          NORMAL  DEPART  LAST YEAR`S
                 VALUE   DATE(S)  VALUE   FROM    VALUE  DATE(S)
                                          NORMAL
................................................................
TEMPERATURE (F)
RECORD
 HIGH             101   05/31/1934
 LOW              -29   03/01/1962
HIGHEST            95   05/27        85      10       85  05/16
LOWEST             14   04/08         3      11        5  03/14
                        04/05
                        04/07
AVG. MAXIMUM     55.5              56.3    -0.8     56.5
AVG. MINIMUM     34.4              35.6    -1.2     37.0
MEAN             45.0              45.9    -0.9     46.8
DAYS MAX >= 90      4               0.1     3.9        0
DAYS MAX <= 32      4               5.2    -1.2        8
DAYS MIN <= 32     51              35.7    15.3       26
DAYS MIN <= 0       0               0.4    -0.4        0

PRECIPITATION (INCHES)
RECORD
 MAXIMUM        17.42   1973
 MINIMUM         2.35   1936
TOTALS          12.66              9.15    3.51    10.96
DAILY AVG.       0.14              0.10    0.04     0.12
DAYS >= .01        32              34.5    -2.5       50
DAYS >= .10        22              19.2     2.8       27
DAYS >= .50         9               5.7     3.3        7
DAYS >= 1.00        4               1.7     2.3        0
GREATEST
 24 HR. TOTAL    1.51   05/09 TO 05/09              1.45

SNOWFALL (INCHES)
RECORDS
 TOTAL           32.7   1923
TOTALS           16.9               9.8     7.1      8.3
SINCE 7/1        44.4              50.9    -6.5     44.0
SNOWDEPTH AVG.      0                MM      MM        0
DAYS >= 1.0         4               2.8     1.2        3
GREATEST
 SNOW DEPTH         7   04/19                          3  03/15
                                                          03/02
                                                          03/14
 24 HR TOTAL      7.2   04/18 TO 04/18               3.7

DEGREE_DAYS
HEATING TOTAL    1916              1786     130     1676
 SINCE 7/1         MM              7273      MM       MM
COOLING TOTAL     101                30      71       15
 SINCE 1/1        101                30      71       15

FREEZE DATES
RECORD
 EARLIEST     09/12/1955
 LATEST       05/31/1966
EARLIEST                        10/01
LATEST                          05/10
.................................................................

WIND (MPH)
AVERAGE WIND SPEED              7.7
RESULTANT WIND SPEED/DIRECTION   2/046
HIGHEST WIND SPEED/DIRECTION    32/070    DATE  04/14
HIGHEST GUST SPEED/DIRECTION    49/060    DATE  04/14

SKY COVER
POSSIBLE SUNSHINE (PERCENT)   MM
AVERAGE SKY COVER           0.60
NUMBER OF DAYS FAIR           16
NUMBER OF DAYS PC             54
NUMBER OF DAYS CLOUDY         22

AVERAGE RH (PERCENT)     65

-  INDICATES NEGATIVE NUMBERS.
R  INDICATES RECORD WAS SET OR TIED.
MM INDICATES DATA IS MISSING.
T  INDICATES TRACE AMOUNT.

$$
