771
CXUS53 KMKX 011332 RRA
CLMMSN

CLIMATE REPORT
NATIONAL WEATHER SERVICE IN MILWAUKEE
804 AM CDT SUN SEP 1 2019

...................................

...THE MADISON WI CLIMATE SUMMARY FOR THE MONTH OF AUGUST 2019...

CLIMATE NORMAL PERIOD 1981 TO 2010
CLIMATE RECORD PERIOD 1871 TO 2019

WEATHER         OBSERVED          NORMAL  DEPART  LAST YEAR`S
                 VALUE   DATE(S)  VALUE   FROM    VALUE  DATE(S)
                                          NORMAL
................................................................
TEMPERATURE (F)
RECORD
 HIGH             102   08/17/1988
                        08/16/1988
 LOW               35   08/27/1968
                        08/29/1965
HIGHEST            87   08/03        91      -4       88  08/12
LOWEST             48   08/31        48       0       53  08/30
AVG. MAXIMUM     78.8              79.4    -0.6     80.9
AVG. MINIMUM     58.1              59.0    -0.9     62.1
MEAN             68.5              69.2    -0.7     71.5
DAYS MAX >= 90      0               1.5    -1.5        0
DAYS MAX <= 32      0               0.0     0.0        0
DAYS MIN <= 32      0               0.0     0.0        0
DAYS MIN <= 0       0               0.0     0.0        0

PRECIPITATION (INCHES)
RECORD
 MAXIMUM        15.18   2007
 MINIMUM         0.46   1927
TOTALS           2.85              4.27   -1.42    10.40
DAILY AVG.       0.09              0.14   -0.05     0.34
DAYS >= .01        10               9.4     0.6       15
DAYS >= .10         7               6.2     0.8       10
DAYS >= .50         1               2.7    -1.7        6
DAYS >= 1.00        1               1.2    -0.2        4
GREATEST
 24 HR. TOTAL    1.20   08/05 TO 08/05              3.78

DEGREE_DAYS
HEATING TOTAL      13                27     -14        2
 SINCE 7/1         13                37     -24        2
COOLING TOTAL     126               157     -31      210
 SINCE 1/1        567               513      54      692
.................................................................

WIND (MPH)
AVERAGE WIND SPEED              4.6
HIGHEST WIND SPEED/DIRECTION    28/020    DATE  08/05
HIGHEST GUST SPEED/DIRECTION    37/020    DATE  08/05

SKY COVER
POSSIBLE SUNSHINE (PERCENT)   MM
AVERAGE SKY COVER           0.50
NUMBER OF DAYS FAIR            8
NUMBER OF DAYS PC             19
NUMBER OF DAYS CLOUDY          4

AVERAGE RH (PERCENT)     72


-  INDICATES NEGATIVE NUMBERS.
R  INDICATES RECORD WAS SET OR TIED.
MM INDICATES DATA IS MISSING.
T  INDICATES TRACE AMOUNT.

$$
