000
CXUS53 KMKX 011332
CLSMSN

CLIMATE REPORT
NATIONAL WEATHER SERVICE IN MILWAUKEE
821 AM CDT SUN SEP 1 2019

...................................

...THE MADISON WI CLIMATE SUMMARY FOR THE SEASON, FROM
6/1/2019 TO 8/31/2019...

CLIMATE NORMAL PERIOD 1981 TO 2010
CLIMATE RECORD PERIOD 1871 TO 2019

WEATHER         OBSERVED          NORMAL  DEPART  LAST YEAR`S
                 VALUE   DATE(S)  VALUE   FROM    VALUE  DATE(S)
                                          NORMAL
................................................................
TEMPERATURE (F)
RECORD
 HIGH             107   07/14/1936
 LOW               31   06/10/1972
HIGHEST            93   07/19        94      -1       93  06/29
LOWEST             45   06/03        43       2       49  06/06
AVG. MAXIMUM     80.3              79.6     0.7     80.8
AVG. MINIMUM     59.9              58.7     1.2     61.2
MEAN             70.1              69.2     0.9     71.0
DAYS MAX >= 90      6               5.6     0.4        5
DAYS MAX <= 32      0               0.0     0.0        0
DAYS MIN <= 32      0               0.0     0.0        0
DAYS MIN <= 0       0               0.0     0.0        0

PRECIPITATION (INCHES)
RECORD
 MAXIMUM        22.69   2007
 MINIMUM         3.88   1895
TOTALS          13.78             12.99    0.79    19.19
DAILY AVG.       0.15              0.14    0.01     0.21
DAYS >= .01        36              31.1     4.9       34
DAYS >= .10        25              20.1     4.9       25
DAYS >= .50         7               8.2    -1.2       12
DAYS >= 1.00        5               3.7     1.3        7
GREATEST
 24 HR. TOTAL    2.76   07/18 TO 07/19              3.78  8/20

DEGREE_DAYS
HEATING TOTAL      55                98     -43       18
 SINCE 7/1         13                37     -24        2
COOLING TOTAL     547               483      64      591
 SINCE 1/1        567               513      54      692

FREEZE DATES
RECORD
 EARLIEST     09/12/1955
 LATEST       05/31/1966
EARLIEST                        10/01
LATEST                          05/10
.................................................................

WIND (MPH)
AVERAGE WIND SPEED              5.6
RESULTANT WIND SPEED/DIRECTION   1/137
HIGHEST WIND SPEED/DIRECTION    36/060    DATE  06/23
HIGHEST GUST SPEED/DIRECTION    48/350    DATE  07/20

SKY COVER
POSSIBLE SUNSHINE (PERCENT)   MM
AVERAGE SKY COVER           0.50
NUMBER OF DAYS FAIR           21
NUMBER OF DAYS PC             59
NUMBER OF DAYS CLOUDY         12

AVERAGE RH (PERCENT)     71


-  INDICATES NEGATIVE NUMBERS.
R  INDICATES RECORD WAS SET OR TIED.
MM INDICATES DATA IS MISSING.
T  INDICATES TRACE AMOUNT.

$$
