000
CDUS43 KMPX 200035
CLIMSP


CLIMATE REPORT
NATIONAL WEATHER SERVICE CHANHASSEN MN
735 PM CDT THU SEP 19 2019


...................................

...THE TWIN CITIES MN CLIMATE SUMMARY FOR SEPTEMBER 19 2019...
VALID TODAY AS OF 0700 PM LOCAL TIME.

CLIMATE NORMAL PERIOD 1981 TO 2010
CLIMATE RECORD PERIOD 1871 TO 2019


WEATHER ITEM   OBSERVED TIME   RECORD YEAR NORMAL DEPARTURE LAST
                VALUE   (LST)  VALUE       VALUE  FROM      YEAR
                                                  NORMAL
..................................................................
TEMPERATURE (F)
 TODAY
  MAXIMUM         84    348 PM  94    1895  70     14       64
  MINIMUM         64    421 AM  33    1991  51     13       59
                                      1873
  AVERAGE         74                        61     13       62

PRECIPITATION (IN)
  TODAY            0.00          2.98 1907   0.09  -0.09     0.18
  MONTH TO DATE    3.27                      1.98   1.29     3.21
  SINCE SEP 1      3.27                      1.98   1.29     3.21
  SINCE JAN 1     34.36                     24.15  10.21    23.53

SNOWFALL (IN)
  TODAY            0.0           T    1927   0.0    0.0      0.0
  MONTH TO DATE    0.0                       0.0    0.0      0.0
  SINCE SEP 1      0.0                       0.0    0.0      0.0
  SINCE JUL 1      0.0                       0.0    0.0      0.0
  SNOW DEPTH       0

DEGREE DAYS
 HEATING
  TODAY            0                         6     -6        3
  MONTH TO DATE   23                        66    -43        8
  SINCE SEP 1     23                        66    -43        8
  SINCE JUL 1     24                        85    -61       15

 COOLING
  TODAY            9                         2      7        0
  MONTH TO DATE   81                        56     25      124
  SINCE SEP 1     81                        56     25      124
  SINCE JAN 1    783                       737     46     1133
..................................................................


WIND (MPH)
  HIGHEST WIND SPEED     8   HIGHEST WIND DIRECTION    SE (150)
  HIGHEST GUST SPEED    11   HIGHEST GUST DIRECTION     S (160)
  AVERAGE WIND SPEED     3.0


SKY COVER
  POSSIBLE SUNSHINE  MM
  AVERAGE SKY COVER 0.4


WEATHER CONDITIONS
 THE FOLLOWING WEATHER WAS RECORDED TODAY.
  FOG
  HAZE


RELATIVE HUMIDITY (PERCENT)
 HIGHEST    93           400 AM
 LOWEST     47           200 PM
 AVERAGE    70

..........................................................


THE TWIN CITIES MN CLIMATE NORMALS FOR TOMORROW
                         NORMAL    RECORD    YEAR
 MAXIMUM TEMPERATURE (F)   70        91      1931
                                             1908
                                             1895
 MINIMUM TEMPERATURE (F)   50        28      1962


SUNRISE AND SUNSET
SEPTEMBER 19 2019.....SUNRISE   656 AM CDT   SUNSET   716 PM CDT
SEPTEMBER 20 2019.....SUNRISE   657 AM CDT   SUNSET   714 PM CDT


-  INDICATES NEGATIVE NUMBERS.
R  INDICATES RECORD WAS SET OR TIED.
MM INDICATES DATA IS MISSING.
T  INDICATES TRACE AMOUNT.




$$
