000
CXUS53 KOAX 022022
CLMOAX

CLIMATE REPORT
NATIONAL WEATHER SERVICE OMAHA NEBRASKA
304 PM CDT SAT JUN 2 2018

...................................

...THE VALLEY  NWS, NEBRASKA CLIMATE SUMMARY FOR THE MONTH OF MAY 2018...

CLIMATE NORMAL PERIOD 1981 TO 2010
CLIMATE RECORD PERIOD 1997 TO 2018

WEATHER         OBSERVED          NORMAL  DEPART  LAST YEAR`S
                 VALUE   DATE(S)  VALUE   FROM    VALUE
                                          NORMAL
.............................................................
TEMPERATURE (F)
HIGHEST            98   05/27
LOWEST             48   05/11
AVG. MAXIMUM     79.8              72.4     7.4
AVG. MINIMUM     58.5              52.0     6.5
MEAN             69.2              62.2     7.0
DAYS MAX >= 90      5
DAYS MAX <= 32      0
DAYS MIN <= 32      0
DAYS MIN <= 0       0

PRECIPITATION (INCHES)
TOTALS           2.44
DAYS >= .01        12
DAYS >= .10         6
DAYS >= .50         0
DAYS >= 1.00        0
GREATEST
 24 HR. TOTAL    0.46   05/20 TO 05/20

SNOWFALL (INCHES)
TOTALS            0.0                                  T
 LIQUID EQUIV    0.00
SINCE 7/1        24.1
DAYS >= TRACE       0
DAYS >= 1.0         0
GREATEST
 SNOW DEPTH         0
 24 HR TOTAL      0.0

DEGREE DAYS
HEATING TOTAL      45
 SINCE 7/1       6110
COOLING TOTAL     183
 SINCE 1/1        191
..............................................................

WIND (MPH)
HIGHEST GUST SPEED     48


WEATHER CONDITIONS. NUMBER OF DAYS WITH
THUNDERSTORM              6     MIXED PRECIP               0
HEAVY RAIN                4     RAIN                       4
LIGHT RAIN               15     FREEZING RAIN              0
LT FREEZING RAIN          0     HAIL                       1
HEAVY SNOW                0     SNOW                       0
LIGHT SNOW                0     SLEET                      0
FOG                       9     FOG W/VIS <= 1/4 MILE      0
HAZE                      0

-  INDICATES NEGATIVE NUMBERS.
R  INDICATES RECORD WAS SET OR TIED.
MM INDICATES DATA IS MISSING.
T  INDICATES TRACE AMOUNT.
>= INDICATES GREATER THAN OR EQUAL TO.
<= INDICATES LESS THAN OR EQUAL TO.


$$
