000
CDUS43 KOAX 230625
CLIOFK


CLIMATE REPORT
NATIONAL WEATHER SERVICE OMAHA NEBRASKA
125 AM CDT SAT JUN 23 2018


...................................

...THE NORFOLK, NEBRASKA CLIMATE SUMMARY FOR JUNE 22 2018...

CLIMATE NORMAL PERIOD 1981 TO 2010
CLIMATE RECORD PERIOD 1888 TO 2018


WEATHER ITEM   OBSERVED TIME   RECORD YEAR NORMAL DEPARTURE LAST
                VALUE   (LST)  VALUE       VALUE  FROM      YEAR
                                                  NORMAL
..................................................................
TEMPERATURE (F)
 YESTERDAY
  MAXIMUM         74    121 PM 103    1930  84    -10       86
  MINIMUM         57    502 AM  43    1902  61     -4       63
  AVERAGE         66                        72     -6       75

PRECIPITATION (IN)
  YESTERDAY        0.00          2.07 1969   0.14  -0.14     0.00
  MONTH TO DATE    6.80                      3.14   3.66     1.56
  SINCE JUN 1      6.80                      3.14   3.66     1.56
  SINCE JAN 1     13.09                     12.84   0.25    13.17

SNOWFALL (IN)
  YESTERDAY        0.0                       0.0    0.0      0.0
  MONTH TO DATE    0.0                       0.0    0.0      0.0
  SINCE JUL 1     45.2                      30.5   14.7     32.2
  SNOW DEPTH       0

DEGREE DAYS
 HEATING
  YESTERDAY        0                         0      0        0
  MONTH TO DATE    6                        28    -22        0
  SINCE JUN 1      6                        28    -22        0
  SINCE JUL 1   6876                      6641    235     5896

 COOLING
  YESTERDAY        1                         8     -7       10
  MONTH TO DATE  202                       117     85      213
  SINCE JUN 1    202                       117     85      213
  SINCE JAN 1    342                       178    164      241
..................................................................


WIND (MPH)
  HIGHEST WIND SPEED    15   HIGHEST WIND DIRECTION     E (70)
  HIGHEST GUST SPEED    21   HIGHEST GUST DIRECTION     E (90)
  AVERAGE WIND SPEED     7.1


SKY COVER
  POSSIBLE SUNSHINE  MM
  AVERAGE SKY COVER 0.3


WEATHER CONDITIONS
 THE FOLLOWING WEATHER WAS RECORDED YESTERDAY.
  NO SIGNIFICANT WEATHER WAS OBSERVED.


RELATIVE HUMIDITY (PERCENT)
 HIGHEST    97          1000 PM
 LOWEST     61          1100 AM
 AVERAGE    79

..........................................................


THE NORFOLK, NEBRASKA CLIMATE NORMALS FOR TODAY
                         NORMAL    RECORD    YEAR
 MAXIMUM TEMPERATURE (F)   84       108      1937
 MINIMUM TEMPERATURE (F)   61        44      1942


SUNRISE AND SUNSET
JUNE 23 2018..........SUNRISE   555 AM CDT   SUNSET   909 PM CDT
JUNE 24 2018..........SUNRISE   555 AM CDT   SUNSET   909 PM CDT


-  INDICATES NEGATIVE NUMBERS.
R  INDICATES RECORD WAS SET OR TIED.
MM INDICATES DATA IS MISSING.
T  INDICATES TRACE AMOUNT.




$$
