000
CDUS43 KLOT 260635
CLIORD

CLIMATE REPORT
NATIONAL WEATHER SERVICE CHICAGO IL
135 AM CDT SUN JUN 26 2022

...................................

...THE CHICAGO-OHARE CLIMATE SUMMARY FOR JUNE 25 2022...

CLIMATE NORMAL PERIOD: 1991 TO 2020
CLIMATE RECORD PERIOD: 1871 TO 2022


WEATHER ITEM   OBSERVED TIME   RECORD YEAR NORMAL DEPARTURE LAST
                VALUE   (LST)  VALUE       VALUE  FROM      YEAR
                                                  NORMAL
...................................................................
TEMPERATURE (F)
 YESTERDAY
  MAXIMUM         77   7:55 PM 103    1988  83     -6       77
  MINIMUM         67  12:47 PM  41    1986  64      3       70
  AVERAGE         72                        73     -1       74

PRECIPITATION (IN)
  YESTERDAY        0.24          4.58 1959   0.13   0.11     1.31
  MONTH TO DATE    2.64                      3.47  -0.83     5.40
  SINCE JUN 1      2.64                      3.47  -0.83     5.40
  SINCE JAN 1     18.54                     18.12   0.42    12.35

SNOWFALL (IN)
  YESTERDAY        0.0           0.0    MM   0.0    0.0      0.0
  MONTH TO DATE    T                         0.0    0.0      0.0
  SINCE JUN 1      T                         0.0    0.0      0.0
  SINCE JUL 1     32.8                      38.4   -5.6     48.8
  SNOW DEPTH       0

DEGREE DAYS
 HEATING
  YESTERDAY        0                         0      0        0
  MONTH TO DATE    7                        29    -22        3
  SINCE JUN 1      7                        29    -22        3
  SINCE JUL 1   5677                      5972   -295     5605

 COOLING
  YESTERDAY        7                         9     -2        9
  MONTH TO DATE  180                       152     28      234
  SINCE JUN 1    180                       152     28      234
  SINCE JAN 1    325                       222    103      335
...................................................................


WIND (MPH)
  HIGHEST WIND SPEED    23   HIGHEST WIND DIRECTION     S (190)
  HIGHEST GUST SPEED    35   HIGHEST GUST DIRECTION     S (190)
  AVERAGE WIND SPEED     7.3


SKY COVER
  AVERAGE SKY COVER 0.8


WEATHER CONDITIONS
THE FOLLOWING WEATHER WAS RECORDED YESTERDAY.
  THUNDERSTORM
  RAIN
  LIGHT RAIN
  FOG


RELATIVE HUMIDITY (PERCENT)
 HIGHEST    90           9:00 AM
 LOWEST     50           6:00 AM
 AVERAGE    70

..........................................................


THE CHICAGO-OHARE CLIMATE NORMALS FOR TODAY
                         NORMAL    RECORD    YEAR
 MAXIMUM TEMPERATURE (F)   83        99      1983
 MINIMUM TEMPERATURE (F)   64        50      1992


SUNRISE AND SUNSET
JUNE 26 2022..........SUNRISE   5:18 AM CDT   SUNSET   8:31 PM CDT
JUNE 27 2022..........SUNRISE   5:18 AM CDT   SUNSET   8:31 PM CDT


-  INDICATES NEGATIVE NUMBERS.
R  INDICATES RECORD WAS SET OR TIED.
MM INDICATES DATA IS MISSING.
T  INDICATES TRACE AMOUNT.




$$
