000
CDUS43 KILX 092132
CLIPIA

CLIMATE REPORT
NATIONAL WEATHER SERVICE LINCOLN IL
432 PM CDT SUN MAY 09 2021

...................................

...THE PEORIA IL CLIMATE SUMMARY FOR MAY 9 2021...
VALID TODAY AS OF 0400 PM LOCAL TIME.

CLIMATE NORMAL PERIOD 1991 TO 2020
CLIMATE RECORD PERIOD 1883 TO 2021


WEATHER ITEM   OBSERVED TIME   RECORD YEAR NORMAL DEPARTURE LAST
                VALUE   (LST)  VALUE       VALUE  FROM      YEAR
                                                  NORMAL
...................................................................
TEMPERATURE (F)
 TODAY
  MAXIMUM         55    259 PM  94    1895  72    -17       61
  MINIMUM         41    732 AM  30    2020  51    -10       30
  AVERAGE         48                        61    -13       46

PRECIPITATION (IN)
  TODAY            1.61R         1.58 1981   0.15   1.46     0.00
  MONTH TO DATE    2.75                      1.35   1.40     0.59
  SINCE MAR 1     10.71                      8.03   2.68     9.07
  SINCE JAN 1     14.74                     12.08   2.66    14.22

SNOWFALL (IN)
  TODAY            0.0           T    1923   0.0    0.0      0.0
                                      1966
  MONTH TO DATE    0.0                       0.0    0.0      0.0
  SINCE MAR 1      0.9                       3.8   -2.9      4.8
  SINCE JUL 1     25.3                      26.2   -0.9     35.9
  SNOW DEPTH       0

DEGREE DAYS
 HEATING
  TODAY           17                         6     11       19
  MONTH TO DATE   73                        59     14      107
  SINCE MAR 1   1030                      1169   -139     1208
  SINCE JUL 1   5471                      5525    -54     5499

 COOLING
  TODAY            0                         2     -2        0
  MONTH TO DATE    4                        12     -8        2
  SINCE MAR 1     16                        26    -10        5
  SINCE JAN 1     16                        26    -10        5
...................................................................


WIND (MPH)
  HIGHEST WIND SPEED    28   HIGHEST WIND DIRECTION     E (70)
  HIGHEST GUST SPEED    40   HIGHEST GUST DIRECTION    NE (50)
  AVERAGE WIND SPEED    16.7


SKY COVER
  POSSIBLE SUNSHINE  MM
  AVERAGE SKY COVER 1.0


WEATHER CONDITIONS
THE FOLLOWING WEATHER WAS RECORDED TODAY.
  THUNDERSTORM
  HEAVY RAIN
  RAIN
  LIGHT RAIN
  FOG


RELATIVE HUMIDITY (PERCENT)
 HIGHEST    93           200 AM
 LOWEST     54           300 PM
 AVERAGE    74

..........................................................


THE PEORIA IL CLIMATE NORMALS FOR TOMORROW
                         NORMAL    RECORD    YEAR
 MAXIMUM TEMPERATURE (F)   72        93      1896
 MINIMUM TEMPERATURE (F)   51        25      1966


SUNRISE AND SUNSET
MAY  9 2021...........SUNRISE   548 AM CDT   SUNSET   803 PM CDT
MAY 10 2021...........SUNRISE   547 AM CDT   SUNSET   804 PM CDT


-  INDICATES NEGATIVE NUMBERS.
R  INDICATES RECORD WAS SET OR TIED.
MM INDICATES DATA IS MISSING.
T  INDICATES TRACE AMOUNT.




$$
