000
CXUS53 KILX 021828
CLSPIA

CLIMATE REPORT
NATIONAL WEATHER SERVICE LINCOLN IL
1228 PM CST TUE MAR 02 2021

...................................

...THE PEORIA IL CLIMATE SUMMARY FOR THE SEASON, FROM
12/1/2020 TO 2/28/2021...

CLIMATE NORMAL PERIOD 1981 TO 2010
CLIMATE RECORD PERIOD 1883 TO 2021

WEATHER         OBSERVED          NORMAL  DEPART   LAST YEAR`S
                VALUE   DATE(S)   VALUE   FROM     VALUE
                                          NORMAL
..............................................................
TEMPERATURE (F)
RECORD
 HIGH             74   02/20/2017
                       02/10/1932
                       02/10/1932
 LOW             -27   01/05/1884
HIGHEST           59   12/10         MM      MM       63
                       12/23
LOWEST            -8   02/07         MM      MM       -9
AVG. MAXIMUM    33.8               35.5    -1.7     39.3
AVG. MINIMUM    19.6               19.7    -0.1     23.7
MEAN            26.7               27.6    -0.9     31.5
DAYS MAX >= 90     0                0.0     0.0       MM
DAYS MAX <= 32    36               33.3     2.7       MM
DAYS MIN <= 32    87               77.2     9.8       MM
DAYS MIN <= 0      7                7.2    -0.2       MM

PRECIPITATION (INCHES)
RECORD
 MAXIMUM       13.18   1950
 MINIMUM        1.37   1963
TOTALS          5.30               5.99   -0.69     7.54
DAILY AVG.      0.06                                0.08
DAYS >= .01       31               27.7     3.3       MM
DAYS >= .10       10               13.4    -3.4       MM
DAYS >= .50        3                3.5    -0.5       MM
DAYS >= 1.00       1                1.2    -0.2       MM
GREATEST
 24 HR. TOTAL   1.48   01/30 TO 01/31               1.29

SNOWFALL (INCHES)
RECORDS
 TOTAL          52.5   2011
 24 HR TOTAL    18.0   02/27/1900 TO 02/28/1900
TOTALS          24.2               20.2     4.0     25.1
SINCE 7/1       24.4               21.3     3.1       MM
DAYS >= TRACE     42               16.0    26.0       MM
DAYS >= 1.0        7                6.3     0.7       MM
GREATEST
 SNOW DEPTH       11   02/18                           4
 24 HR TOTAL     5.4                                 3.5

DEGREE DAYS
HEATING TOTAL   3408               3368      40     3028
 SINCE 7/1      4441               4516     -75       MM
COOLING TOTAL      0                  0       0        0
 SINCE 1/1         0                  0       0        0

FREEZE DATES
RECORD
 EARLIEST     09/20/1991
 LATEST       05/25/1925
EARLIEST                        10/16
LATEST                          04/20
..............................................................

WIND (MPH)
AVERAGE WIND SPEED              7.5
HIGHEST WIND SPEED/DIRECTION    33/260    DATE  12/23
HIGHEST GUST SPEED/DIRECTION    51/210    DATE  12/23

SKY COVER
POSSIBLE SUNSHINE (PERCENT)   MM
AVERAGE SKY COVER           0.53
NUMBER OF DAYS FAIR           27
NUMBER OF DAYS PC             43
NUMBER OF DAYS CLOUDY         20

AVERAGE RH (PERCENT)     73

WEATHER CONDITIONS. NUMBER OF DAYS WITH
THUNDERSTORM              2     MIXED PRECIP               0
HEAVY RAIN                1     RAIN                       5
LIGHT RAIN               14     FREEZING RAIN              3
LT FREEZING RAIN          5     HAIL                       0
HEAVY SNOW                2     SNOW                       2
LIGHT SNOW               42     SLEET                      1
FOG                      43     FOG W/VIS <= 1/4 MILE      5
HAZE                     39

-  INDICATES NEGATIVE NUMBERS.
R  INDICATES RECORD WAS SET OR TIED.
MM INDICATES DATA IS MISSING.
T  INDICATES TRACE AMOUNT.

$$

BAKER
