000
CDUS41 KRLX 182114
CLIPKB

CLIMATE REPORT
NATIONAL WEATHER SERVICE CHARLESTON WV
514 PM EDT TUE MAY 18 2021

...................................

...THE PARKERSBURG WV CLIMATE SUMMARY FOR MAY 18 2021...
VALID TODAY AS OF 0500 PM LOCAL TIME.

CLIMATE NORMAL PERIOD: 1991 TO 2020
CLIMATE RECORD PERIOD: 1926 TO 2021


WEATHER ITEM   OBSERVED TIME   RECORD YEAR NORMAL DEPARTURE LAST
                VALUE   (LST)  VALUE       VALUE  FROM      YEAR
                                                  NORMAL
...................................................................
TEMPERATURE (F)
 TODAY
  MAXIMUM         81   3:25 PM  95    1962  75      6       82
  MINIMUM         50   6:11 AM  33    2009  52     -2       67
  AVERAGE         66                        64      2       75

PRECIPITATION (IN)
  TODAY            0.00          2.07 1995   0.13  -0.13     0.05
  MONTH TO DATE    2.78                      2.37   0.41     2.01
  SINCE MAR 1      8.99                      9.66  -0.67     8.57
  SINCE JAN 1     14.84                     16.04  -1.20    16.35

DEGREE DAYS
 HEATING
  TODAY            0                         4     -4        0
  MONTH TO DATE  175                        92     83      199
  SINCE MAR 1   1042                      1088    -46      936
  SINCE JUL 1   4642                      4832   -190     4337

 COOLING
  TODAY            1                         3     -2       10
  MONTH TO DATE    9                        33    -24       24
  SINCE MAR 1     23                        53    -30       36
  SINCE JAN 1     23                        53    -30       40
...................................................................


WIND (MPH)
  HIGHEST WIND SPEED     9   HIGHEST WIND DIRECTION     E (70)
  HIGHEST GUST SPEED    12   HIGHEST GUST DIRECTION     E (80)
  AVERAGE WIND SPEED     1.4


SKY COVER
  AVERAGE SKY COVER 0.5


WEATHER CONDITIONS
THE FOLLOWING WEATHER WAS RECORDED TODAY.
  FOG
  FOG W/VISIBILITY <= 1/4 MILE


RELATIVE HUMIDITY (PERCENT)
 HIGHEST    97
 LOWEST     38
 AVERAGE    68

..........................................................


THE PARKERSBURG WV CLIMATE NORMALS FOR TOMORROW
                         NORMAL    RECORD    YEAR
 MAXIMUM TEMPERATURE (F)   75        90      1940
                                             1964
 MINIMUM TEMPERATURE (F)   52        31      2002


SUNRISE AND SUNSET
MAY 18 2021...........SUNRISE   6:09 AM EDT   SUNSET   8:36 PM EDT
MAY 19 2021...........SUNRISE   6:09 AM EDT   SUNSET   8:36 PM EDT


-  INDICATES NEGATIVE NUMBERS.
R  INDICATES RECORD WAS SET OR TIED.
MM INDICATES DATA IS MISSING.
T  INDICATES TRACE AMOUNT.




$$
