695
CXUS51 KRLX 041903
CLMPKB

CLIMATE REPORT
NATIONAL WEATHER SERVICE CHARLESTON WV
303 PM EDT TUE MAY 04 2021

...................................

...THE PARKERSBURG WV CLIMATE SUMMARY FOR THE MONTH OF APRIL 2021...

CLIMATE NORMAL PERIOD: 1991 TO 2020
CLIMATE RECORD PERIOD: 1926 TO 2021

WEATHER         OBSERVED          NORMAL  DEPART   LAST YEAR`S
                VALUE   DATE(S)   VALUE   FROM     VALUE
                                          NORMAL
..............................................................
TEMPERATURE (F)
RECORD
 HIGH             91   MM
 LOW              21   04/10/2016
HIGHEST           85   04/27                          82
LOWEST            21R  04/02                          28
                       04/03
AVG. MAXIMUM    66.3               66.9    -0.6     61.8
AVG. MINIMUM    41.1               42.4    -1.3     39.9
MEAN            53.7               54.6    -0.9     51.6
DAYS MAX >= 90     0                0.0     0.0        0
DAYS MAX <= 32     0                0.0     0.0        0
DAYS MAX >= 80     6                                  MM
DAYS MAX >= 100    0                                  MM
DAYS MIN <= 32     6                4.8     1.2        3
DAYS MIN <= 0      0                0.0     0.0        0
DAYS MIN <= 10     0                                  MM

PRECIPITATION (INCHES)
RECORD
 MAXIMUM        8.14   2011
 MINIMUM        0.77   1900
TOTALS          2.59               3.62   -1.03     2.68
DAILY AVG.      0.09               0.12   -0.03     0.12
DAYS >= .01       13               13.2    -0.2        9
DAYS >= .10        7                8.2    -1.2        7
DAYS >= .50        2                2.3    -0.3        3
DAYS >= 1.00       0                0.4    -0.4        0
GREATEST
 24 HR. TOTAL   1.45   04/28 TO 04/29               0.61


DEGREE DAYS
HEATING TOTAL    345                329      16      253
 SINCE 7/1      4467               4740    -273     4138
COOLING TOTAL     14                 18      -4        2
 SINCE 1/1        14                 20      -6       16

FREEZE DATES
RECORD
 EARLIEST     MM
 LATEST       MM
EARLIEST                        10/17
LATEST                          05/09
..............................................................

WIND (MPH)
AVERAGE WIND SPEED              5.8
HIGHEST WIND SPEED/DIRECTION    33/300    DATE  04/30
HIGHEST GUST SPEED/DIRECTION    46/300    DATE  04/30

SKY COVER
POSSIBLE SUNSHINE (PERCENT)   MM
AVERAGE SKY COVER           0.42
NUMBER OF DAYS FAIR           15
NUMBER OF DAYS PC              9
NUMBER OF DAYS CLOUDY          6

AVERAGE RH (PERCENT)     61

WEATHER CONDITIONS. NUMBER OF DAYS WITH
THUNDERSTORM              1     MIXED PRECIP               0
HEAVY RAIN                2     RAIN                       3
LIGHT RAIN               14     FREEZING RAIN              0
LT FREEZING RAIN          0     HAIL                       0
HEAVY SNOW                1     SNOW                       1
LIGHT SNOW                3     SLEET                      0
FOG                      14     FOG W/VIS <= 1/4 MILE      2
HAZE                      3

-  INDICATES NEGATIVE NUMBERS.
R  INDICATES RECORD WAS SET OR TIED.
MM INDICATES DATA IS MISSING.
T  INDICATES TRACE AMOUNT.

$$
