000
CXZS50 NSTU 022225
CLMPPG

CLIMATE REPORT
NATIONAL WEATHER SERVICE PAGO PAGO AS
1125 AM SST TUE APR 02 2024

.....................................

...THE PAGO PAGO AIRPORT CLIMATE SUMMARY FOR THE MONTH OF MARCH 2024...

CLIMATE NORMAL PERIOD 1991 TO 2020
CLIMATE RECORD PERIOD 1956 TO 2024

WEATHER ITEM      OBSERVED    DATES       NORMAL      DEPARTURE   LAST YEAR
                  VALUE                   VALUE       FROM        VALUE DATE(S)
                                                      NORMAL
.............................................................................
TEMPERATURE (F)
RECORD
 HIGH             95         3/25/1998
 LOW              65         3/02/1965

HIGHEST           92         3/24         88          4           92 3/18
                             3/23
                             3/22
                             3/20

LOWEST            76         3/07         78         -2           74 3/16

AVG. MAXIMUM      90.0                    88.4        1.6         87.8
AVG. MINIMUM      79.6                    78.2        1.4         77.8
MEAN              84.8                    83.3        1.5         82.8
DAYS MAX >= 90    21                       8.8       12.2          6.0
DAYS MAX <= 32     0                       0.0        0.0          0
DAYS MIN <= 32     0                       0.0        0.0          0
DAYS MIN <= 0      0                       0.0        0.0          0

PRECIPITATION (INCHES)
RECORD
 MAXIMUM          31.84      1961
 MINIMUM           4.01      1976
TOTALS             7.61                  10.95       -3.34        11.34
DAILY AVG.         0.25                   0.35       -0.10         0.37
DAYS >= .01       23                     24          -1           20
DAYS >= .10       17                     16           1           14
DAYS >= .50        3                      7          -4            7
DAYS >= 1.00       2                      3          -1            4
GREATEST
 24 HR. TOTAL      2.02      3/12                      2.48 3/10 TO 11

DEGREE DAYS
HEATING TOTAL     000                     00          00          00
SINCE 1/1         000                     00          00          00
COOLING TOTAL     622                    567          55         559
SINCE 1/1        1809                   1635         174        1602

WIND (MPH)
AVERAGE WIND SPEED  4.5
HIGHEST WIND SPEED/DIRECTION   22/130     DATE 3/02
HIGHEST GUST SPEED/DIRECTION   MM         DATE MM

SKY COVER
POSSIBLE SUNSHINE (PERCENT)    MM
AVERAGE SKY COVER               5.1
NUMBER OF DAYS FAIR             0
NUMBER OF DAYS PC              25
NUMBER OF DAYS CLOUDY           6

AVERAGE RH (PERCENT)           80.9

WEATHER CONDITIONS NUMBER OF DAYS WITH
THUNDERSTORM             2    MIXED PRECIP            00
HEAVY RAIN               3    RAIN                    00
LIGHT RAIN              23    FREEZING RAIN           00
LT FREEZING RAIN        00    HAIL                    00
HEAVY SNOW              00    SNOW                    00
LIGHT SNOW              00    SLEET                   00
FOG                     00    FOG W/VIS <= 1/4 MILE   00
HAZE                    00

- INDICATES NEGATIVE NUMBERS
R INDICATES RECORD WAS SET OR TIED
MM INDICATES DATA IS MISSING
T INDICATES TRACE AMOUNTTEMPERATURE (F)




USA.gov is the U.S. government's official web portal to all federal, state and local government web resources and services.
  • National Weather Service
  • WSO Pago Pago Weather Service Office
  • Pago Pago, AS
  • (684) 699-9130
  • Page Author: PPG Webmaster
  • Incorrect Region Format!
  • Web Master's E-mail:
  • Page last modified: Sep 19th, 2023 19:10 UTC