000
CXUS55 KPUB 011454
CLAPUB

CLIMATE REPORT
NATIONAL WEATHER SERVICE
754 AM MST FRI JAN 01 2021

...................................

...THE PUEBLO CO CLIMATE SUMMARY FOR THE YEAR OF 2020...

CLIMATE NORMAL PERIOD 1981 TO 2010
CLIMATE RECORD PERIOD 1888 TO 2020

WEATHER         OBSERVED          NORMAL  DEPART
                VALUE   DATE(S)   VALUE   FROM
                                          NORMAL
................................................
TEMPERATURE (F)
RECORD
 HIGH            109   07/13/2003
 LOW             -31   02/01/1951

HIGHEST          104   07/08
                       07/13
LOWEST            -8   10/27

AVG. MAXIMUM    72.1               68.7     3.4
AVG. MINIMUM    37.1               35.3     1.8
MEAN            54.6               52.0     2.6

DAYS MAX >= 90    99
DAYS MAX <= 32    12
DAYS MIN <= 32   164
DAYS MIN <= 0      3

PRECIPITATION (INCHES)
RECORD
 MAXIMUM       23.09   1957
 MINIMUM        3.94   2002

TOTALS          5.33              12.57   -7.24
DAILY AVG.      0.01               0.03   -0.02

DAYS >= .01       61
DAYS >= .10       19
DAYS >= .50        0
DAYS >= 1.00       0

GREATEST
 24 HR. TOTAL   0.66   10/25 TO 10/26

SNOWFALL (INCHES)
RECORDS
 MAXIMUM        72.4   1990
 MINIMUM         6.9   1977

TOTALS          28.9               31.8    -2.9
SINCE 7/1       13.3               11.5     1.8

SNOWDEPTH AVG.     T
DAYS >= TRACE     47               21.7    25.3
DAYS >= 1.0        8                9.7    -1.7

GREATEST
 SNOW DEPTH       10   10/26
 24 HR TOTAL    11.1   10/25 TO 10/26

DEGREE DAYS
HEATING TOTAL   5105               5639    -534
 SINCE 7/1      2129               2364    -235
COOLING TOTAL   1406                896     510
 SINCE 1/1      1406                897     509

FREEZE DATES
RECORD
 EARLIEST     09/09/2020
 LATEST       06/02/1919         H
EARLIEST                        09/09
LATEST                          04/18
................................................

WIND (MPH)
AVERAGE WIND SPEED              8.3
RESULTANT WIND SPEED/DIRECTION   1/030
HIGHEST WIND SPEED/DIRECTION    47/360    DATE  06/08
                                47/300          12/22
HIGHEST GUST SPEED/DIRECTION    65/320    DATE  11/14

SKY COVER
POSSIBLE SUNSHINE (PERCENT)   MM
AVERAGE SKY COVER           0.16
NUMBER OF DAYS FAIR          302
NUMBER OF DAYS PC             45
NUMBER OF DAYS CLOUDY         19

AVERAGE RH (PERCENT)     48

WEATHER CONDITIONS. NUMBER OF DAYS WITH
THUNDERSTORM             46     MIXED PRECIP               4
HEAVY RAIN               13     RAIN                      21
LIGHT RAIN               77     FREEZING RAIN              0
LT FREEZING RAIN          2     HAIL                       3
HEAVY SNOW                3     SNOW                      10
LIGHT SNOW               44     SLEET                      0
FOG                      69     FOG W/VIS <= 1/4 MILE      8
HAZE                     70

-  INDICATES NEGATIVE NUMBERS.
R  INDICATES RECORD WAS SET OR TIED.
MM INDICATES DATA IS MISSING.
T  INDICATES TRACE AMOUNT.

$$
