000
CXUS55 KPUB 020355 RRA
CLAPUB

CLIMATE REPORT
NATIONAL WEATHER SERVICE
855 PM MST WED JAN 01 2020

...................................

...THE PUEBLO CO CLIMATE SUMMARY FOR THE YEAR OF 2019...

CLIMATE NORMAL PERIOD: 1981 TO 2010
CLIMATE RECORD PERIOD: 1888 TO 2019

WEATHER         OBSERVED          NORMAL  DEPART
                VALUE   DATE(S)   VALUE   FROM
                                          NORMAL
................................................

TEMPERATURE (F)
RECORD
 HIGH            109   07/13/2003
 LOW             -31   02/01/1951

HIGHEST          105   07/19
LOWEST            -6   01/02
                       10/30
AVG. MAXIMUM    69.6               68.7     0.9
AVG. MINIMUM    36.5               35.3     1.2
MEAN            53.1               52.0     1.1

DAYS MAX >= 90    79
DAYS MAX <= 32    15
DAYS MIN <= 32   163
DAYS MIN <= 0      5

PRECIPITATION (INCHES)
RECORD
 MAXIMUM       23.09   1957
 MINIMUM        3.94   2002

TOTALS         13.13              12.57    0.56

DAILY AVG.      0.04               0.03    0.01
DAYS >= .01       72
DAYS >= .10       29
DAYS >= .50        6
DAYS >= 1.00       2

GREATEST
 24 HR. TOTAL   1.87   05/20 TO 05/21

SNOWFALL (INCHES)
RECORDS
 MAXIMUM        72.4  1990
 MINIMUM         6.9  1977
 24 HR TOTAL    16.8   04/29/1990 TO 04/30/1990
                       04/01/1957 TO 04/02/1957

TOTALS          31.3               31.8    -0.5
SINCE 7/1       20.6               11.5     9.1
SNOWDEPTH AVG.     0

DAYS >= TRACE     47               21.7    25.3
DAYS >= 1.0       14                9.7     4.3

GREATEST
 SNOW DEPTH        5   10/30
 24 HR TOTAL     5.2   10/29 TO 10/30

DEGREE DAYS
HEATING TOTAL   5457               5639    -182
 SINCE 7/1      2303               2363     -60
COOLING TOTAL   1226                896     330
 SINCE 1/1      1226                897     329

FREEZE DATES
RECORD
 EARLIEST     09/14/1951
 LATEST       06/02/1919

EARLIEST                        10/07
LATEST                          05/19
................................................

WIND (MPH)
AVERAGE WIND SPEED              8.0
RESULTANT WIND SPEED/DIRECTION   1/040
HIGHEST WIND SPEED/DIRECTION    59/350    DATE  03/13
HIGHEST GUST SPEED/DIRECTION    78/340    DATE  03/13

SKY COVER
POSSIBLE SUNSHINE (PERCENT)   MM
AVERAGE SKY COVER           0.19
NUMBER OF DAYS FAIR          282
NUMBER OF DAYS PC             48
NUMBER OF DAYS CLOUDY         35

AVERAGE RH (PERCENT)     54

WEATHER CONDITIONS. NUMBER OF DAYS WITH
THUNDERSTORM             49     MIXED PRECIP               2
HEAVY RAIN               20     RAIN                      28
LIGHT RAIN               88     FREEZING RAIN              0
LT FREEZING RAIN          5     HAIL                       7
HEAVY SNOW                3     SNOW                      13
LIGHT SNOW               39     SLEET                      0
FOG                      87     FOG W/VIS <= 1/4 MILE     18
HAZE                     46

-  INDICATES NEGATIVE NUMBERS.
R  INDICATES RECORD WAS SET OR TIED.
MM INDICATES DATA IS MISSING.
T  INDICATES TRACE AMOUNT.

$$
