000
CXUS55 KPUB 162309
CLMPUB

CLIMATE REPORT
NATIONAL WEATHER SERVICE
159 PM MDT FRI NOV 01 2019

...................................

...THE PUEBLO CO CLIMATE SUMMARY FOR THE MONTH OF OCTOBER 2019...

CLIMATE NORMAL PERIOD: 1981 TO 2010
CLIMATE RECORD PERIOD: 1888 TO 2019

WEATHER         OBSERVED          NORMAL  DEPART   LAST YEAR`S
                VALUE   DATE(S)   VALUE   FROM     VALUE DATE(S)
                                          NORMAL
................................................................
TEMPERATURE (F)
RECORD
 HIGH             94   10/03/2018
                       10/11/2015
                       10/16/1991
 LOW              -6   10/30/2019
HIGHEST           87   10/08         76      11       94  10/03
LOWEST            -6R  10/30         28     -34       16  10/15
AVG. MAXIMUM    63.3               69.4    -6.1     65.1
AVG. MINIMUM    29.1               34.2    -5.1     37.6
MEAN            46.2               51.8    -5.6     51.4
DAYS MAX >= 90     0                0.3    -0.3
DAYS MAX <= 32     3                0.1     2.9
DAYS MIN <= 32    18               11.9     6.1
DAYS MIN <= 0      2                0.0     2.0

PRECIPITATION (INCHES)
RECORD
 MAXIMUM        4.91   1957
 MINIMUM        0.00   1988
TOTALS          1.15               0.72    0.43     1.54
DAILY AVG.      0.04               0.02    0.02
DAYS >= .01        6                4.1     1.9
DAYS >= .10        5                1.7     3.3
DAYS >= .50        0                0.4    -0.4
DAYS >= 1.00       0                0.0     0.0
GREATEST
 24 HR. TOTAL   0.61   10/23 TO 10/24

SNOWFALL (INCHES)
RECORDS
 TOTAL          16.3   1991
TOTALS          12.0                1.3    10.7      0.4
SINCE 7/1       12.0                1.6    10.4       MM
SNOWDEPTH AVG.     0
DAYS >= 1.0        5                0.3     4.7
GREATEST
 SNOW DEPTH        5   10/30                           T
 24 HR TOTAL     5.2   10/29 TO 10/30                0.4

DEGREE DAYS
HEATING TOTAL    578                412     166      430
 SINCE 7/1       582                510      72      465
COOLING TOTAL      0                  3      -3       16
 SINCE 1/1      1226                897     329     1419
................................................................

WIND (MPH)
AVERAGE WIND SPEED              8.3
HIGHEST WIND SPEED/DIRECTION    46/010    DATE  10/09
HIGHEST GUST SPEED/DIRECTION    62/010    DATE  10/09

SKY COVER
POSSIBLE SUNSHINE (PERCENT)   MM
AVERAGE SKY COVER           0.23
NUMBER OF DAYS FAIR           22
NUMBER OF DAYS PC              5
NUMBER OF DAYS CLOUDY          4

AVERAGE RH (PERCENT)     50

WEATHER CONDITIONS. NUMBER OF DAYS WITH
THUNDERSTORM              0     MIXED PRECIP               0
HEAVY RAIN                0     RAIN                       1
LIGHT RAIN                2     FREEZING RAIN              0
LT FREEZING RAIN          2     HAIL                       0
HEAVY SNOW                2     SNOW                       5
LIGHT SNOW                7     SLEET                      0
FOG                      10     FOG W/VIS <= 1/4 MILE      3
HAZE                      5

-  INDICATES NEGATIVE NUMBERS.
R  INDICATES RECORD WAS SET OR TIED.
MM INDICATES DATA IS MISSING.
T  INDICATES TRACE AMOUNT.

$$
