000
CXUS55 KPUB 020250
CLMPUB

CLIMATE REPORT
NATIONAL WEATHER SERVICE
750 PM MST MON FEB 01 2021

...................................

...THE PUEBLO CO CLIMATE SUMMARY FOR THE MONTH OF JANUARY 2021...

CLIMATE NORMAL PERIOD 1981 TO 2010
CLIMATE RECORD PERIOD 1888 TO 2021

WEATHER         OBSERVED          NORMAL  DEPART   LAST YEAR`S
                VALUE   DATE(S)   VALUE   FROM     VALUE DATE(S)
                                          NORMAL
................................................................
TEMPERATURE (F)
RECORD
 HIGH             81   01/02/1997
 LOW             -29   01/28/1948
HIGHEST           67   01/13         47      20       63  01/08
                                                          01/14
LOWEST             1   01/27         13     -12        9  01/19
                                                          01/20
AVG. MAXIMUM    47.8               47.0     0.8     52.2
AVG. MINIMUM    16.6               14.0     2.6     17.6
MEAN            32.2               30.5     1.7     34.9
DAYS MAX >= 90     0                0.0     0.0
DAYS MAX <= 32     5                4.5     0.5
DAYS MIN <= 32    31               30.5     0.5
DAYS MIN <= 0      0                2.9    -2.9

PRECIPITATION (INCHES)
RECORD
 MAXIMUM        1.45   1948
 MINIMUM        0.00   1933
TOTALS          0.57               0.35    0.22     0.11
DAILY AVG.      0.02               0.01    0.01
DAYS >= .01        6                4.0     2.0
DAYS >= .10        3                1.2     1.8
DAYS >= .50        0                0.0     0.0
DAYS >= 1.00       0                0.0     0.0
GREATEST
 24 HR. TOTAL   0.19   01/09 TO 01/10

SNOWFALL (INCHES)
RECORDS
 TOTAL          20.0   1948
TOTALS           7.5                6.5     1.0      0.2
SINCE 7/1       20.8               18.0     2.8       MM
SNOWDEPTH AVG.     0
DAYS >= 1.0        3                1.9     1.1
GREATEST
 SNOW DEPTH        2   01/27                          MM
                       01/28
 24 HR TOTAL     2.6   01/25 TO 01/26                 MM

DEGREE DAYS
HEATING TOTAL   1010               1069     -59      924
 SINCE 7/1      3139               3431    -292       MM
COOLING TOTAL      0                  0       0        0
 SINCE 1/1         0                  0       0       MM
................................................................

WIND (MPH)
AVERAGE WIND SPEED              6.8
HIGHEST WIND SPEED/DIRECTION    36/280    DATE  01/05
HIGHEST GUST SPEED/DIRECTION    48/010    DATE  01/14

SKY COVER
POSSIBLE SUNSHINE (PERCENT)   MM
AVERAGE SKY COVER           0.23
NUMBER OF DAYS FAIR           23
NUMBER OF DAYS PC              4
NUMBER OF DAYS CLOUDY          4

AVERAGE RH (PERCENT)     58

WEATHER CONDITIONS. NUMBER OF DAYS WITH
THUNDERSTORM              0     MIXED PRECIP               0
HEAVY RAIN                0     RAIN                       0
LIGHT RAIN                1     FREEZING RAIN              0
LT FREEZING RAIN          0     HAIL                       0
HEAVY SNOW                0     SNOW                       3
LIGHT SNOW                8     SLEET                      0
FOG                       8     FOG W/VIS <= 1/4 MILE      3
HAZE                      7

-  INDICATES NEGATIVE NUMBERS.
R  INDICATES RECORD WAS SET OR TIED.
MM INDICATES DATA IS MISSING.
T  INDICATES TRACE AMOUNT.

$$
