000
CXUS55 KPUB 011928
CLMPUB

CLIMATE REPORT
NATIONAL WEATHER SERVICE
128 PM MDT SAT AUG 01 2020

...................................

...THE PUEBLO CO CLIMATE SUMMARY FOR THE MONTH OF JULY 2020...

CLIMATE NORMAL PERIOD: 1981 TO 2010
CLIMATE RECORD PERIOD: 1888 TO 2020

WEATHER         OBSERVED          NORMAL  DEPART   LAST YEAR`S
                VALUE   DATE(S)   VALUE   FROM     VALUE DATE(S)
                                          NORMAL
................................................................
TEMPERATURE (F)
RECORD
 HIGH            109   07/13/2003
 LOW              41   07/04/1903
HIGHEST          104   07/08         92      12      105  07/19
                       07/13
LOWEST            55   07/01         57      -2       56  07/09
                       07/08
                       07/20
                                                          07/03
AVG. MAXIMUM    95.5               92.9     2.6     94.5
AVG. MINIMUM    62.3               58.7     3.6     62.0
MEAN            78.9               75.8     3.1     78.3
DAYS MAX >= 90    27               21.2     5.8
DAYS MAX <= 32     0                0.0     0.0
DAYS MIN <= 32     0                0.0     0.0
DAYS MIN <= 0      0                0.0     0.0

PRECIPITATION (INCHES)
RECORD
 MAXIMUM        6.72   1895
 MINIMUM        0.09   1987
TOTALS          1.31               2.06   -0.75     3.02
DAILY AVG.      0.04               0.07   -0.03
DAYS >= .01       10                9.1     0.9
DAYS >= .10        6                4.6     1.4
DAYS >= .50        0                1.2    -1.2
DAYS >= 1.00       0                0.5    -0.5
GREATEST
 24 HR. TOTAL   0.47   07/26 TO 07/27

SNOWFALL (INCHES)
RECORDS
 TOTAL             T   2019
TOTALS             TR               0.0     0.0        T
SINCE 7/1          T                0.0     0.0       MM
SNOWDEPTH AVG.     0
DAYS >= 1.0        0                0.0     0.0
GREATEST
 SNOW DEPTH        0                                   0
 24 HR TOTAL       TR  07/31 TO 07/31                  T

DEGREE DAYS
HEATING TOTAL      0                  1      -1        0
 SINCE 7/1         0                  0       0        0
COOLING TOTAL    440                336     104      418
 SINCE 1/1       845                545     300      565
................................................................

WIND (MPH)
AVERAGE WIND SPEED              8.8
HIGHEST WIND SPEED/DIRECTION    45/300    DATE  07/31
HIGHEST GUST SPEED/DIRECTION    61/310    DATE  07/31

SKY COVER
POSSIBLE SUNSHINE (PERCENT)   MM
AVERAGE SKY COVER           0.11
NUMBER OF DAYS FAIR           29
NUMBER OF DAYS PC              2
NUMBER OF DAYS CLOUDY          0

AVERAGE RH (PERCENT)     49

WEATHER CONDITIONS. NUMBER OF DAYS WITH
THUNDERSTORM             15     MIXED PRECIP               0
HEAVY RAIN                8     RAIN                       8
LIGHT RAIN               16     FREEZING RAIN              0
LT FREEZING RAIN          0     HAIL                       1
HEAVY SNOW                0     SNOW                       0
LIGHT SNOW                0     SLEET                      0
FOG                       9     FOG W/VIS <= 1/4 MILE      1
HAZE                      7

-  INDICATES NEGATIVE NUMBERS.
R  INDICATES RECORD WAS SET OR TIED.
MM INDICATES DATA IS MISSING.
T  INDICATES TRACE AMOUNT.

$$
