000
CXUS55 KPUB 021751
CLSPUB

CLIMATE REPORT
NATIONAL WEATHER SERVICE
1150 AM MDT WED SEP 02 2020

...................................

...THE PUEBLO CO CLIMATE SUMMARY FOR THE SEASON, FROM
6/1/2020 TO 8/31/2020...

CLIMATE NORMAL PERIOD: 1981 TO 2010
CLIMATE RECORD PERIOD: 1888 TO 2020

WEATHER         OBSERVED          NORMAL  DEPART   LAST YEAR`S
                VALUE   DATE(S)   VALUE   FROM     VALUE DATE(S)
                                          NORMAL
................................................................
TEMPERATURE (F)
RECORD
 HIGH            109   07/13/2003
 LOW              32   06/02/1919

HIGHEST          104   07/08                         105  07/19
                       07/13
LOWEST            46   06/09                          43  06/10

AVG. MAXIMUM    94.8               89.8     5.0     92.0
AVG. MINIMUM    59.6               56.4     3.2     58.3
MEAN            77.2               73.1     4.1     75.2

DAYS MAX >= 90    79
DAYS MAX <= 32     0
DAYS MIN <= 32     0
DAYS MIN <= 0      0

PRECIPITATION (INCHES)
RECORD
 MAXIMUM       14.64   1921
 MINIMUM        0.86   1939

TOTALS          2.28               5.74   -3.46     6.32
DAILY AVG.      0.02               0.06   -0.04
DAYS >= .01       26
DAYS >= .10       10
DAYS >= .50        0
DAYS >= 1.00       0

GREATEST
 24 HR. TOTAL   0.47   07/26 TO 07/27

SNOWFALL (INCHES)
RECORDS
 TOTAL             T

TOTALS             T                0.0     0.0        T
SINCE 7/1          T                0.0     0.0

SNOWDEPTH AVG.     0
DAYS >= TRACE      3                0.0     3.0
DAYS >= 1.0        0                0.0     0.0
GREATEST
 SNOW DEPTH        0                                   0
 24 HR TOTAL       T   06/23 TO 06/23                  T
                       07/31 TO 07/31
                       08/15 TO 08/15

DEGREE DAYS
HEATING TOTAL     11                 31     -20        8
 SINCE 7/1         0                  1      -1        0
COOLING TOTAL   1162                777     385      970
 SINCE 1/1      1260                811     449      979
................................................................

WIND (MPH)
AVERAGE WIND SPEED              9.1
HIGHEST WIND SPEED/DIRECTION    47/360    DATE  06/08
HIGHEST GUST SPEED/DIRECTION    63/010    DATE  06/08

SKY COVER
POSSIBLE SUNSHINE (PERCENT)   MM
AVERAGE SKY COVER           0.08
NUMBER OF DAYS FAIR           88
NUMBER OF DAYS PC              4
NUMBER OF DAYS CLOUDY          0

AVERAGE RH (PERCENT)     44

WEATHER CONDITIONS. NUMBER OF DAYS WITH
THUNDERSTORM             35     MIXED PRECIP               0
HEAVY RAIN               11     RAIN                      15
LIGHT RAIN               42     FREEZING RAIN              0
LT FREEZING RAIN          0     HAIL                       3
HEAVY SNOW                0     SNOW                       0
LIGHT SNOW                0     SLEET                      0
FOG                      15     FOG W/VIS <= 1/4 MILE      1
HAZE                     18

-  INDICATES NEGATIVE NUMBERS.
R  INDICATES RECORD WAS SET OR TIED.
MM INDICATES DATA IS MISSING.
T  INDICATES TRACE AMOUNT.

$$
