000
CXUS55 KPUB 022122
CLSPUB

CLIMATE REPORT
NATIONAL WEATHER SERVICE
322 PM MDT WED JUN 02 2021

...................................

...THE PUEBLO CO CLIMATE SUMMARY FOR THE SEASON, FROM
3/1/2021 TO 5/31/2021...

CLIMATE NORMAL PERIOD 1991 TO 2020
CLIMATE RECORD PERIOD 1888 TO 2021

WEATHER         OBSERVED          NORMAL  DEPART   LAST YEAR`S
                VALUE   DATE(S)   VALUE   FROM     VALUE DATE(S)
                                          NORMAL
................................................................
TEMPERATURE (F)
RECORD
 HIGH            102   05/31/2002
                       05/30/2000
                       05/29/2000
 LOW             -20   03/05/1948

HIGHEST           91   05/01                          97  05/30
LOWEST            16   03/01                          18  03/04
                                                          03/21
AVG. MAXIMUM    67.2               68.4    -1.2     71.6
AVG. MINIMUM    35.8               36.0    -0.2     36.3
MEAN            51.4               52.2    -0.8     54.0

DAYS MAX >= 90     2
DAYS MAX <= 32     0
DAYS MIN <= 32    39
DAYS MIN <= 0      0

PRECIPITATION (INCHES)
RECORD
 MAXIMUM        9.78   1900
 MINIMUM        0.42   2002

TOTALS          6.20               3.96    2.24     0.70

DAILY AVG.      0.07               0.04    0.03
DAYS >= .01       24
DAYS >= .10       12
DAYS >= .50        4
DAYS >= 1.00       1

GREATEST
 24 HR. TOTAL   1.71   05/17 TO 05/18

SNOWFALL (INCHES)
RECORDS
MAXIMUM         31.5   1990
MINIMUM          T     2018
                       1910

TOTALS           7.9                7.9     0.0      3.9
SINCE 7/1       37.4               28.3     9.1     36.2

SNOWDEPTH AVG.     0
DAYS >= TRACE     19                5.2    13.8
DAYS >= 1.0        3                2.6     0.4

GREATEST
 SNOW DEPTH        3   03/14                           2
 24 HR TOTAL     3.8   03/13 TO 03/14                1.6

DEGREE DAYS
HEATING TOTAL   1258               1227      31     1086
 SINCE 7/1      5442               5318     124     5268
COOLING TOTAL     36                 49     -13       98
 SINCE 1/1        36                 49     -13       98
................................................................

WIND (MPH)
AVERAGE WIND SPEED              9.3
HIGHEST WIND SPEED/DIRECTION    47/250    DATE  03/29
HIGHEST GUST SPEED/DIRECTION    61/360    DATE  03/14

SKY COVER
POSSIBLE SUNSHINE (PERCENT)   MM
AVERAGE SKY COVER           0.30
NUMBER OF DAYS FAIR           61
NUMBER OF DAYS PC             15
NUMBER OF DAYS CLOUDY         16

AVERAGE RH (PERCENT)     51

WEATHER CONDITIONS. NUMBER OF DAYS WITH
THUNDERSTORM             10     MIXED PRECIP               0
HEAVY RAIN                7     RAIN                      12
LIGHT RAIN               26     FREEZING RAIN              0
LT FREEZING RAIN          0     HAIL                       5
HEAVY SNOW                0     SNOW                       3
LIGHT SNOW               14     SLEET                      0
FOG                      19     FOG W/VIS <= 1/4 MILE      2
HAZE                     11

-  INDICATES NEGATIVE NUMBERS.
R  INDICATES RECORD WAS SET OR TIED.
MM INDICATES DATA IS MISSING.
T  INDICATES TRACE AMOUNT.

$$
