000
CDUS43 KUNR 240041
CLIRAP

CLIMATE REPORT
NATIONAL WEATHER SERVICE RAPID CITY SD
641 PM MDT MON MAY 23 2022

...................................

...THE RAPID CITY AIRPORT SD CLIMATE SUMMARY FOR MAY 23 2022...
VALID TODAY AS OF 0500 PM LOCAL TIME.

CLIMATE NORMAL PERIOD 1991 TO 2020
CLIMATE RECORD PERIOD 1942 TO 2022


WEATHER ITEM   OBSERVED TIME   RECORD YEAR NORMAL DEPARTURE LAST
                VALUE   (LST)  VALUE       VALUE  FROM      YEAR
                                                  NORMAL
...................................................................
TEMPERATURE (F)
 TODAY
  MAXIMUM         55    402 PM  87    1951  69    -14       65
                                      1960
  MINIMUM         35    422 AM  24    2002  45    -10       44
  AVERAGE         45                        57    -12       55

PRECIPITATION (IN)
  TODAY            0.00          2.35 1946   0.13  -0.13     1.35
  MONTH TO DATE    1.31                      2.49  -1.18     2.13
  SINCE MAR 1      3.14                      5.48  -2.34     3.98
  SINCE JAN 1      3.62                      6.29  -2.67     4.60

DEGREE DAYS
 HEATING
  TODAY           20                         9     11       10
  MONTH TO DATE  307                       292     15      288
  SINCE MAR 1   1998                      1844    154     1733
  SINCE JUL 1   6754                      7102   -348     6926

 COOLING
  TODAY            0                         0      0        0
  MONTH TO DATE    0                         0      0        5
  SINCE MAR 1      0                         1     -1        5
  SINCE JAN 1      0                         1     -1        5
...................................................................


WIND (MPH)
  HIGHEST WIND SPEED    23   HIGHEST WIND DIRECTION    SE (150)
  HIGHEST GUST SPEED    29   HIGHEST GUST DIRECTION    SE (150)
  AVERAGE WIND SPEED    10.5


SKY COVER
  AVERAGE SKY COVER 0.5


WEATHER CONDITIONS
THE FOLLOWING WEATHER WAS RECORDED TODAY.
  NO SIGNIFICANT WEATHER WAS OBSERVED.


RELATIVE HUMIDITY (PERCENT)
 HIGHEST    85           400 AM
 LOWEST     64           400 PM
 AVERAGE    75

..........................................................


THE RAPID CITY AIRPORT SD CLIMATE NORMALS FOR TOMORROW
                         NORMAL    RECORD    YEAR
 MAXIMUM TEMPERATURE (F)   70        89      1985
 MINIMUM TEMPERATURE (F)   45        23      2002


SUNRISE AND SUNSET
MAY 23 2022...........SUNRISE   518 AM MDT   SUNSET   820 PM MDT
MAY 24 2022...........SUNRISE   518 AM MDT   SUNSET   821 PM MDT


-  INDICATES NEGATIVE NUMBERS.
R  INDICATES RECORD WAS SET OR TIED.
MM INDICATES DATA IS MISSING.
T  INDICATES TRACE AMOUNT.




$$
