000
CDUS43 KUNR 130841
CLIRAP


CLIMATE REPORT
NATIONAL WEATHER SERVICE RAPID CITY SD
238 AM MDT MON JUL 13 2020


...................................

...THE RAPID CITY AIRPORT SD CLIMATE SUMMARY FOR JULY 12 2020...

CLIMATE NORMAL PERIOD 1981 TO 2010
CLIMATE RECORD PERIOD 1942 TO 2020


WEATHER ITEM   OBSERVED TIME   RECORD YEAR NORMAL DEPARTURE LAST
                VALUE   (LST)  VALUE       VALUE  FROM      YEAR
                                                  NORMAL
..................................................................
TEMPERATURE (F)
 YESTERDAY
  MAXIMUM         91    342 PM 109    1954  87      4       87
  MINIMUM         53    448 AM  43    1987  58     -5       64
  AVERAGE         72                        72      0       76

PRECIPITATION (IN)
  YESTERDAY        0.00          1.03 1962   0.06  -0.06     0.46
  MONTH TO DATE    1.04                      0.65   0.39     4.03
  SINCE JUN 1      3.20                      3.18   0.02     6.14
  SINCE JAN 1      8.31                      9.87  -1.56    17.80

DEGREE DAYS
 HEATING
  YESTERDAY        0                         0      0        0
  MONTH TO DATE    0                        10    -10        0
  SINCE JUN 1     38                       109    -71      111
  SINCE JUL 1      0                        10    -10        0

 COOLING
  YESTERDAY        7                         8     -1       11
  MONTH TO DATE  106                        83     23       51
  SINCE JUN 1    231                       167     64       89
  SINCE JAN 1    237                       182     55       89
..................................................................


WIND (MPH)
  HIGHEST WIND SPEED    21   HIGHEST WIND DIRECTION     S (170)
  HIGHEST GUST SPEED    31   HIGHEST GUST DIRECTION     S (180)
  AVERAGE WIND SPEED    10.3


SKY COVER
  AVERAGE SKY COVER 0.1


WEATHER CONDITIONS
 THE FOLLOWING WEATHER WAS RECORDED YESTERDAY.
  NO SIGNIFICANT WEATHER WAS OBSERVED.


RELATIVE HUMIDITY (PERCENT)
 HIGHEST    80          1200 AM
 LOWEST     41           300 PM
 AVERAGE    61

..........................................................


THE RAPID CITY AIRPORT SD CLIMATE NORMALS FOR TODAY
                         NORMAL    RECORD    YEAR
 MAXIMUM TEMPERATURE (F)   87       105      2003
 MINIMUM TEMPERATURE (F)   58        39      1987


SUNRISE AND SUNSET
JULY 13 2020..........SUNRISE   522 AM MDT   SUNSET   834 PM MDT
JULY 14 2020..........SUNRISE   523 AM MDT   SUNSET   833 PM MDT


-  INDICATES NEGATIVE NUMBERS.
R  INDICATES RECORD WAS SET OR TIED.
MM INDICATES DATA IS MISSING.
T  INDICATES TRACE AMOUNT.




$$
