000
CDUS43 KILX 090636
CLISPI

CLIMATE REPORT
NATIONAL WEATHER SERVICE LINCOLN IL
136 AM CDT SUN MAY 09 2021

...................................

...THE SPRINGFIELD IL CLIMATE SUMMARY FOR MAY 8 2021...

CLIMATE NORMAL PERIOD 1991 TO 2020
CLIMATE RECORD PERIOD 1879 TO 2021


WEATHER ITEM   OBSERVED TIME   RECORD YEAR NORMAL DEPARTURE LAST
                VALUE   (LST)  VALUE       VALUE  FROM      YEAR
                                                  NORMAL
...................................................................
TEMPERATURE (F)
 YESTERDAY
  MAXIMUM         61   1132 AM  91    1963  73    -12       56
  MINIMUM         39    354 AM  36    1923  52    -13       37
                                      1960
  AVERAGE         50                        62    -12       47

PRECIPITATION (IN)
  YESTERDAY        0.29          3.54 1996   0.15   0.14     0.09
  MONTH TO DATE    0.71                      1.18  -0.47     1.31
  SINCE MAR 1      8.25                      7.91   0.34    11.04
  SINCE JAN 1     13.28                     11.87   1.41    18.81

SNOWFALL (IN)
  YESTERDAY        0.0           T    1923   0.0    0.0      0.0
  MONTH TO DATE    0.0                       0.0    0.0      0.0
  SINCE MAR 1      0.3                       3.4   -3.1      3.4
  SINCE JUL 1     20.7                      21.8   -1.1     31.4
  SNOW DEPTH       0

DEGREE DAYS
 HEATING
  YESTERDAY       15                         5     10       18
  MONTH TO DATE   50                        44      6       82
  SINCE MAR 1    943                      1061   -118     1097
  SINCE JUL 1   5181                      5140     41     5167

 COOLING
  YESTERDAY        0                         2     -2        0
  MONTH TO DATE   10                        14     -4        8
  SINCE MAR 1     29                        36     -7       19
  SINCE JAN 1     29                        36     -7       19
...................................................................


WIND (MPH)
  HIGHEST WIND SPEED    24   HIGHEST WIND DIRECTION     E (90)
  HIGHEST GUST SPEED    33   HIGHEST GUST DIRECTION     E (80)
  AVERAGE WIND SPEED    11.4


SKY COVER
  POSSIBLE SUNSHINE  MM
  AVERAGE SKY COVER 0.7


WEATHER CONDITIONS
THE FOLLOWING WEATHER WAS RECORDED YESTERDAY.
  RAIN
  LIGHT RAIN
  FOG


RELATIVE HUMIDITY (PERCENT)
 HIGHEST    97          1100 PM
 LOWEST     36          1200 PM
 AVERAGE    67

..........................................................


THE SPRINGFIELD IL CLIMATE NORMALS FOR TODAY
                         NORMAL    RECORD    YEAR
 MAXIMUM TEMPERATURE (F)   74        93      1934
                                             1963
 MINIMUM TEMPERATURE (F)   52        32      1966
                                             2020


SUNRISE AND SUNSET
MAY  9 2021...........SUNRISE   550 AM CDT   SUNSET   801 PM CDT
MAY 10 2021...........SUNRISE   549 AM CDT   SUNSET   802 PM CDT


-  INDICATES NEGATIVE NUMBERS.
R  INDICATES RECORD WAS SET OR TIED.
MM INDICATES DATA IS MISSING.
T  INDICATES TRACE AMOUNT.




$$
