508
CXUS53 KLSX 011614
CLMSTL


CLIMATE REPORT
NATIONAL WEATHER SERVICE ST LOUIS MO
1014 AM CST SUN DEC 01 2019

...................................

...THE ST. LOUIS CLIMATE SUMMARY FOR THE MONTH OF NOVEMBER 2019...

CLIMATE NORMAL PERIOD 1981 TO 2010
CLIMATE RECORD PERIOD 1874 TO 2019

WEATHER         OBSERVED          NORMAL  DEPART   LAST YEAR`S
                VALUE   DATE(S)   VALUE   FROM     VALUE
                                          NORMAL
..............................................................
TEMPERATURE (F)
RECORD
 HIGH             86   11/01/1937
 LOW               1   11/30/1964
HIGHEST           67   11/25                          64
LOWEST            11   11/12                          17
AVG. MAXIMUM    51.3               55.5    -4.2     46.2
AVG. MINIMUM    32.2               38.1    -5.9     31.4
MEAN            41.8               46.8    -5.0     38.8
DAYS MAX >= 90     0                0.0     0.0        0
DAYS MAX <= 32     1                0.4     0.6        4
DAYS MIN <= 32    14                8.6     5.4       17
DAYS MIN <= 0      0                0.0     0.0        0

PRECIPITATION (INCHES)
RECORD
 MAXIMUM        9.95   1985
 MINIMUM        0.11   1949
TOTALS          3.56               3.91   -0.35     2.74
DAILY AVG.      0.12               0.13   -0.01     0.09
DAYS >= .01       14                9.6     4.4       12
DAYS >= .10        5                6.1    -1.1        7
DAYS >= .50        2                2.7    -0.7        1
DAYS >= 1.00       2                1.2     0.8        0
GREATEST
 24 HR. TOTAL   2.60   11/29 TO 11/30

SNOWFALL (INCHES)
RECORDS
 TOTAL          11.3   1951
 24 HR TOTAL    10.3   11/05/1913 TO 11/06/1913
TOTALS           1.5                0.7     0.8      5.2
SINCE 7/1        1.5                0.7     0.8      5.2
DAYS >= 1.0        1                                   3
GREATEST
 SNOW DEPTH        2
 24 HR TOTAL     1.5   11/11

DEGREE DAYS
HEATING TOTAL    693                550     143      779
 SINCE 7/1       967                826     141     1062
COOLING TOTAL      0                  4      -4        0
 SINCE 1/1      1897               1646     251     2182
..............................................................

WIND (MPH)
HIGHEST WIND SPEED/DIRECTION    43/270    DATE  11/27
HIGHEST GUST SPEED/DIRECTION    64/250    DATE  11/27

SKY COVER
NUMBER OF DAYS FAIR            8
NUMBER OF DAYS PC             11
NUMBER OF DAYS CLOUDY         11


WEATHER CONDITIONS. NUMBER OF DAYS WITH
THUNDERSTORM              2     MIXED PRECIP               0
HEAVY RAIN                2     RAIN                       5
LIGHT RAIN               16     FREEZING RAIN              0
LT FREEZING RAIN          0     HAIL                       0
HEAVY SNOW                1     SNOW                       1
LIGHT SNOW                3     SLEET                      1
FOG                      11     FOG W/VIS <= 1/4 MILE      2
HAZE                      4

-  INDICATES NEGATIVE NUMBERS.
R  INDICATES RECORD WAS SET OR TIED.
MM INDICATES DATA IS MISSING.
T  INDICATES TRACE AMOUNT.

...MONTHLY...

NO RECORDS OF NOTE

...DAILY...

2 RECORD LOW TEMPERATURES SET (11/12 AND 11/11).

RECORD SNOWFALL VALUE SET ON 11/11 (1.5 INCHES. PREVIOUS 1.0 IN 1911)

RECORD RAINFALL VALUE SET ON 11/29 (1.10 INCHES. PREVIOUS 0.73 SET IN 1967).

$$
